2022-01-10 16:13:26.588 2442-2442/? I/LeafcutterPaymentsRequestorActivity: onStart(CommonActivity.java:1181)[main]: @8d35798 -onStart
2022-01-10 16:13:26.589 2442-2442/? I/LeafcutterPaymentsRequestorActivity: onActivityResult(CommonActivity.java:1301)[main]: @8d35798 requestCode:1 resultCode:0
2022-01-10 16:13:26.589 16798-16798/? I/SaleActivity: onStart(CommonActivity.java:1163)[main]: @9f9983c +onStart
2022-01-10 16:13:26.590 2442-2442/? I/LeafcutterPaymentsRequestorActivity: onResume(CommonActivity.java:314)[main]: @8d35798 +onResume
2022-01-10 16:13:26.590 2442-2442/? I/LeafcutterPaymentsRequestorActivity: onForeground(CommonActivity.java:338)[main]: @8d35798 +onForeground
2022-01-10 16:13:26.591 2442-16834/? I/SetupAsyncTask: doInBackground(SetupAsyncTask.java:43)[AsyncTask #55]: LeafcutterPaymentsRequestorActivity @8d35798
2022-01-10 16:13:26.593 1202-1223/? W/ActivityManager: setHasOverlayUi called on unknown pid: 16721
2022-01-10 16:13:26.595 2442-2442/? I/LeafcutterPaymentsRequestorActivity: onForeground(CommonActivity.java:353)[main]: @8d35798 -onForeground
2022-01-10 16:13:26.595 2442-2442/? I/LeafcutterPaymentsRequestorActivity: onResume(CommonActivity.java:321)[main]: @8d35798 -onResume
2022-01-10 16:13:26.595 2442-2442/? W/Activity: An activity without a UI must call finish() before onResume() completes
2022-01-10 16:13:26.596 1202-1359/? D/UsbHostManager: Removed device at /dev/bus/usb/001/013: Secure Brd 0B 02.02.0747 #0000207f PROD
2022-01-10 16:13:26.596 1202-1359/? I/UsbAlsaManager: USB Audio Device Removed: null
2022-01-10 16:13:26.597 1202-1220/? I/UsbDeviceManager: HOST_STATE connected:false
2022-01-10 16:13:26.606 16798-16798/? I/SaleActivity: onStart(CommonActivity.java:1181)[main]: @9f9983c -onStart
2022-01-10 16:13:26.621 16798-16819/? I/AdrenoGLES: QUALCOMM build : 0375d97, Ie9e01e6b9f Build Date : 01/04/21 OpenGL ES Shader Compiler Version: EV031.27.05.10 Local Branch : Remote Branch : Remote Branch : Reconstruct Branch :
2022-01-10 16:13:26.621 16798-16819/? I/AdrenoGLES: Build Config : S L 8.0.12 AArch64
2022-01-10 16:13:26.625 16798-16819/? I/AdrenoGLES: PFP: 0x005ff113, ME: 0x005ff066
2022-01-10 16:13:26.634 1360-1360/? D/StatusBar: disable disable2
2022-01-10 16:13:26.647 2442-16834/? I/SetupAsyncTask: doInBackground(SetupAsyncTask.java:59)[AsyncTask #55]: LeafcutterPaymentsRequestorActivity @8d35798 success: true isCancelled: false
2022-01-10 16:13:26.648 2442-2442/? I/SetupAsyncTask: onPostExecute(SetupAsyncTask.java:67)[main]: result:true, commonActivity: true
2022-01-10 16:13:26.648 2442-2442/? I/SetupAsyncTask: onPostExecute(SetupAsyncTask.java:73)[main]: LeafcutterPaymentsRequestorActivity @8d35798 isFinishing: false, resumed: true
2022-01-10 16:13:26.648 2442-2442/? I/LeafcutterPaymentsRequestorActivity: onSetupComplete(CommonActivity.java:438)[main]: @8d35798
2022-01-10 16:13:26.649 2442-2442/? I/SetupAsyncTask: onPostExecute(SetupAsyncTask.java:115)[main]: LeafcutterPaymentsRequestorActivity @8d35798 setup tasks took: 59ms
2022-01-10 16:13:26.659 2442-2442/? I/BaseOrderActivity: onPostExecute(ConnectorSafeAsyncTask.java:64)[main]: com.clover.common2.orders.BaseOrderActivity$5 safely finished execution
2022-01-10 16:13:26.660 2442-2442/? I/LeafcutterPaymentsRequestorActivity: dispatchActivityResult(BaseOrderActivity.java:767)[main]: @8d35798 requestCode:1 resultCode:0
2022-01-10 16:13:26.660 1360-1360/? I/CloverPINView: Clover PIN length: 4
2022-01-10 16:13:26.661 1360-1360/? I/chatty: uid=10020(com.android.systemui) identical 3 lines
2022-01-10 16:13:26.666 1360-1360/? I/CloverPINView: Clover PIN length: 4
2022-01-10 16:13:26.666 2442-2442/? I/LeafcutterPaymentsRequestorActivity: finish(CommonActivity.java:1435)[main]: @8d35798 finish
2022-01-10 16:13:26.667 2442-2442/? I/LeafcutterPaymentsRequestorActivity: onPause(CommonActivity.java:447)[main]: @8d35798 +onPause
2022-01-10 16:13:26.667 2442-2442/? I/LeafcutterPaymentsRequestorActivity: onBackground(CommonActivity.java:481)[main]: @8d35798 +onBackground
2022-01-10 16:13:26.669 1202-1224/? I/WindowManager: Screen frozen for +262ms due to Window{80d6054 u0 com.clover.terminal.sale/com.clover.terminal.sale.SaleActivity}
2022-01-10 16:13:26.671 1360-1360/? I/CloverPINView: Clover PIN length: 4
2022-01-10 16:13:26.671 2442-2442/? I/LeafcutterPaymentsRequestorActivity: onBackground(CommonActivity.java:497)[main]: @8d35798 -onBackground
2022-01-10 16:13:26.672 2442-2442/? I/LeafcutterPaymentsRequestorActivity: onPause(CommonActivity.java:454)[main]: @8d35798 -onPause
2022-01-10 16:13:26.673 1360-1360/? I/CloverPINView: Clover PIN length: 4
2022-01-10 16:13:26.675 1360-1360/? I/chatty: uid=10020(com.android.systemui) identical 2 lines
2022-01-10 16:13:26.675 1360-1360/? I/CloverPINView: Clover PIN length: 4
2022-01-10 16:13:26.680 16798-16798/? I/SaleActivity: onActivityResult(CommonActivity.java:1301)[main]: @9f9983c requestCode:1 resultCode:0
2022-01-10 16:13:26.681 16798-16798/? I/SaleActivity: onResume(CommonActivity.java:314)[main]: @9f9983c +onResume
2022-01-10 16:13:26.682 16798-16798/? I/SaleActivity: onForeground(CommonActivity.java:338)[main]: @9f9983c +onForeground
2022-01-10 16:13:26.687 16798-16824/? I/SetupAsyncTask: doInBackground(SetupAsyncTask.java:43)[AsyncTask #1]: SaleActivity @9f9983c
2022-01-10 16:13:26.688 16798-16798/? I/SaleActivity: onForeground(CommonActivity.java:353)[main]: @9f9983c -onForeground
2022-01-10 16:13:26.689 16798-16798/? I/SaleActivity: onResume(CommonActivity.java:321)[main]: @9f9983c -onResume
2022-01-10 16:13:26.766 2442-2442/? I/LeafcutterPaymentsRequestorActivity: onStop(CommonActivity.java:1186)[main]: @8d35798 +onStop
2022-01-10 16:13:26.775 2442-2442/? I/LeafcutterPaymentsRequestorActivity: onStop(CommonActivity.java:1198)[main]: @8d35798 -onStop
2022-01-10 16:13:26.776 2442-2442/? I/LeafcutterPaymentsRequestorActivity: onDestroy(CommonActivity.java:502)[main]: @8d35798 +onDestroy
2022-01-10 16:13:26.784 2442-2442/? I/LeafcutterPaymentsRequestorActivity: onDestroy(CommonActivity.java:522)[main]: @8d35798 -onDestroy
2022-01-10 16:13:26.796 16798-16824/? I/SetupAsyncTask: doInBackground(SetupAsyncTask.java:59)[AsyncTask #1]: SaleActivity @9f9983c success: true isCancelled: false
2022-01-10 16:13:26.796 16798-16798/? I/SetupAsyncTask: onPostExecute(SetupAsyncTask.java:67)[main]: result:true, commonActivity: true
2022-01-10 16:13:26.797 16798-16798/? I/SetupAsyncTask: onPostExecute(SetupAsyncTask.java:73)[main]: SaleActivity @9f9983c isFinishing: false, resumed: true
2022-01-10 16:13:26.797 16798-16798/? I/SaleActivity: onSetupComplete(CommonActivity.java:438)[main]: @9f9983c
2022-01-10 16:13:26.798 16798-16798/? D/SaleActivity: onSetupComplete(BaseOrderActivity.java:351)[main]: @9f9983c orderId = J43QX9VD0547T
2022-01-10 16:13:26.798 16798-16798/? D/SaleActivity: loadOrderFromService(BaseOrderActivity.java:491)[main]: +loadOrderFromService: J43QX9VD0547T
2022-01-10 16:13:26.798 576-576/? I/SDM: HWCDisplay::GetColorModeCount: Supported color mode count = 1
2022-01-10 16:13:26.798 576-576/? I/SDM: HWCDisplay::GetColorModes: Supports color mode[0] = 0
2022-01-10 16:13:26.894 16798-16798/? I/TamperStatus: getStringSystemProperty(TamperStatus.java:269)[main]: WARNING: Using system property to redefine tamper status: persist.test.tamper.s=
2022-01-10 16:13:26.896 1202-6481/? E/AdbDebuggingManager: Cannot read system keys java.io.FileNotFoundException: /adb_keys: open failed: ENOENT (No such file or directory)
at libcore.io.IoBridge.open(IoBridge.java:496)
at java.io.FileInputStream.(FileInputStream.java:159)
at android.os.FileUtils.readTextFile(FileUtils.java:614)
at com.android.server.adb.AdbDebuggingManager.dump(AdbDebuggingManager.java:787)
at com.android.server.adb.AdbService.dump(AdbService.java:310)
at android.os.Binder.doDump(Binder.java:818)
at android.os.Binder.dump(Binder.java:808)
at android.os.Binder.onTransact(Binder.java:744)
at android.debug.IAdbManager$Stub.onTransact(IAdbManager.java:136)
at android.os.Binder.execTransactInternal(Binder.java:1021)
at android.os.Binder.execTransact(Binder.java:994)
Caused by: android.system.ErrnoException: open failed: ENOENT (No such file or directory)
at libcore.io.Linux.open(Native Method)
at libcore.io.ForwardingOs.open(ForwardingOs.java:167)
at libcore.io.BlockGuardOs.open(BlockGuardOs.java:252)
at libcore.io.IoBridge.open(IoBridge.java:482)
at java.io.FileInputStream.(FileInputStream.java:159) 
at android.os.FileUtils.readTextFile(FileUtils.java:614) 
at com.android.server.adb.AdbDebuggingManager.dump(AdbDebuggingManager.java:787) 
at com.android.server.adb.AdbService.dump(AdbService.java:310) 
at android.os.Binder.doDump(Binder.java:818) 
at android.os.Binder.dump(Binder.java:808) 
at android.os.Binder.onTransact(Binder.java:744) 
at android.debug.IAdbManager$Stub.onTransact(IAdbManager.java:136) 
at android.os.Binder.execTransactInternal(Binder.java:1021) 
at android.os.Binder.execTransact(Binder.java:994) 
2022-01-10 16:13:26.899 16851-16851/? W/dumpsys: type=1400 audit(0.0:10872): avc: denied { write } for path="pipe:[181413]" dev="pipefs" ino=181413 scontext=u:r:update_engine:s0 tcontext=u:r:system_server:s0 tclass=fifo_file permissive=0
2022-01-10 16:13:26.910 16798-16798/? I/TamperStatus: getStringSystemProperty(TamperStatus.java:269)[main]: WARNING: Using system property to redefine tamper status: persist.test.tamper.s=
2022-01-10 16:13:26.909 16851-16851/? W/dumpsys: type=1400 audit(0.0:10873): avc: denied { use } for path="pipe:[181416]" dev="pipefs" ino=181416 scontext=u:r:apexd:s0 tcontext=u:r:system_server:s0 tclass=fd permissive=0
2022-01-10 16:13:26.921 16798-16798/? I/TamperStatus: getStringSystemProperty(TamperStatus.java:269)[main]: WARNING: Using system property to redefine tamper status: persist.test.tamper.s=
2022-01-10 16:13:26.919 16851-16851/? W/dumpsys: type=1400 audit(0.0:10874): avc: denied { use } for path="pipe:[181418]" dev="pipefs" ino=181418 scontext=u:r:ashmemd:s0 tcontext=u:r:system_server:s0 tclass=fd permissive=0
2022-01-10 16:13:26.932 16798-16798/? I/TamperStatus: getStringSystemProperty(TamperStatus.java:269)[main]: WARNING: Using system property to redefine tamper status: persist.test.tamper.s=
2022-01-10 16:13:26.933 16798-16798/? I/SetupAsyncTask: onPostExecute(SetupAsyncTask.java:115)[main]: SaleActivity @9f9983c setup tasks took: 251ms
2022-01-10 16:13:26.937 1202-4902/? W/AutofillManagerService: Ignoring invalid dump arg: -a
2022-01-10 16:13:26.940 16798-16798/? I/BaseOrderActivity: onPostExecute(ConnectorSafeAsyncTask.java:64)[main]: com.clover.common2.orders.BaseOrderActivity$5 safely finished execution
2022-01-10 16:13:26.940 16798-16798/? D/SaleActivity: setOrder(BaseOrderActivity.java:733)[main]: setOrder orderId = J43QX9VD0547T
2022-01-10 16:13:26.940 16798-16798/? D/SaleActivity: setOrder(BaseOrderActivity.java:757)[main]: setOrder orderId = J43QX9VD0547T
2022-01-10 16:13:26.941 16798-16798/? I/SaleActivity: dispatchActivityResult(BaseOrderActivity.java:767)[main]: @9f9983c requestCode:1 resultCode:0
2022-01-10 16:13:26.941 16798-16798/? D/SaleActivity: onOrderLoadedActivityResult(SaleActivity.java:752)[main]: onOrderLoadedActivityResult, orderId J43QX9VD0547T, resultCode 0, requestCode 1
2022-01-10 16:13:26.969 1202-1234/? E/BatteryExternalStatsWorker: no controller energy info supplied for bluetooth
2022-01-10 16:13:26.976 1202-1223/? W/ActivityTaskManager: Activity top resumed state loss timeout for ActivityRecord{8f7fa95 u0 com.clover.payment.executor.secure/.PaymentActivity t-1 f}
2022-01-10 16:13:26.982 1202-1234/? E/KernelCpuSpeedReader: Failed to read cpu-freq: /sys/devices/system/cpu/cpu6/cpufreq/stats/time_in_state: open failed: ENOENT (No such file or directory)
2022-01-10 16:13:26.983 1202-1234/? E/KernelCpuSpeedReader: Failed to read cpu-freq: /sys/devices/system/cpu/cpu0/cpufreq/stats/time_in_state: open failed: ENOENT (No such file or directory)
2022-01-10 16:13:26.984 2190-12821/? I/LockScreenProvider: call(LockScreenProvider.java:188)[Binder:2190_F]: package=com.clover.payment.builder.pay, method=get, arg=employee
2022-01-10 16:13:26.994 1010-1010/? I/netd: trafficSwapActiveStatsMap() <1.33ms>
2022-01-10 16:13:26.997 1202-1214/? I/system_server: Background concurrent copying GC freed 69573(5457KB) AllocSpace objects, 7(2700KB) LOS objects, 42% free, 16MB/28MB, paused 676us total 113.694ms
2022-01-10 16:13:26.998 2442-16875/? I/CloverRequester: Executing POST on https://apisandbox.dev.clover.com/auth/ping
2022-01-10 16:13:27.000 1010-1010/? I/netd: tetherGetStats() <3.88ms>
2022-01-10 16:13:27.005 1010-1010/? I/netd: trafficSwapActiveStatsMap() <0.48ms>
2022-01-10 16:13:27.007 1010-1010/? I/netd: tetherGetStats() <1.18ms>
2022-01-10 16:13:27.399 16851-16851/? W/dumpsys: type=1400 audit(0.0:10875): avc: denied { write } for path="pipe:[180954]" dev="pipefs" ino=180954 scontext=u:r:netd:s0 tcontext=u:r:system_server:s0 tclass=fifo_file permissive=0
2022-01-10 16:13:27.539 16851-16851/? W/dumpsys: type=1400 audit(0.0:10876): avc: denied { call } for scontext=u:r:system_server:s0 tcontext=u:r:gpuservice:s0 tclass=binder permissive=0
2022-01-10 16:13:27.574 584-584/? D/ThermalHAL-TARGET: Entering get_temperatures
2022-01-10 16:13:27.574 584-584/? D/ThermalHAL-UTIL: Entering get_num_cpus
2022-01-10 16:13:27.574 584-584/? I/chatty: uid=1000(system) thermal@1.0-ser identical 2 lines
2022-01-10 16:13:27.574 584-584/? D/ThermalHAL-UTIL: Entering get_num_cpus
2022-01-10 16:13:27.577 584-584/? D/ThermalHAL-UTIL: Sensor tsens_tz_sensor1 found at tz: 13
2022-01-10 16:13:27.577 584-584/? D/ThermalHAL-UTIL: Entering get_cpu_label
2022-01-10 16:13:27.577 584-584/? D/ThermalHAL-UTIL: Entering get_num_cpus
2022-01-10 16:13:27.577 584-584/? I/chatty: uid=1000(system) thermal@1.0-ser identical 1 line
2022-01-10 16:13:27.577 584-584/? D/ThermalHAL-UTIL: Entering get_num_cpus
2022-01-10 16:13:27.580 584-584/? D/ThermalHAL-UTIL: Sensor tsens_tz_sensor1 found at tz: 13
2022-01-10 16:13:27.580 584-584/? D/ThermalHAL-UTIL: Entering get_cpu_label
2022-01-10 16:13:27.580 584-584/? D/ThermalHAL-UTIL: Entering get_num_cpus
2022-01-10 16:13:27.580 584-584/? I/chatty: uid=1000(system) thermal@1.0-ser identical 1 line
2022-01-10 16:13:27.580 584-584/? D/ThermalHAL-UTIL: Entering get_num_cpus
2022-01-10 16:13:27.583 584-584/? D/ThermalHAL-UTIL: Sensor tsens_tz_sensor1 found at tz: 13
2022-01-10 16:13:27.583 584-584/? D/ThermalHAL-UTIL: Entering get_cpu_label
2022-01-10 16:13:27.583 584-584/? D/ThermalHAL-UTIL: Entering get_num_cpus
2022-01-10 16:13:27.583 584-584/? I/chatty: uid=1000(system) thermal@1.0-ser identical 1 line
2022-01-10 16:13:27.583 584-584/? D/ThermalHAL-UTIL: Entering get_num_cpus
2022-01-10 16:13:27.585 584-584/? D/ThermalHAL-UTIL: Sensor tsens_tz_sensor1 found at tz: 13
2022-01-10 16:13:27.585 584-584/? D/ThermalHAL-UTIL: Entering get_cpu_label
2022-01-10 16:13:27.585 584-584/? D/ThermalHAL-UTIL: Entering get_num_cpus
2022-01-10 16:13:27.585 584-584/? I/chatty: uid=1000(system) thermal@1.0-ser identical 1 line
2022-01-10 16:13:27.585 584-584/? D/ThermalHAL-UTIL: Entering get_num_cpus
2022-01-10 16:13:27.587 584-584/? D/ThermalHAL-UTIL: Sensor tsens_tz_sensor3 found at tz: 15
2022-01-10 16:13:27.587 584-584/? D/ThermalHAL-UTIL: Entering get_cpu_label
2022-01-10 16:13:27.587 584-584/? D/ThermalHAL-UTIL: Entering get_num_cpus
2022-01-10 16:13:27.587 584-584/? I/chatty: uid=1000(system) thermal@1.0-ser identical 1 line
2022-01-10 16:13:27.587 584-584/? D/ThermalHAL-UTIL: Entering get_num_cpus
2022-01-10 16:13:27.588 584-584/? D/ThermalHAL-UTIL: Sensor tsens_tz_sensor4 found at tz: 16
2022-01-10 16:13:27.588 584-584/? D/ThermalHAL-UTIL: Entering get_cpu_label
2022-01-10 16:13:27.588 584-584/? D/ThermalHAL-UTIL: Entering get_num_cpus
2022-01-10 16:13:27.588 584-584/? I/chatty: uid=1000(system) thermal@1.0-ser identical 1 line
2022-01-10 16:13:27.588 584-584/? D/ThermalHAL-UTIL: Entering get_num_cpus
2022-01-10 16:13:27.590 584-584/? D/ThermalHAL-UTIL: Sensor tsens_tz_sensor5 found at tz: 17
2022-01-10 16:13:27.590 584-584/? D/ThermalHAL-UTIL: Entering get_cpu_label
2022-01-10 16:13:27.590 584-584/? D/ThermalHAL-UTIL: Entering get_num_cpus
2022-01-10 16:13:27.590 584-584/? I/chatty: uid=1000(system) thermal@1.0-ser identical 1 line
2022-01-10 16:13:27.590 584-584/? D/ThermalHAL-UTIL: Entering get_num_cpus
2022-01-10 16:13:27.593 584-584/? D/ThermalHAL-UTIL: Sensor tsens_tz_sensor6 found at tz: 18
2022-01-10 16:13:27.593 584-584/? D/ThermalHAL-UTIL: Entering get_cpu_label
2022-01-10 16:13:27.593 584-584/? D/ThermalHAL-UTIL: Entering get_num_cpus
2022-01-10 16:13:27.593 584-584/? I/chatty: uid=1000(system) thermal@1.0-ser identical 1 line
2022-01-10 16:13:27.593 584-584/? D/ThermalHAL-UTIL: Entering get_num_cpus
2022-01-10 16:13:27.594 584-584/? D/ThermalHAL-UTIL: Sensor tsens_tz_sensor8 found at tz: 20
2022-01-10 16:13:27.594 584-584/? D/ThermalHAL-UTIL: Entering get_num_cpus
2022-01-10 16:13:27.594 584-584/? D/ThermalHAL-UTIL: Sensor battery found at tz: 36
2022-01-10 16:13:27.594 584-584/? D/ThermalHAL-UTIL: Entering get_num_cpus
2022-01-10 16:13:27.597 584-584/? E/ThermalHAL-UTIL: No thermal zone for sensor: xo_therm, ret:-1
2022-01-10 16:13:27.597 584-584/? E/ThermalHAL-TARGET: thermal sensor initialization is failed
2022-01-10 16:13:27.597 584-584/? D/ThermalHAL-TARGET: Entering get_temperatures
2022-01-10 16:13:27.597 584-584/? D/ThermalHAL-UTIL: Entering get_num_cpus
2022-01-10 16:13:27.597 584-584/? I/chatty: uid=1000(system) thermal@1.0-ser identical 2 lines
2022-01-10 16:13:27.597 584-584/? D/ThermalHAL-UTIL: Entering get_num_cpus
2022-01-10 16:13:27.599 584-584/? D/ThermalHAL-UTIL: Sensor tsens_tz_sensor1 found at tz: 13
2022-01-10 16:13:27.599 584-584/? D/ThermalHAL-UTIL: Entering get_cpu_label
2022-01-10 16:13:27.599 584-584/? D/ThermalHAL-UTIL: Entering get_num_cpus
2022-01-10 16:13:27.599 584-584/? I/chatty: uid=1000(system) thermal@1.0-ser identical 1 line
2022-01-10 16:13:27.599 584-584/? D/ThermalHAL-UTIL: Entering get_num_cpus
2022-01-10 16:13:27.601 584-584/? D/ThermalHAL-UTIL: Sensor tsens_tz_sensor1 found at tz: 13
2022-01-10 16:13:27.601 584-584/? D/ThermalHAL-UTIL: Entering get_cpu_label
2022-01-10 16:13:27.601 584-584/? D/ThermalHAL-UTIL: Entering get_num_cpus
2022-01-10 16:13:27.601 584-584/? I/chatty: uid=1000(system) thermal@1.0-ser identical 1 line
2022-01-10 16:13:27.601 584-584/? D/ThermalHAL-UTIL: Entering get_num_cpus
2022-01-10 16:13:27.603 584-584/? D/ThermalHAL-UTIL: Sensor tsens_tz_sensor1 found at tz: 13
2022-01-10 16:13:27.603 584-584/? D/ThermalHAL-UTIL: Entering get_cpu_label
2022-01-10 16:13:27.603 584-584/? D/ThermalHAL-UTIL: Entering get_num_cpus
2022-01-10 16:13:27.603 584-584/? I/chatty: uid=1000(system) thermal@1.0-ser identical 1 line
2022-01-10 16:13:27.603 584-584/? D/ThermalHAL-UTIL: Entering get_num_cpus
2022-01-10 16:13:27.605 584-584/? D/ThermalHAL-UTIL: Sensor tsens_tz_sensor1 found at tz: 13
2022-01-10 16:13:27.605 584-584/? D/ThermalHAL-UTIL: Entering get_cpu_label
2022-01-10 16:13:27.605 584-584/? D/ThermalHAL-UTIL: Entering get_num_cpus
2022-01-10 16:13:27.605 584-584/? I/chatty: uid=1000(system) thermal@1.0-ser identical 1 line
2022-01-10 16:13:27.605 584-584/? D/ThermalHAL-UTIL: Entering get_num_cpus
2022-01-10 16:13:27.607 584-584/? D/ThermalHAL-UTIL: Sensor tsens_tz_sensor3 found at tz: 15
2022-01-10 16:13:27.607 584-584/? D/ThermalHAL-UTIL: Entering get_cpu_label
2022-01-10 16:13:27.607 584-584/? D/ThermalHAL-UTIL: Entering get_num_cpus
2022-01-10 16:13:27.607 584-584/? I/chatty: uid=1000(system) thermal@1.0-ser identical 1 line
2022-01-10 16:13:27.607 584-584/? D/ThermalHAL-UTIL: Entering get_num_cpus
2022-01-10 16:13:27.607 584-584/? D/ThermalHAL-UTIL: Sensor tsens_tz_sensor4 found at tz: 16
2022-01-10 16:13:27.607 584-584/? D/ThermalHAL-UTIL: Entering get_cpu_label
2022-01-10 16:13:27.607 584-584/? D/ThermalHAL-UTIL: Entering get_num_cpus
2022-01-10 16:13:27.607 584-584/? I/chatty: uid=1000(system) thermal@1.0-ser identical 1 line
2022-01-10 16:13:27.607 584-584/? D/ThermalHAL-UTIL: Entering get_num_cpus
2022-01-10 16:13:27.608 584-584/? D/ThermalHAL-UTIL: Sensor tsens_tz_sensor5 found at tz: 17
2022-01-10 16:13:27.608 584-584/? D/ThermalHAL-UTIL: Entering get_cpu_label
2022-01-10 16:13:27.608 584-584/? D/ThermalHAL-UTIL: Entering get_num_cpus
2022-01-10 16:13:27.608 584-584/? I/chatty: uid=1000(system) thermal@1.0-ser identical 1 line
2022-01-10 16:13:27.608 584-584/? D/ThermalHAL-UTIL: Entering get_num_cpus
2022-01-10 16:13:27.611 584-584/? D/ThermalHAL-UTIL: Sensor tsens_tz_sensor6 found at tz: 18
2022-01-10 16:13:27.611 584-584/? D/ThermalHAL-UTIL: Entering get_cpu_label
2022-01-10 16:13:27.611 584-584/? D/ThermalHAL-UTIL: Entering get_num_cpus
2022-01-10 16:13:27.611 584-584/? I/chatty: uid=1000(system) thermal@1.0-ser identical 1 line
2022-01-10 16:13:27.611 584-584/? D/ThermalHAL-UTIL: Entering get_num_cpus
2022-01-10 16:13:27.612 584-584/? D/ThermalHAL-UTIL: Sensor tsens_tz_sensor8 found at tz: 20
2022-01-10 16:13:27.612 584-584/? D/ThermalHAL-UTIL: Entering get_num_cpus
2022-01-10 16:13:27.612 584-584/? D/ThermalHAL-UTIL: Sensor battery found at tz: 36
2022-01-10 16:13:27.612 584-584/? D/ThermalHAL-UTIL: Entering get_num_cpus
2022-01-10 16:13:27.615 584-584/? E/ThermalHAL-UTIL: No thermal zone for sensor: xo_therm, ret:-1
2022-01-10 16:13:27.615 584-584/? E/ThermalHAL-TARGET: thermal sensor initialization is failed
2022-01-10 16:13:27.615 584-584/? D/ThermalHAL-TARGET: Entering get_temperatures
2022-01-10 16:13:27.615 584-584/? D/ThermalHAL-UTIL: Entering get_num_cpus
2022-01-10 16:13:27.615 584-584/? I/chatty: uid=1000(system) thermal@1.0-ser identical 2 lines
2022-01-10 16:13:27.615 584-584/? D/ThermalHAL-UTIL: Entering get_num_cpus
2022-01-10 16:13:27.617 584-584/? D/ThermalHAL-UTIL: Sensor tsens_tz_sensor1 found at tz: 13
2022-01-10 16:13:27.617 584-584/? D/ThermalHAL-UTIL: Entering get_cpu_label
2022-01-10 16:13:27.617 584-584/? D/ThermalHAL-UTIL: Entering get_num_cpus
2022-01-10 16:13:27.617 584-584/? I/chatty: uid=1000(system) thermal@1.0-ser identical 1 line
2022-01-10 16:13:27.617 584-584/? D/ThermalHAL-UTIL: Entering get_num_cpus
2022-01-10 16:13:27.619 584-584/? D/ThermalHAL-UTIL: Sensor tsens_tz_sensor1 found at tz: 13
2022-01-10 16:13:27.619 584-584/? D/ThermalHAL-UTIL: Entering get_cpu_label
2022-01-10 16:13:27.619 584-584/? D/ThermalHAL-UTIL: Entering get_num_cpus
2022-01-10 16:13:27.619 584-584/? I/chatty: uid=1000(system) thermal@1.0-ser identical 1 line
2022-01-10 16:13:27.619 584-584/? D/ThermalHAL-UTIL: Entering get_num_cpus
2022-01-10 16:13:27.620 584-584/? D/ThermalHAL-UTIL: Sensor tsens_tz_sensor1 found at tz: 13
2022-01-10 16:13:27.620 584-584/? D/ThermalHAL-UTIL: Entering get_cpu_label
2022-01-10 16:13:27.620 584-584/? D/ThermalHAL-UTIL: Entering get_num_cpus
2022-01-10 16:13:27.620 584-584/? I/chatty: uid=1000(system) thermal@1.0-ser identical 1 line
2022-01-10 16:13:27.620 584-584/? D/ThermalHAL-UTIL: Entering get_num_cpus
2022-01-10 16:13:27.622 584-584/? D/ThermalHAL-UTIL: Sensor tsens_tz_sensor1 found at tz: 13
2022-01-10 16:13:27.622 584-584/? D/ThermalHAL-UTIL: Entering get_cpu_label
2022-01-10 16:13:27.622 584-584/? D/ThermalHAL-UTIL: Entering get_num_cpus
2022-01-10 16:13:27.622 584-584/? I/chatty: uid=1000(system) thermal@1.0-ser identical 1 line
2022-01-10 16:13:27.622 584-584/? D/ThermalHAL-UTIL: Entering get_num_cpus
2022-01-10 16:13:27.623 584-584/? D/ThermalHAL-UTIL: Sensor tsens_tz_sensor3 found at tz: 15
2022-01-10 16:13:27.624 584-584/? D/ThermalHAL-UTIL: Entering get_cpu_label
2022-01-10 16:13:27.624 584-584/? D/ThermalHAL-UTIL: Entering get_num_cpus
2022-01-10 16:13:27.624 584-584/? I/chatty: uid=1000(system) thermal@1.0-ser identical 1 line
2022-01-10 16:13:27.624 584-584/? D/ThermalHAL-UTIL: Entering get_num_cpus
2022-01-10 16:13:27.624 584-584/? D/ThermalHAL-UTIL: Sensor tsens_tz_sensor4 found at tz: 16
2022-01-10 16:13:27.624 584-584/? D/ThermalHAL-UTIL: Entering get_cpu_label
2022-01-10 16:13:27.624 584-584/? D/ThermalHAL-UTIL: Entering get_num_cpus
2022-01-10 16:13:27.624 584-584/? I/chatty: uid=1000(system) thermal@1.0-ser identical 1 line
2022-01-10 16:13:27.624 584-584/? D/ThermalHAL-UTIL: Entering get_num_cpus
2022-01-10 16:13:27.625 584-584/? D/ThermalHAL-UTIL: Sensor tsens_tz_sensor5 found at tz: 17
2022-01-10 16:13:27.625 584-584/? D/ThermalHAL-UTIL: Entering get_cpu_label
2022-01-10 16:13:27.625 584-584/? D/ThermalHAL-UTIL: Entering get_num_cpus
2022-01-10 16:13:27.625 584-584/? I/chatty: uid=1000(system) thermal@1.0-ser identical 1 line
2022-01-10 16:13:27.625 584-584/? D/ThermalHAL-UTIL: Entering get_num_cpus
2022-01-10 16:13:27.627 584-584/? D/ThermalHAL-UTIL: Sensor tsens_tz_sensor6 found at tz: 18
2022-01-10 16:13:27.627 584-584/? D/ThermalHAL-UTIL: Entering get_cpu_label
2022-01-10 16:13:27.627 584-584/? D/ThermalHAL-UTIL: Entering get_num_cpus
2022-01-10 16:13:27.627 584-584/? I/chatty: uid=1000(system) thermal@1.0-ser identical 1 line
2022-01-10 16:13:27.627 584-584/? D/ThermalHAL-UTIL: Entering get_num_cpus
2022-01-10 16:13:27.628 584-584/? D/ThermalHAL-UTIL: Sensor tsens_tz_sensor8 found at tz: 20
2022-01-10 16:13:27.628 584-584/? D/ThermalHAL-UTIL: Entering get_num_cpus
2022-01-10 16:13:27.628 584-584/? D/ThermalHAL-UTIL: Sensor battery found at tz: 36
2022-01-10 16:13:27.628 584-584/? D/ThermalHAL-UTIL: Entering get_num_cpus
2022-01-10 16:13:27.631 584-584/? E/ThermalHAL-UTIL: No thermal zone for sensor: xo_therm, ret:-1
2022-01-10 16:13:27.631 584-584/? E/ThermalHAL-TARGET: thermal sensor initialization is failed
2022-01-10 16:13:27.631 584-584/? D/ThermalHAL-TARGET: Entering get_temperatures
2022-01-10 16:13:27.631 584-584/? D/ThermalHAL-UTIL: Entering get_num_cpus
2022-01-10 16:13:27.631 584-584/? I/chatty: uid=1000(system) thermal@1.0-ser identical 2 lines
2022-01-10 16:13:27.631 584-584/? D/ThermalHAL-UTIL: Entering get_num_cpus
2022-01-10 16:13:27.632 584-584/? D/ThermalHAL-UTIL: Sensor tsens_tz_sensor1 found at tz: 13
2022-01-10 16:13:27.632 584-584/? D/ThermalHAL-UTIL: Entering get_cpu_label
2022-01-10 16:13:27.632 584-584/? D/ThermalHAL-UTIL: Entering get_num_cpus
2022-01-10 16:13:27.632 584-584/? I/chatty: uid=1000(system) thermal@1.0-ser identical 1 line
2022-01-10 16:13:27.632 584-584/? D/ThermalHAL-UTIL: Entering get_num_cpus
2022-01-10 16:13:27.634 584-584/? D/ThermalHAL-UTIL: Sensor tsens_tz_sensor1 found at tz: 13
2022-01-10 16:13:27.634 584-584/? D/ThermalHAL-UTIL: Entering get_cpu_label
2022-01-10 16:13:27.634 584-584/? D/ThermalHAL-UTIL: Entering get_num_cpus
2022-01-10 16:13:27.634 584-584/? I/chatty: uid=1000(system) thermal@1.0-ser identical 1 line
2022-01-10 16:13:27.634 584-584/? D/ThermalHAL-UTIL: Entering get_num_cpus
2022-01-10 16:13:27.635 584-584/? D/ThermalHAL-UTIL: Sensor tsens_tz_sensor1 found at tz: 13
2022-01-10 16:13:27.635 584-584/? D/ThermalHAL-UTIL: Entering get_cpu_label
2022-01-10 16:13:27.635 584-584/? D/ThermalHAL-UTIL: Entering get_num_cpus
2022-01-10 16:13:27.635 584-584/? I/chatty: uid=1000(system) thermal@1.0-ser identical 1 line
2022-01-10 16:13:27.635 584-584/? D/ThermalHAL-UTIL: Entering get_num_cpus
2022-01-10 16:13:27.637 584-584/? D/ThermalHAL-UTIL: Sensor tsens_tz_sensor1 found at tz: 13
2022-01-10 16:13:27.637 584-584/? D/ThermalHAL-UTIL: Entering get_cpu_label
2022-01-10 16:13:27.637 584-584/? D/ThermalHAL-UTIL: Entering get_num_cpus
2022-01-10 16:13:27.637 584-584/? I/chatty: uid=1000(system) thermal@1.0-ser identical 1 line
2022-01-10 16:13:27.637 584-584/? D/ThermalHAL-UTIL: Entering get_num_cpus
2022-01-10 16:13:27.638 584-584/? D/ThermalHAL-UTIL: Sensor tsens_tz_sensor3 found at tz: 15
2022-01-10 16:13:27.638 584-584/? D/ThermalHAL-UTIL: Entering get_cpu_label
2022-01-10 16:13:27.638 584-584/? D/ThermalHAL-UTIL: Entering get_num_cpus
2022-01-10 16:13:27.638 584-584/? I/chatty: uid=1000(system) thermal@1.0-ser identical 1 line
2022-01-10 16:13:27.638 584-584/? D/ThermalHAL-UTIL: Entering get_num_cpus
2022-01-10 16:13:27.638 584-584/? D/ThermalHAL-UTIL: Sensor tsens_tz_sensor4 found at tz: 16
2022-01-10 16:13:27.638 584-584/? D/ThermalHAL-UTIL: Entering get_cpu_label
2022-01-10 16:13:27.638 584-584/? D/ThermalHAL-UTIL: Entering get_num_cpus
2022-01-10 16:13:27.638 584-584/? I/chatty: uid=1000(system) thermal@1.0-ser identical 1 line
2022-01-10 16:13:27.638 584-584/? D/ThermalHAL-UTIL: Entering get_num_cpus
2022-01-10 16:13:27.639 584-584/? D/ThermalHAL-UTIL: Sensor tsens_tz_sensor5 found at tz: 17
2022-01-10 16:13:27.639 584-584/? D/ThermalHAL-UTIL: Entering get_cpu_label
2022-01-10 16:13:27.639 584-584/? D/ThermalHAL-UTIL: Entering get_num_cpus
2022-01-10 16:13:27.639 584-584/? I/chatty: uid=1000(system) thermal@1.0-ser identical 1 line
2022-01-10 16:13:27.639 584-584/? D/ThermalHAL-UTIL: Entering get_num_cpus
2022-01-10 16:13:27.640 584-584/? D/ThermalHAL-UTIL: Sensor tsens_tz_sensor6 found at tz: 18
2022-01-10 16:13:27.641 584-584/? D/ThermalHAL-UTIL: Entering get_cpu_label
2022-01-10 16:13:27.641 584-584/? D/ThermalHAL-UTIL: Entering get_num_cpus
2022-01-10 16:13:27.641 584-584/? I/chatty: uid=1000(system) thermal@1.0-ser identical 1 line
2022-01-10 16:13:27.641 584-584/? D/ThermalHAL-UTIL: Entering get_num_cpus
2022-01-10 16:13:27.641 584-584/? D/ThermalHAL-UTIL: Sensor tsens_tz_sensor8 found at tz: 20
2022-01-10 16:13:27.641 584-584/? D/ThermalHAL-UTIL: Entering get_num_cpus
2022-01-10 16:13:27.641 584-584/? D/ThermalHAL-UTIL: Sensor battery found at tz: 36
2022-01-10 16:13:27.641 584-584/? D/ThermalHAL-UTIL: Entering get_num_cpus
2022-01-10 16:13:27.643 584-584/? E/ThermalHAL-UTIL: No thermal zone for sensor: xo_therm, ret:-1
2022-01-10 16:13:27.643 584-584/? E/ThermalHAL-TARGET: thermal sensor initialization is failed
2022-01-10 16:13:27.643 584-584/? D/ThermalHAL-TARGET: Entering get_temperatures
2022-01-10 16:13:27.643 584-584/? D/ThermalHAL-UTIL: Entering get_num_cpus
2022-01-10 16:13:27.643 584-584/? I/chatty: uid=1000(system) thermal@1.0-ser identical 2 lines
2022-01-10 16:13:27.643 584-584/? D/ThermalHAL-UTIL: Entering get_num_cpus
2022-01-10 16:13:27.645 584-584/? D/ThermalHAL-UTIL: Sensor tsens_tz_sensor1 found at tz: 13
2022-01-10 16:13:27.645 584-584/? D/ThermalHAL-UTIL: Entering get_cpu_label
2022-01-10 16:13:27.645 584-584/? D/ThermalHAL-UTIL: Entering get_num_cpus
2022-01-10 16:13:27.645 584-584/? I/chatty: uid=1000(system) thermal@1.0-ser identical 1 line
2022-01-10 16:13:27.645 584-584/? D/ThermalHAL-UTIL: Entering get_num_cpus
2022-01-10 16:13:27.646 584-584/? D/ThermalHAL-UTIL: Sensor tsens_tz_sensor1 found at tz: 13
2022-01-10 16:13:27.646 584-584/? D/ThermalHAL-UTIL: Entering get_cpu_label
2022-01-10 16:13:27.646 584-584/? D/ThermalHAL-UTIL: Entering get_num_cpus
2022-01-10 16:13:27.646 584-584/? I/chatty: uid=1000(system) thermal@1.0-ser identical 1 line
2022-01-10 16:13:27.646 584-584/? D/ThermalHAL-UTIL: Entering get_num_cpus
2022-01-10 16:13:27.647 584-584/? D/ThermalHAL-UTIL: Sensor tsens_tz_sensor1 found at tz: 13
2022-01-10 16:13:27.647 584-584/? D/ThermalHAL-UTIL: Entering get_cpu_label
2022-01-10 16:13:27.647 584-584/? D/ThermalHAL-UTIL: Entering get_num_cpus
2022-01-10 16:13:27.647 584-584/? I/chatty: uid=1000(system) thermal@1.0-ser identical 1 line
2022-01-10 16:13:27.647 584-584/? D/ThermalHAL-UTIL: Entering get_num_cpus
2022-01-10 16:13:27.649 584-584/? D/ThermalHAL-UTIL: Sensor tsens_tz_sensor1 found at tz: 13
2022-01-10 16:13:27.649 584-584/? D/ThermalHAL-UTIL: Entering get_cpu_label
2022-01-10 16:13:27.649 584-584/? D/ThermalHAL-UTIL: Entering get_num_cpus
2022-01-10 16:13:27.649 584-584/? I/chatty: uid=1000(system) thermal@1.0-ser identical 1 line
2022-01-10 16:13:27.649 584-584/? D/ThermalHAL-UTIL: Entering get_num_cpus
2022-01-10 16:13:27.650 584-584/? D/ThermalHAL-UTIL: Sensor tsens_tz_sensor3 found at tz: 15
2022-01-10 16:13:27.650 584-584/? D/ThermalHAL-UTIL: Entering get_cpu_label
2022-01-10 16:13:27.650 584-584/? D/ThermalHAL-UTIL: Entering get_num_cpus
2022-01-10 16:13:27.650 584-584/? I/chatty: uid=1000(system) thermal@1.0-ser identical 1 line
2022-01-10 16:13:27.650 584-584/? D/ThermalHAL-UTIL: Entering get_num_cpus
2022-01-10 16:13:27.650 584-584/? D/ThermalHAL-UTIL: Sensor tsens_tz_sensor4 found at tz: 16
2022-01-10 16:13:27.650 584-584/? D/ThermalHAL-UTIL: Entering get_cpu_label
2022-01-10 16:13:27.650 584-584/? D/ThermalHAL-UTIL: Entering get_num_cpus
2022-01-10 16:13:27.650 584-584/? I/chatty: uid=1000(system) thermal@1.0-ser identical 1 line
2022-01-10 16:13:27.650 584-584/? D/ThermalHAL-UTIL: Entering get_num_cpus
2022-01-10 16:13:27.651 584-584/? D/ThermalHAL-UTIL: Sensor tsens_tz_sensor5 found at tz: 17
2022-01-10 16:13:27.651 584-584/? D/ThermalHAL-UTIL: Entering get_cpu_label
2022-01-10 16:13:27.651 584-584/? D/ThermalHAL-UTIL: Entering get_num_cpus
2022-01-10 16:13:27.651 584-584/? I/chatty: uid=1000(system) thermal@1.0-ser identical 1 line
2022-01-10 16:13:27.651 584-584/? D/ThermalHAL-UTIL: Entering get_num_cpus
2022-01-10 16:13:27.653 584-584/? D/ThermalHAL-UTIL: Sensor tsens_tz_sensor6 found at tz: 18
2022-01-10 16:13:27.653 584-584/? D/ThermalHAL-UTIL: Entering get_cpu_label
2022-01-10 16:13:27.653 584-584/? D/ThermalHAL-UTIL: Entering get_num_cpus
2022-01-10 16:13:27.653 584-584/? I/chatty: uid=1000(system) thermal@1.0-ser identical 1 line
2022-01-10 16:13:27.653 584-584/? D/ThermalHAL-UTIL: Entering get_num_cpus
2022-01-10 16:13:27.653 584-584/? D/ThermalHAL-UTIL: Sensor tsens_tz_sensor8 found at tz: 20
2022-01-10 16:13:27.653 584-584/? D/ThermalHAL-UTIL: Entering get_num_cpus
2022-01-10 16:13:27.653 584-584/? D/ThermalHAL-UTIL: Sensor battery found at tz: 36
2022-01-10 16:13:27.653 584-584/? D/ThermalHAL-UTIL: Entering get_num_cpus
2022-01-10 16:13:27.655 584-584/? E/ThermalHAL-UTIL: No thermal zone for sensor: xo_therm, ret:-1
2022-01-10 16:13:27.655 584-584/? E/ThermalHAL-TARGET: thermal sensor initialization is failed
2022-01-10 16:13:27.655 584-584/? D/ThermalHAL-TARGET: Entering get_temperatures
2022-01-10 16:13:27.655 584-584/? D/ThermalHAL-UTIL: Entering get_num_cpus
2022-01-10 16:13:27.655 584-584/? I/chatty: uid=1000(system) thermal@1.0-ser identical 2 lines
2022-01-10 16:13:27.655 584-584/? D/ThermalHAL-UTIL: Entering get_num_cpus
2022-01-10 16:13:27.657 584-584/? D/ThermalHAL-UTIL: Sensor tsens_tz_sensor1 found at tz: 13
2022-01-10 16:13:27.657 584-584/? D/ThermalHAL-UTIL: Entering get_cpu_label
2022-01-10 16:13:27.657 584-584/? D/ThermalHAL-UTIL: Entering get_num_cpus
2022-01-10 16:13:27.657 584-584/? I/chatty: uid=1000(system) thermal@1.0-ser identical 1 line
2022-01-10 16:13:27.657 584-584/? D/ThermalHAL-UTIL: Entering get_num_cpus
2022-01-10 16:13:27.658 584-584/? D/ThermalHAL-UTIL: Sensor tsens_tz_sensor1 found at tz: 13
2022-01-10 16:13:27.658 584-584/? D/ThermalHAL-UTIL: Entering get_cpu_label
2022-01-10 16:13:27.658 584-584/? D/ThermalHAL-UTIL: Entering get_num_cpus
2022-01-10 16:13:27.658 584-584/? I/chatty: uid=1000(system) thermal@1.0-ser identical 1 line
2022-01-10 16:13:27.658 584-584/? D/ThermalHAL-UTIL: Entering get_num_cpus
2022-01-10 16:13:27.659 584-584/? D/ThermalHAL-UTIL: Sensor tsens_tz_sensor1 found at tz: 13
2022-01-10 16:13:27.659 584-584/? D/ThermalHAL-UTIL: Entering get_cpu_label
2022-01-10 16:13:27.659 584-584/? D/ThermalHAL-UTIL: Entering get_num_cpus
2022-01-10 16:13:27.659 584-584/? I/chatty: uid=1000(system) thermal@1.0-ser identical 1 line
2022-01-10 16:13:27.659 584-584/? D/ThermalHAL-UTIL: Entering get_num_cpus
2022-01-10 16:13:27.660 584-584/? D/ThermalHAL-UTIL: Sensor tsens_tz_sensor1 found at tz: 13
2022-01-10 16:13:27.660 584-584/? D/ThermalHAL-UTIL: Entering get_cpu_label
2022-01-10 16:13:27.660 584-584/? D/ThermalHAL-UTIL: Entering get_num_cpus
2022-01-10 16:13:27.660 584-584/? I/chatty: uid=1000(system) thermal@1.0-ser identical 1 line
2022-01-10 16:13:27.660 584-584/? D/ThermalHAL-UTIL: Entering get_num_cpus
2022-01-10 16:13:27.661 584-584/? D/ThermalHAL-UTIL: Sensor tsens_tz_sensor3 found at tz: 15
2022-01-10 16:13:27.662 584-584/? D/ThermalHAL-UTIL: Entering get_cpu_label
2022-01-10 16:13:27.662 584-584/? D/ThermalHAL-UTIL: Entering get_num_cpus
2022-01-10 16:13:27.662 584-584/? I/chatty: uid=1000(system) thermal@1.0-ser identical 1 line
2022-01-10 16:13:27.662 584-584/? D/ThermalHAL-UTIL: Entering get_num_cpus
2022-01-10 16:13:27.662 584-584/? D/ThermalHAL-UTIL: Sensor tsens_tz_sensor4 found at tz: 16
2022-01-10 16:13:27.662 584-584/? D/ThermalHAL-UTIL: Entering get_cpu_label
2022-01-10 16:13:27.662 584-584/? D/ThermalHAL-UTIL: Entering get_num_cpus
2022-01-10 16:13:27.662 584-584/? I/chatty: uid=1000(system) thermal@1.0-ser identical 1 line
2022-01-10 16:13:27.662 584-584/? D/ThermalHAL-UTIL: Entering get_num_cpus
2022-01-10 16:13:27.663 584-584/? D/ThermalHAL-UTIL: Sensor tsens_tz_sensor5 found at tz: 17
2022-01-10 16:13:27.663 584-584/? D/ThermalHAL-UTIL: Entering get_cpu_label
2022-01-10 16:13:27.663 584-584/? D/ThermalHAL-UTIL: Entering get_num_cpus
2022-01-10 16:13:27.663 584-584/? I/chatty: uid=1000(system) thermal@1.0-ser identical 1 line
2022-01-10 16:13:27.663 584-584/? D/ThermalHAL-UTIL: Entering get_num_cpus
2022-01-10 16:13:27.664 584-584/? D/ThermalHAL-UTIL: Sensor tsens_tz_sensor6 found at tz: 18
2022-01-10 16:13:27.664 584-584/? D/ThermalHAL-UTIL: Entering get_cpu_label
2022-01-10 16:13:27.664 584-584/? D/ThermalHAL-UTIL: Entering get_num_cpus
2022-01-10 16:13:27.664 584-584/? I/chatty: uid=1000(system) thermal@1.0-ser identical 1 line
2022-01-10 16:13:27.664 584-584/? D/ThermalHAL-UTIL: Entering get_num_cpus
2022-01-10 16:13:27.665 584-584/? D/ThermalHAL-UTIL: Sensor tsens_tz_sensor8 found at tz: 20
2022-01-10 16:13:27.665 584-584/? D/ThermalHAL-UTIL: Entering get_num_cpus
2022-01-10 16:13:27.665 584-584/? D/ThermalHAL-UTIL: Sensor battery found at tz: 36
2022-01-10 16:13:27.665 584-584/? D/ThermalHAL-UTIL: Entering get_num_cpus
2022-01-10 16:13:27.667 584-584/? E/ThermalHAL-UTIL: No thermal zone for sensor: xo_therm, ret:-1
2022-01-10 16:13:27.667 584-584/? E/ThermalHAL-TARGET: thermal sensor initialization is failed
2022-01-10 16:13:27.667 584-584/? D/ThermalHAL-TARGET: Entering get_temperatures
2022-01-10 16:13:27.667 584-584/? D/ThermalHAL-UTIL: Entering get_num_cpus
2022-01-10 16:13:27.667 584-584/? I/chatty: uid=1000(system) thermal@1.0-ser identical 2 lines
2022-01-10 16:13:27.667 584-584/? D/ThermalHAL-UTIL: Entering get_num_cpus
2022-01-10 16:13:27.668 584-584/? D/ThermalHAL-UTIL: Sensor tsens_tz_sensor1 found at tz: 13
2022-01-10 16:13:27.668 584-584/? D/ThermalHAL-UTIL: Entering get_cpu_label
2022-01-10 16:13:27.668 584-584/? D/ThermalHAL-UTIL: Entering get_num_cpus
2022-01-10 16:13:27.668 584-584/? I/chatty: uid=1000(system) thermal@1.0-ser identical 1 line
2022-01-10 16:13:27.668 584-584/? D/ThermalHAL-UTIL: Entering get_num_cpus
2022-01-10 16:13:27.669 584-584/? D/ThermalHAL-UTIL: Sensor tsens_tz_sensor1 found at tz: 13
2022-01-10 16:13:27.669 584-584/? D/ThermalHAL-UTIL: Entering get_cpu_label
2022-01-10 16:13:27.669 584-584/? D/ThermalHAL-UTIL: Entering get_num_cpus
2022-01-10 16:13:27.669 584-584/? I/chatty: uid=1000(system) thermal@1.0-ser identical 1 line
2022-01-10 16:13:27.669 584-584/? D/ThermalHAL-UTIL: Entering get_num_cpus
2022-01-10 16:13:27.671 584-584/? D/ThermalHAL-UTIL: Sensor tsens_tz_sensor1 found at tz: 13
2022-01-10 16:13:27.671 584-584/? D/ThermalHAL-UTIL: Entering get_cpu_label
2022-01-10 16:13:27.671 584-584/? D/ThermalHAL-UTIL: Entering get_num_cpus
2022-01-10 16:13:27.671 584-584/? I/chatty: uid=1000(system) thermal@1.0-ser identical 1 line
2022-01-10 16:13:27.671 584-584/? D/ThermalHAL-UTIL: Entering get_num_cpus
2022-01-10 16:13:27.672 584-584/? D/ThermalHAL-UTIL: Sensor tsens_tz_sensor1 found at tz: 13
2022-01-10 16:13:27.672 584-584/? D/ThermalHAL-UTIL: Entering get_cpu_label
2022-01-10 16:13:27.672 584-584/? D/ThermalHAL-UTIL: Entering get_num_cpus
2022-01-10 16:13:27.672 584-584/? I/chatty: uid=1000(system) thermal@1.0-ser identical 1 line
2022-01-10 16:13:27.672 584-584/? D/ThermalHAL-UTIL: Entering get_num_cpus
2022-01-10 16:13:27.673 584-584/? D/ThermalHAL-UTIL: Sensor tsens_tz_sensor3 found at tz: 15
2022-01-10 16:13:27.673 584-584/? D/ThermalHAL-UTIL: Entering get_cpu_label
2022-01-10 16:13:27.673 584-584/? D/ThermalHAL-UTIL: Entering get_num_cpus
2022-01-10 16:13:27.673 584-584/? I/chatty: uid=1000(system) thermal@1.0-ser identical 1 line
2022-01-10 16:13:27.673 584-584/? D/ThermalHAL-UTIL: Entering get_num_cpus
2022-01-10 16:13:27.673 584-584/? D/ThermalHAL-UTIL: Sensor tsens_tz_sensor4 found at tz: 16
2022-01-10 16:13:27.673 584-584/? D/ThermalHAL-UTIL: Entering get_cpu_label
2022-01-10 16:13:27.673 584-584/? D/ThermalHAL-UTIL: Entering get_num_cpus
2022-01-10 16:13:27.673 584-584/? I/chatty: uid=1000(system) thermal@1.0-ser identical 1 line
2022-01-10 16:13:27.673 584-584/? D/ThermalHAL-UTIL: Entering get_num_cpus
2022-01-10 16:13:27.674 584-584/? D/ThermalHAL-UTIL: Sensor tsens_tz_sensor5 found at tz: 17
2022-01-10 16:13:27.674 584-584/? D/ThermalHAL-UTIL: Entering get_cpu_label
2022-01-10 16:13:27.674 584-584/? D/ThermalHAL-UTIL: Entering get_num_cpus
2022-01-10 16:13:27.674 584-584/? I/chatty: uid=1000(system) thermal@1.0-ser identical 1 line
2022-01-10 16:13:27.674 584-584/? D/ThermalHAL-UTIL: Entering get_num_cpus
2022-01-10 16:13:27.676 584-584/? D/ThermalHAL-UTIL: Sensor tsens_tz_sensor6 found at tz: 18
2022-01-10 16:13:27.676 584-584/? D/ThermalHAL-UTIL: Entering get_cpu_label
2022-01-10 16:13:27.676 584-584/? D/ThermalHAL-UTIL: Entering get_num_cpus
2022-01-10 16:13:27.676 584-584/? I/chatty: uid=1000(system) thermal@1.0-ser identical 1 line
2022-01-10 16:13:27.676 584-584/? D/ThermalHAL-UTIL: Entering get_num_cpus
2022-01-10 16:13:27.677 584-584/? D/ThermalHAL-UTIL: Sensor tsens_tz_sensor8 found at tz: 20
2022-01-10 16:13:27.677 584-584/? D/ThermalHAL-UTIL: Entering get_num_cpus
2022-01-10 16:13:27.677 584-584/? D/ThermalHAL-UTIL: Sensor battery found at tz: 36
2022-01-10 16:13:27.677 584-584/? D/ThermalHAL-UTIL: Entering get_num_cpus
2022-01-10 16:13:27.678 584-584/? E/ThermalHAL-UTIL: No thermal zone for sensor: xo_therm, ret:-1
2022-01-10 16:13:27.678 584-584/? E/ThermalHAL-TARGET: thermal sensor initialization is failed
2022-01-10 16:13:27.678 584-584/? D/ThermalHAL-TARGET: Entering get_temperatures
2022-01-10 16:13:27.678 584-584/? D/ThermalHAL-UTIL: Entering get_num_cpus
2022-01-10 16:13:27.678 584-584/? I/chatty: uid=1000(system) thermal@1.0-ser identical 2 lines
2022-01-10 16:13:27.678 584-584/? D/ThermalHAL-UTIL: Entering get_num_cpus
2022-01-10 16:13:27.679 584-584/? D/ThermalHAL-UTIL: Sensor tsens_tz_sensor1 found at tz: 13
2022-01-10 16:13:27.679 584-584/? D/ThermalHAL-UTIL: Entering get_cpu_label
2022-01-10 16:13:27.679 584-584/? D/ThermalHAL-UTIL: Entering get_num_cpus
2022-01-10 16:13:27.679 584-584/? I/chatty: uid=1000(system) thermal@1.0-ser identical 1 line
2022-01-10 16:13:27.679 584-584/? D/ThermalHAL-UTIL: Entering get_num_cpus
2022-01-10 16:13:27.681 584-584/? D/ThermalHAL-UTIL: Sensor tsens_tz_sensor1 found at tz: 13
2022-01-10 16:13:27.681 584-584/? D/ThermalHAL-UTIL: Entering get_cpu_label
2022-01-10 16:13:27.681 584-584/? D/ThermalHAL-UTIL: Entering get_num_cpus
2022-01-10 16:13:27.681 584-584/? I/chatty: uid=1000(system) thermal@1.0-ser identical 1 line
2022-01-10 16:13:27.681 584-584/? D/ThermalHAL-UTIL: Entering get_num_cpus
2022-01-10 16:13:27.682 584-584/? D/ThermalHAL-UTIL: Sensor tsens_tz_sensor1 found at tz: 13
2022-01-10 16:13:27.682 584-584/? D/ThermalHAL-UTIL: Entering get_cpu_label
2022-01-10 16:13:27.682 584-584/? D/ThermalHAL-UTIL: Entering get_num_cpus
2022-01-10 16:13:27.682 584-584/? I/chatty: uid=1000(system) thermal@1.0-ser identical 1 line
2022-01-10 16:13:27.682 584-584/? D/ThermalHAL-UTIL: Entering get_num_cpus
2022-01-10 16:13:27.683 584-584/? D/ThermalHAL-UTIL: Sensor tsens_tz_sensor1 found at tz: 13
2022-01-10 16:13:27.683 584-584/? D/ThermalHAL-UTIL: Entering get_cpu_label
2022-01-10 16:13:27.683 584-584/? D/ThermalHAL-UTIL: Entering get_num_cpus
2022-01-10 16:13:27.683 584-584/? I/chatty: uid=1000(system) thermal@1.0-ser identical 1 line
2022-01-10 16:13:27.683 584-584/? D/ThermalHAL-UTIL: Entering get_num_cpus
2022-01-10 16:13:27.684 584-584/? D/ThermalHAL-UTIL: Sensor tsens_tz_sensor3 found at tz: 15
2022-01-10 16:13:27.684 584-584/? D/ThermalHAL-UTIL: Entering get_cpu_label
2022-01-10 16:13:27.684 584-584/? D/ThermalHAL-UTIL: Entering get_num_cpus
2022-01-10 16:13:27.684 584-584/? I/chatty: uid=1000(system) thermal@1.0-ser identical 1 line
2022-01-10 16:13:27.684 584-584/? D/ThermalHAL-UTIL: Entering get_num_cpus
2022-01-10 16:13:27.685 584-584/? D/ThermalHAL-UTIL: Sensor tsens_tz_sensor4 found at tz: 16
2022-01-10 16:13:27.685 584-584/? D/ThermalHAL-UTIL: Entering get_cpu_label
2022-01-10 16:13:27.685 584-584/? D/ThermalHAL-UTIL: Entering get_num_cpus
2022-01-10 16:13:27.685 584-584/? I/chatty: uid=1000(system) thermal@1.0-ser identical 1 line
2022-01-10 16:13:27.685 584-584/? D/ThermalHAL-UTIL: Entering get_num_cpus
2022-01-10 16:13:27.686 584-584/? D/ThermalHAL-UTIL: Sensor tsens_tz_sensor5 found at tz: 17
2022-01-10 16:13:27.686 584-584/? D/ThermalHAL-UTIL: Entering get_cpu_label
2022-01-10 16:13:27.686 584-584/? D/ThermalHAL-UTIL: Entering get_num_cpus
2022-01-10 16:13:27.686 584-584/? I/chatty: uid=1000(system) thermal@1.0-ser identical 1 line
2022-01-10 16:13:27.686 584-584/? D/ThermalHAL-UTIL: Entering get_num_cpus
2022-01-10 16:13:27.687 584-584/? D/ThermalHAL-UTIL: Sensor tsens_tz_sensor6 found at tz: 18
2022-01-10 16:13:27.687 584-584/? D/ThermalHAL-UTIL: Entering get_cpu_label
2022-01-10 16:13:27.687 584-584/? D/ThermalHAL-UTIL: Entering get_num_cpus
2022-01-10 16:13:27.687 584-584/? I/chatty: uid=1000(system) thermal@1.0-ser identical 1 line
2022-01-10 16:13:27.687 584-584/? D/ThermalHAL-UTIL: Entering get_num_cpus
2022-01-10 16:13:27.688 584-584/? D/ThermalHAL-UTIL: Sensor tsens_tz_sensor8 found at tz: 20
2022-01-10 16:13:27.688 584-584/? D/ThermalHAL-UTIL: Entering get_num_cpus
2022-01-10 16:13:27.688 584-584/? D/ThermalHAL-UTIL: Sensor battery found at tz: 36
2022-01-10 16:13:27.688 584-584/? D/ThermalHAL-UTIL: Entering get_num_cpus
2022-01-10 16:13:27.689 584-584/? E/ThermalHAL-UTIL: No thermal zone for sensor: xo_therm, ret:-1
2022-01-10 16:13:27.690 584-584/? E/ThermalHAL-TARGET: thermal sensor initialization is failed
2022-01-10 16:13:27.690 584-584/? D/ThermalHAL-TARGET: Entering get_temperatures
2022-01-10 16:13:27.690 584-584/? D/ThermalHAL-UTIL: Entering get_num_cpus
2022-01-10 16:13:27.690 584-584/? I/chatty: uid=1000(system) thermal@1.0-ser identical 2 lines
2022-01-10 16:13:27.690 584-584/? D/ThermalHAL-UTIL: Entering get_num_cpus
2022-01-10 16:13:27.691 584-584/? D/ThermalHAL-UTIL: Sensor tsens_tz_sensor1 found at tz: 13
2022-01-10 16:13:27.691 584-584/? D/ThermalHAL-UTIL: Entering get_cpu_label
2022-01-10 16:13:27.691 584-584/? D/ThermalHAL-UTIL: Entering get_num_cpus
2022-01-10 16:13:27.691 584-584/? I/chatty: uid=1000(system) thermal@1.0-ser identical 1 line
2022-01-10 16:13:27.691 584-584/? D/ThermalHAL-UTIL: Entering get_num_cpus
2022-01-10 16:13:27.692 584-584/? D/ThermalHAL-UTIL: Sensor tsens_tz_sensor1 found at tz: 13
2022-01-10 16:13:27.692 584-584/? D/ThermalHAL-UTIL: Entering get_cpu_label
2022-01-10 16:13:27.692 584-584/? D/ThermalHAL-UTIL: Entering get_num_cpus
2022-01-10 16:13:27.692 584-584/? I/chatty: uid=1000(system) thermal@1.0-ser identical 1 line
2022-01-10 16:13:27.692 584-584/? D/ThermalHAL-UTIL: Entering get_num_cpus
2022-01-10 16:13:27.693 584-584/? D/ThermalHAL-UTIL: Sensor tsens_tz_sensor1 found at tz: 13
2022-01-10 16:13:27.693 584-584/? D/ThermalHAL-UTIL: Entering get_cpu_label
2022-01-10 16:13:27.693 584-584/? D/ThermalHAL-UTIL: Entering get_num_cpus
2022-01-10 16:13:27.693 584-584/? I/chatty: uid=1000(system) thermal@1.0-ser identical 1 line
2022-01-10 16:13:27.693 584-584/? D/ThermalHAL-UTIL: Entering get_num_cpus
2022-01-10 16:13:27.695 584-584/? D/ThermalHAL-UTIL: Sensor tsens_tz_sensor1 found at tz: 13
2022-01-10 16:13:27.695 584-584/? D/ThermalHAL-UTIL: Entering get_cpu_label
2022-01-10 16:13:27.695 584-584/? D/ThermalHAL-UTIL: Entering get_num_cpus
2022-01-10 16:13:27.695 584-584/? I/chatty: uid=1000(system) thermal@1.0-ser identical 1 line
2022-01-10 16:13:27.695 584-584/? D/ThermalHAL-UTIL: Entering get_num_cpus
2022-01-10 16:13:27.696 584-584/? D/ThermalHAL-UTIL: Sensor tsens_tz_sensor3 found at tz: 15
2022-01-10 16:13:27.696 584-584/? D/ThermalHAL-UTIL: Entering get_cpu_label
2022-01-10 16:13:27.696 584-584/? D/ThermalHAL-UTIL: Entering get_num_cpus
2022-01-10 16:13:27.696 584-584/? I/chatty: uid=1000(system) thermal@1.0-ser identical 1 line
2022-01-10 16:13:27.696 584-584/? D/ThermalHAL-UTIL: Entering get_num_cpus
2022-01-10 16:13:27.696 584-584/? D/ThermalHAL-UTIL: Sensor tsens_tz_sensor4 found at tz: 16
2022-01-10 16:13:27.696 584-584/? D/ThermalHAL-UTIL: Entering get_cpu_label
2022-01-10 16:13:27.696 584-584/? D/ThermalHAL-UTIL: Entering get_num_cpus
2022-01-10 16:13:27.696 584-584/? I/chatty: uid=1000(system) thermal@1.0-ser identical 1 line
2022-01-10 16:13:27.696 584-584/? D/ThermalHAL-UTIL: Entering get_num_cpus
2022-01-10 16:13:27.697 584-584/? D/ThermalHAL-UTIL: Sensor tsens_tz_sensor5 found at tz: 17
2022-01-10 16:13:27.697 584-584/? D/ThermalHAL-UTIL: Entering get_cpu_label
2022-01-10 16:13:27.697 584-584/? D/ThermalHAL-UTIL: Entering get_num_cpus
2022-01-10 16:13:27.697 584-584/? I/chatty: uid=1000(system) thermal@1.0-ser identical 1 line
2022-01-10 16:13:27.697 584-584/? D/ThermalHAL-UTIL: Entering get_num_cpus
2022-01-10 16:13:27.699 584-584/? D/ThermalHAL-UTIL: Sensor tsens_tz_sensor6 found at tz: 18
2022-01-10 16:13:27.699 584-584/? D/ThermalHAL-UTIL: Entering get_cpu_label
2022-01-10 16:13:27.699 584-584/? D/ThermalHAL-UTIL: Entering get_num_cpus
2022-01-10 16:13:27.699 584-584/? I/chatty: uid=1000(system) thermal@1.0-ser identical 1 line
2022-01-10 16:13:27.699 584-584/? D/ThermalHAL-UTIL: Entering get_num_cpus
