================================================================== SALE APP FAILED: Steps: Flex2 Device, Sale App, Enter 11.00, tap Charge, rotate device in and out of landscape mode. Results: Failed. After taping Charge button, the screen rotated a bit and then returned to the Sale screen. The user could not enter their credit card. Errors include: No thermal zone for sensor Thermal sensor initialization is failed Resources$NotFoundException ClassNotFoundException: com.clover.terminal.sale.BuildConfig ==================================================================
2022-01-10 16:13:17.677 1202-1851/? E/TaskPersister: File error accessing recents directory (directory doesn't exist?). --------- beginning of main
2022-01-10 16:13:18.216 566-4370/? D/audio_hw_extn: audio_extn_enable_hifi_filter: mixer_value set 0
2022-01-10 16:13:18.223 566-4370/? E/soundtrigger: audio_extn_sound_trigger_update_stream_status: invalid input device 0x0, for event 3
2022-01-10 16:13:18.247 1202-1502/? I/ActivityTaskManager: START u0 {flg=0x10804000 cmp=com.android.systemui/.recents.RecentsActivity} from uid 10020
2022-01-10 16:13:18.248 1360-1624/? E/BufferQueueProducer: [unnamed-1360-7] setMaxDequeuedBufferCount: 2 dequeued buffers would exceed the maxBufferCount (2) (maxAcquired 1 async 0 mDequeuedBufferCannotBlock 0)
2022-01-10 16:13:18.248 1360-1624/? E/Surface: IGraphicBufferProducer::setBufferCount(3) returned Invalid argument
2022-01-10 16:13:18.253 1202-1502/? I/ActivityTaskManager: App switches allowed, source PID: 1360, source UID: 10020, calling PID: 1360, calling UID: 10020, name: Activity start, requesting UID: 0
2022-01-10 16:13:18.270 16681-16681/? I/SaleActivity: onPause(CommonActivity.java:447)[main]: @9f9983c +onPause
2022-01-10 16:13:18.274 1202-6322/? W/ActivityTaskManager: Ignoring closeSystemDialogs recentapps from background process ProcessRecord{6df274c 1360:com.android.systemui/u0a20}
2022-01-10 16:13:18.285 16681-16681/? I/SaleActivity: onBackground(CommonActivity.java:481)[main]: @9f9983c +onBackground
2022-01-10 16:13:18.288 16681-16681/? I/SaleActivity: onBackground(CommonActivity.java:497)[main]: @9f9983c -onBackground
2022-01-10 16:13:18.289 16681-16681/? I/SaleActivity: onPause(CommonActivity.java:454)[main]: @9f9983c -onPause
2022-01-10 16:13:18.390 1360-1360/? D/ImageWallpaper: wallpaper visibility changes to: true
2022-01-10 16:13:18.707 16681-16681/? I/SaleActivity: onStop(CommonActivity.java:1186)[main]: @9f9983c +onStop
2022-01-10 16:13:18.729 16681-16681/? I/SaleActivity: onStop(CommonActivity.java:1198)[main]: @9f9983c -onStop
2022-01-10 16:13:19.296 1954-2085/? D/SecureBoardController: Setting power level to LOW_POWER
2022-01-10 16:13:19.300 1954-2085/? D/SecureBoardController: STOP wakeup
2022-01-10 16:13:19.324 1954-2085/? D/UsbDeviceConnectionJNI: close
2022-01-10 16:13:19.889 16681-16681/? I/SaleActivity: onDestroy(CommonActivity.java:502)[main]: @9f9983c +onDestroy
2022-01-10 16:13:19.893 391-391/? I/hwservicemanager: getTransport: Cannot find entry vendor.qti.hardware.iop@2.0::IIop/default in either framework or device manifest.
2022-01-10 16:13:19.897 1202-1502/? I/ActivityTaskManager: START u0 {act=android.intent.action.MAIN cat=[android.intent.category.HOME] flg=0x10200000 cmp=com.clover.launcher/.LauncherActivity} from uid 10020
2022-01-10 16:13:19.903 391-391/? I/hwservicemanager: getTransport: Cannot find entry vendor.qti.hardware.iop@2.0::IIop/default in either framework or device manifest.
2022-01-10 16:13:19.911 1360-1360/? W/Instrumentation: Check start activity result, res: 2
2022-01-10 16:13:19.924 1202-1223/? I/ActivityManager: Killing 16681:com.clover.terminal.sale/u0a53 (adj 905): remove task
2022-01-10 16:13:19.925 391-391/? I/hwservicemanager: getTransport: Cannot find entry vendor.qti.hardware.iop@2.0::IIop/default in either framework or device manifest.
2022-01-10 16:13:19.928 1202-1851/? E/TaskPersister: File error accessing recents directory (directory doesn't exist?).
2022-01-10 16:13:19.928 391-391/? I/hwservicemanager: getTransport: Cannot find entry vendor.qti.hardware.iop@2.0::IIop/default in either framework or device manifest.
2022-01-10 16:13:19.929 1202-16080/? E/ANDR-PERF-JNI: UXEngine Trigger - Returning null
2022-01-10 16:13:19.940 1202-1232/? I/libprocessgroup: Successfully killed process cgroup uid 10053 pid 16681 in 15ms
2022-01-10 16:13:19.944 391-391/? I/hwservicemanager: getTransport: Cannot find entry vendor.qti.hardware.iop@2.0::IIop/default in either framework or device manifest.
2022-01-10 16:13:19.946 1202-16786/? E/ANDR-PERF-JNI: UXEngine Trigger - Returning null
2022-01-10 16:13:19.965 2051-2221/? I/AdrenoGLES: QUALCOMM build : 0375d97, Ie9e01e6b9f Build Date : 01/04/21 OpenGL ES Shader Compiler Version: EV031.27.05.10 Local Branch : Remote Branch : Remote Branch : Reconstruct Branch :
2022-01-10 16:13:19.966 2051-2221/? I/AdrenoGLES: Build Config : S L 8.0.12 AArch64
2022-01-10 16:13:19.971 2051-2221/? I/AdrenoGLES: PFP: 0x005ff113, ME: 0x005ff066
2022-01-10 16:13:19.988 1202-1294/? W/InputDispatcher: channel 'aec54ff com.clover.terminal.sale/com.clover.terminal.sale.SaleActivity (server)' ~ Consumer closed input channel or an error occurred. events=0x9
2022-01-10 16:13:19.988 1202-1294/? E/InputDispatcher: channel 'aec54ff com.clover.terminal.sale/com.clover.terminal.sale.SaleActivity (server)' ~ Channel is unrecoverably broken and will be disposed!
2022-01-10 16:13:19.990 391-391/? I/hwservicemanager: getTransport: Cannot find entry vendor.qti.hardware.iop@2.0::IIop/default in either framework or device manifest.
2022-01-10 16:13:19.991 1202-3374/? I/WindowManager: WIN DEATH: Window{aec54ff u0 com.clover.terminal.sale/com.clover.terminal.sale.SaleActivity}
2022-01-10 16:13:19.991 1202-3374/? W/InputDispatcher: Attempted to unregister already unregistered input channel 'aec54ff com.clover.terminal.sale/com.clover.terminal.sale.SaleActivity (server)'
2022-01-10 16:13:19.991 995-995/? I/Zygote: Process 16681 exited due to signal 9 (Killed)
2022-01-10 16:13:20.018 1202-1223/? W/ActivityManager: setHasOverlayUi called on unknown pid: 16681
2022-01-10 16:13:20.034 2051-2363/? I/TamperStatus: getStringSystemProperty(TamperStatus.java:269)[TamperStatusView-pool-1-thread-1]: WARNING: Using system property to redefine tamper status: persist.test.tamper.s=
2022-01-10 16:13:20.039 1360-1360/? D/ImageWallpaper: wallpaper visibility changes to: false
2022-01-10 16:13:20.088 2051-2051/? I/CloseoutWidgetFragment: onPostExecute(ConnectorSafeAsyncTask.java:64)[main]: com.clover.launcher.widgets.CloseoutWidgetFragment$2 safely finished execution
2022-01-10 16:13:20.191 1360-12723/? I/ndroid.systemu: Explicit concurrent copying GC freed 4735(363KB) AllocSpace objects, 0(0B) LOS objects, 49% free, 5536KB/10MB, paused 144us total 92.752ms
2022-01-10 16:13:20.960 1202-6171/? I/ActivityTaskManager: START u0 {act=android.intent.action.MAIN cat=[android.intent.category.LAUNCHER] flg=0x10210000 cmp=com.clover.terminal.sale/.SaleActivity} from uid 10041
2022-01-10 16:13:20.972 391-391/? I/hwservicemanager: getTransport: Cannot find entry vendor.qti.hardware.iop@2.0::IIop/default in either framework or device manifest.
2022-01-10 16:13:20.984 2051-2051/? W/Instrumentation: Check start activity result, res: 0
2022-01-10 16:13:20.987 1202-1224/? E/system_server: Invalid ID 0x00000000.
2022-01-10 16:13:21.015 995-995/? D/Zygote: Forked child process 16798
2022-01-10 16:13:21.009 16798-16798/? W/main: type=1400 audit(0.0:10871): avc: granted { read } for name="u:object_r:net_dns_prop:s0" dev="tmpfs" ino=21430 scontext=u:r:untrusted_app_25:s0:c512,c768 tcontext=u:object_r:net_dns_prop:s0 tclass=file
2022-01-10 16:13:21.022 1202-1231/? I/ActivityManager: Start proc 16798:com.clover.terminal.sale/u0a53 for activity {com.clover.terminal.sale/com.clover.terminal.sale.SaleActivity}
2022-01-10 16:13:21.023 16798-16798/? E/r.terminal.sal: Not starting debugger since process cannot load the jdwp agent.
2022-01-10 16:13:21.044 16798-16798/? I/r.terminal.sal: The ClassLoaderContext is a special shared library.
2022-01-10 16:13:21.062 16798-16798/? I/Perf: Connecting to perf service.
2022-01-10 16:13:21.066 16798-16798/? I/MultiDex: VM with version 2.1.0 has multidex support
2022-01-10 16:13:21.066 16798-16798/? I/MultiDex: Installing application
2022-01-10 16:13:21.066 16798-16798/? I/MultiDex: VM has multidex support, MultiDex support library is disabled.
2022-01-10 16:13:21.069 16798-16798/? W/System.err: java.lang.ClassNotFoundException: com.clover.terminal.sale.BuildConfig
2022-01-10 16:13:21.069 16798-16798/? W/System.err: at java.lang.Class.classForName(Native Method)
2022-01-10 16:13:21.069 16798-16798/? W/System.err: at java.lang.Class.forName(Class.java:454)
2022-01-10 16:13:21.069 16798-16798/? W/System.err: at java.lang.Class.forName(Class.java:379)
2022-01-10 16:13:21.069 16798-16798/? W/System.err: at com.clover.common2.LogConfig.getDefaultDebug(LogConfig.java:48)
2022-01-10 16:13:21.069 16798-16798/? W/System.err: at com.clover.common2.LogConfig.init(LogConfig.java:37)
2022-01-10 16:13:21.069 16798-16798/? W/System.err: at com.clover.common.LoggingApplication.onCreate(LoggingApplication.java:24)
2022-01-10 16:13:21.069 16798-16798/? W/System.err: at com.clover.common2.CommonApplication.onCreate(CommonApplication.java:21)
2022-01-10 16:13:21.069 16798-16798/? W/System.err: at android.app.Instrumentation.callApplicationOnCreate(Instrumentation.java:1190)
2022-01-10 16:13:21.069 16798-16798/? W/System.err: at android.app.ActivityThread.handleBindApplication(ActivityThread.java:6494)
2022-01-10 16:13:21.069 16798-16798/? W/System.err: at android.app.ActivityThread.access$1300(ActivityThread.java:221)
2022-01-10 16:13:21.069 16798-16798/? W/System.err: at android.app.ActivityThread$H.handleMessage(ActivityThread.java:1861)
2022-01-10 16:13:21.069 16798-16798/? W/System.err: at android.os.Handler.dispatchMessage(Handler.java:107)
2022-01-10 16:13:21.069 16798-16798/? W/System.err: at android.os.Looper.loop(Looper.java:214)
2022-01-10 16:13:21.069 16798-16798/? W/System.err: at android.app.ActivityThread.main(ActivityThread.java:7412)
2022-01-10 16:13:21.069 16798-16798/? W/System.err: at java.lang.reflect.Method.invoke(Native Method)
2022-01-10 16:13:21.069 16798-16798/? W/System.err: at com.android.internal.os.RuntimeInit$MethodAndArgsCaller.run(RuntimeInit.java:492)
2022-01-10 16:13:21.069 16798-16798/? W/System.err: at com.android.internal.os.ZygoteInit.main(ZygoteInit.java:935)
2022-01-10 16:13:21.070 16798-16798/? W/System.err: Caused by: java.lang.ClassNotFoundException: com.clover.terminal.sale.BuildConfig
2022-01-10 16:13:21.070 16798-16798/? W/System.err: ... 17 more
2022-01-10 16:13:21.073 391-391/? I/hwservicemanager: getTransport: Cannot find entry vendor.qti.hardware.iop@2.0::IIop/default in either framework or device manifest.
2022-01-10 16:13:21.073 1011-1070/? E/ANDR-IOP: IIop:: Iop HAL Service is not available.
2022-01-10 16:13:21.090 16798-16798/? I/SaleActivity: onCreate(CommonActivity.java:172)[main]: @9f9983c +onCreate: null
2022-01-10 16:13:21.107 16798-16798/? I/SaleActivity: onCreate(CommonActivity.java:213)[main]: @9f9983c -onCreate
2022-01-10 16:13:21.158 16798-16798/? W/nAnnotationIntrospector: Unable to load JDK7 annotation types; will have to skip
2022-01-10 16:13:21.183 16798-16798/? I/TamperStatus: getStringSystemProperty(TamperStatus.java:269)[main]: WARNING: Using system property to redefine tamper status: persist.test.tamper.s=
2022-01-10 16:13:21.191 16798-16798/? I/SaleActivity: onStart(CommonActivity.java:1163)[main]: @9f9983c +onStart
2022-01-10 16:13:21.192 16798-16798/? I/SaleActivity: onStart(CommonActivity.java:1181)[main]: @9f9983c -onStart
2022-01-10 16:13:21.193 16798-16798/? I/SaleActivity: onResume(CommonActivity.java:314)[main]: @9f9983c +onResume
2022-01-10 16:13:21.194 16798-16798/? I/SaleActivity: onForeground(CommonActivity.java:338)[main]: @9f9983c +onForeground
2022-01-10 16:13:21.195 16798-16824/? I/SetupAsyncTask: doInBackground(SetupAsyncTask.java:43)[AsyncTask #1]: SaleActivity @9f9983c
2022-01-10 16:13:21.196 16798-16798/? I/SaleActivity: onForeground(CommonActivity.java:353)[main]: @9f9983c -onForeground
2022-01-10 16:13:21.197 16798-16798/? I/SaleActivity: onResume(CommonActivity.java:321)[main]: @9f9983c -onResume
2022-01-10 16:13:21.205 16798-16798/? D/SaleActivity: onServiceConnected(CommonActivity.java:602)[main]: SaleActivity service connected: com.clover.sdk.v3.employees.EmployeeConnector@7e2f772
2022-01-10 16:13:21.206 16798-16798/? D/SaleActivity: onServiceConnected(CommonActivity.java:602)[main]: SaleActivity service connected: com.clover.common2.clover.CloverConnector@2f22840
2022-01-10 16:13:21.206 16798-16798/? D/SaleActivity: onServiceConnected(CommonActivity.java:602)[main]: SaleActivity service connected: com.clover.sdk.v3.order.OrderConnector@de518be
2022-01-10 16:13:21.207 16798-16798/? D/SaleActivity: onServiceConnected(CommonActivity.java:602)[main]: SaleActivity service connected: com.clover.sdk.v3.inventory.InventoryConnector@73447c3
2022-01-10 16:13:21.207 16798-16798/? D/SaleActivity: onServiceConnected(CommonActivity.java:602)[main]: SaleActivity service connected: com.clover.sdk.v1.printer.PrinterConnector@aded379
2022-01-10 16:13:21.218 16798-16819/? I/AdrenoGLES: QUALCOMM build : 0375d97, Ie9e01e6b9f Build Date : 01/04/21 OpenGL ES Shader Compiler Version: EV031.27.05.10 Local Branch : Remote Branch : Remote Branch : Reconstruct Branch :
2022-01-10 16:13:21.218 16798-16819/? I/AdrenoGLES: Build Config : S L 8.0.12 AArch64
2022-01-10 16:13:21.223 16798-16819/? I/AdrenoGLES: PFP: 0x005ff113, ME: 0x005ff066
2022-01-10 16:13:21.228 576-576/? I/SDM: HWCDisplay::GetHdrCapabilities: HDR is not supported
2022-01-10 16:13:21.229 576-576/? I/SDM: HWCDisplay::GetHdrCapabilities: HDR is not supported
2022-01-10 16:13:21.239 391-391/? I/hwservicemanager: getTransport: Cannot find entry android.hardware.graphics.mapper@3.0::IMapper/default in either framework or device manifest.
2022-01-10 16:13:21.239 16798-16819/? W/Gralloc3: mapper 3.x is not supported
2022-01-10 16:13:21.258 391-391/? I/hwservicemanager: getTransport: Cannot find entry vendor.qti.hardware.iop@2.0::IIop/default in either framework or device manifest.
2022-01-10 16:13:21.258 1202-1229/? I/ActivityTaskManager: Displayed com.clover.terminal.sale/.SaleActivity: +293ms
2022-01-10 16:13:21.265 16798-16824/? I/SetupAsyncTask: doInBackground(SetupAsyncTask.java:59)[AsyncTask #1]: SaleActivity @9f9983c success: true isCancelled: false
2022-01-10 16:13:21.265 391-391/? I/hwservicemanager: getTransport: Cannot find entry vendor.qti.hardware.iop@2.0::IIop/default in either framework or device manifest.
2022-01-10 16:13:21.268 16798-16798/? I/SetupAsyncTask: onPostExecute(SetupAsyncTask.java:67)[main]: result:true, commonActivity: true
2022-01-10 16:13:21.269 16798-16798/? I/SetupAsyncTask: onPostExecute(SetupAsyncTask.java:73)[main]: SaleActivity @9f9983c isFinishing: false, resumed: true
2022-01-10 16:13:21.270 16798-16798/? I/SaleActivity: onSetupComplete(CommonActivity.java:438)[main]: @9f9983c
2022-01-10 16:13:21.271 16798-16798/? D/SaleActivity: onSetupComplete(BaseOrderActivity.java:351)[main]: @9f9983c orderId = null
2022-01-10 16:13:21.282 16798-16798/? I/TamperStatus: getStringSystemProperty(TamperStatus.java:269)[main]: WARNING: Using system property to redefine tamper status: persist.test.tamper.s=
2022-01-10 16:13:21.306 16798-16798/? I/chatty: uid=10053(com.clover.terminal.sale) identical 2 lines
2022-01-10 16:13:21.313 16798-16798/? I/TamperStatus: getStringSystemProperty(TamperStatus.java:269)[main]: WARNING: Using system property to redefine tamper status: persist.test.tamper.s=
2022-01-10 16:13:21.315 16798-16798/? I/SetupAsyncTask: onPostExecute(SetupAsyncTask.java:115)[main]: SaleActivity @9f9983c setup tasks took: 120ms
2022-01-10 16:13:21.316 16798-16798/? D/EmployeeConnector: on service success: ResultStatus{statusCode=OK, statusMessage=null}
2022-01-10 16:13:21.321 16798-16798/? D/CloverCallback: onServiceSuccess(CloverConnector.java:66)[main]: on service success: ResultStatus{statusCode=OK, statusMessage=null}
2022-01-10 16:13:21.324 2051-2051/? D/CancelableManager: Cancel: ON_STOP
2022-01-10 16:13:22.725 1202-1230/? W/ActivityManager: Stopping service due to app idle: u0a0 -5h54m32s744ms com.koushikdutta.vysor/.NotificationListenerService
2022-01-10 16:13:23.566 1202-1851/? E/TaskPersister: File error accessing recents directory (directory doesn't exist?).
2022-01-10 16:13:25.514 16798-16824/? D/SaleActivity: doInBackgroundImpl(BaseTerminalActivity.java:736)[AsyncTask #1]: update order task: created new order ID: J43QX9VD0547T
2022-01-10 16:13:25.538 16798-16824/? D/SaleActivity: doInBackgroundImpl(BaseTerminalActivity.java:740)[AsyncTask #1]: update order task: added line ID: null, for order ID: J43QX9VD0547T
2022-01-10 16:13:25.539 2190-16136/? I/ScheduledTaskService: processTaskQueue(ScheduledTaskService.java:132)[FixedQueueIntentService[ScheduledTaskService]]: Processing tasks: com.clover.content.CursorIterable@540fffd, size: 1 (1)
2022-01-10 16:13:25.539 2190-16136/? I/ScheduledTaskService: processTaskQueue(ScheduledTaskService.java:149)[FixedQueueIntentService[ScheduledTaskService]]: Oldest timestamp in queue: 1641860005504 (0.0s)
2022-01-10 16:13:25.543 16798-16798/? I/SaleActivity: onPostExecute(ConnectorSafeAsyncTask.java:64)[main]: com.clover.terminal.sale.SaleActivity$3$1 safely finished execution
2022-01-10 16:13:25.543 16798-16798/? D/SaleActivity: setOrder(BaseOrderActivity.java:733)[main]: setOrder orderId = J43QX9VD0547T
2022-01-10 16:13:25.544 16798-16798/? D/SaleActivity: setOrder(BaseOrderActivity.java:757)[main]: setOrder orderId = J43QX9VD0547T
2022-01-10 16:13:25.548 16798-16798/? I/SaleActivity: getSecurePaymentIntent(BaseTerminalActivity.java:519)[main]: starting payments for device: SECURE_PAYMENTS
2022-01-10 16:13:25.560 16798-16798/? I/ValidateMobileMiniAsyncTask: onPostExecute(ConnectorSafeAsyncTask.java:64)[main]: com.clover.common2.orders.BaseTerminalActivity$ValidateMobileMiniAsyncTask safely finished execution
2022-01-10 16:13:25.562 1202-1502/? I/ActivityTaskManager: START u0 {act=com.clover.intent.action.START_LEAFCUTTER_PAYMENT cmp=com.clover.payment.builder.pay/com.clover.payment.requestor.LeafcutterPaymentsRequestorActivity (has extras)} from uid 10053
2022-01-10 16:13:25.576 16798-16798/? W/Instrumentation: Check start activity result, res: 0
2022-01-10 16:13:25.591 16798-16798/? I/SaleActivity: onPause(CommonActivity.java:447)[main]: @9f9983c +onPause
2022-01-10 16:13:25.591 16798-16798/? I/SaleActivity: onBackground(CommonActivity.java:481)[main]: @9f9983c +onBackground
2022-01-10 16:13:25.592 16798-16798/? I/SaleActivity: onBackground(CommonActivity.java:497)[main]: @9f9983c -onBackground
2022-01-10 16:13:25.593 2190-16136/? I/CloverOkHttpClient: execute(CloverOkHttpClient.java:204)[FixedQueueIntentService[ScheduledTaskService]]: Starting method: PUT, to URL: https://apisandbox.dev.clover.com/v3/merchants/FVCBT63PVNG31/orders/J43QX9VD0547T
2022-01-10 16:13:25.593 16798-16798/? I/SaleActivity: onPause(CommonActivity.java:454)[main]: @9f9983c -onPause
2022-01-10 16:13:25.594 1202-6171/? I/ActivityTaskManager: The Process com.clover.payment.builder.pay Already Exists in BG. So sending its PID: 2442
2022-01-10 16:13:25.596 2442-2442/? W/ActivityThread: handleWindowVisibility: no activity for token android.os.BinderProxy@619bd7b
2022-01-10 16:13:25.625 2442-2442/? I/LeafcutterPaymentsRequestorActivity: onCreate(CommonActivity.java:172)[main]: @8d35798 +onCreate: null
2022-01-10 16:13:25.650 2442-2442/? I/LeafcutterPaymentsRequestorActivity: onCreate(CommonActivity.java:213)[main]: @8d35798 -onCreate
2022-01-10 16:13:25.664 2442-2442/? I/LeafcutterPaymentsRequestorActivity: onStart(CommonActivity.java:1163)[main]: @8d35798 +onStart
2022-01-10 16:13:25.667 2442-2442/? I/LeafcutterPaymentsRequestorActivity: onStart(CommonActivity.java:1181)[main]: @8d35798 -onStart
2022-01-10 16:13:25.669 2442-2442/? I/LeafcutterPaymentsRequestorActivity: onResume(CommonActivity.java:314)[main]: @8d35798 +onResume
2022-01-10 16:13:25.669 2442-2442/? I/LeafcutterPaymentsRequestorActivity: onForeground(CommonActivity.java:338)[main]: @8d35798 +onForeground
2022-01-10 16:13:25.670 2442-16295/? I/SetupAsyncTask: doInBackground(SetupAsyncTask.java:43)[AsyncTask #53]: LeafcutterPaymentsRequestorActivity @8d35798
2022-01-10 16:13:25.671 2442-2442/? I/LeafcutterPaymentsRequestorActivity: onForeground(CommonActivity.java:353)[main]: @8d35798 -onForeground
2022-01-10 16:13:25.673 2442-2442/? I/LeafcutterPaymentsRequestorActivity: onResume(CommonActivity.java:321)[main]: @8d35798 -onResume
2022-01-10 16:13:25.673 2442-2442/? W/Activity: An activity without a UI must call finish() before onResume() completes
2022-01-10 16:13:25.697 2442-16295/? I/SetupAsyncTask: doInBackground(SetupAsyncTask.java:59)[AsyncTask #53]: LeafcutterPaymentsRequestorActivity @8d35798 success: true isCancelled: false
2022-01-10 16:13:25.698 2442-2442/? I/SetupAsyncTask: onPostExecute(SetupAsyncTask.java:67)[main]: result:true, commonActivity: true
2022-01-10 16:13:25.698 2442-2442/? I/SetupAsyncTask: onPostExecute(SetupAsyncTask.java:73)[main]: LeafcutterPaymentsRequestorActivity @8d35798 isFinishing: false, resumed: true
2022-01-10 16:13:25.698 2442-2442/? I/LeafcutterPaymentsRequestorActivity: onSetupComplete(CommonActivity.java:438)[main]: @8d35798
2022-01-10 16:13:25.699 2442-2442/? I/SetupAsyncTask: onPostExecute(SetupAsyncTask.java:115)[main]: LeafcutterPaymentsRequestorActivity @8d35798 setup tasks took: 29ms
2022-01-10 16:13:25.699 2442-2442/? D/EmployeeConnector: on service success: ResultStatus{statusCode=OK, statusMessage=null}
2022-01-10 16:13:25.706 2442-2442/? I/BaseOrderActivity: onPostExecute(ConnectorSafeAsyncTask.java:64)[main]: com.clover.common2.orders.BaseOrderActivity$5 safely finished execution
2022-01-10 16:13:25.707 2442-2442/? I/LeafcutterPaymentsRequestorActivity: startSecurePayment(PaymentRequestorActivity.java:169)[main]: TX type: payment
2022-01-10 16:13:25.710 1202-3374/? I/ActivityTaskManager: START u0 {act=clover.intent.action.START_SECURE_PAYMENT cmp=com.clover.payment.executor.secure/.PaymentActivity (has extras)} from uid 10067
2022-01-10 16:13:25.719 2442-2442/? W/Instrumentation: Check start activity result, res: 0
2022-01-10 16:13:25.722 2442-2442/? I/LeafcutterPaymentsRequestorActivity: onPause(CommonActivity.java:447)[main]: @8d35798 +onPause
2022-01-10 16:13:25.722 2442-2442/? I/LeafcutterPaymentsRequestorActivity: onBackground(CommonActivity.java:481)[main]: @8d35798 +onBackground
2022-01-10 16:13:25.724 2442-2442/? I/LeafcutterPaymentsRequestorActivity: onBackground(CommonActivity.java:497)[main]: @8d35798 -onBackground
2022-01-10 16:13:25.724 2442-2442/? I/LeafcutterPaymentsRequestorActivity: onPause(CommonActivity.java:454)[main]: @8d35798 -onPause
2022-01-10 16:13:25.726 1202-1385/? I/ActivityTaskManager: The Process com.clover.payment.executor.secure Already Exists in BG. So sending its PID: 16721
2022-01-10 16:13:25.747 1202-1385/? I/ActivityTaskManager: Config changes=20000480 {1.0 310mcc170mnc [en_US] ldltr sw360dp w592dp h336dp 320dpi nrml land finger -keyb/v/h -nav/h winConfig={ mBounds=Rect(0, 0 - 1280, 720) mAppBounds=Rect(0, 0 - 1184, 720) mWindowingMode=fullscreen mDisplayWindowingMode=fullscreen mActivityType=undefined mAlwaysOnTop=undefined mRotation=ROTATION_90} s.2166}
2022-01-10 16:13:25.757 1202-1385/? I/ActivityTaskManager: Override config changes=20000480 {1.0 310mcc170mnc [en_US] ldltr sw360dp w592dp h336dp 320dpi nrml land finger -keyb/v/h -nav/h winConfig={ mBounds=Rect(0, 0 - 1280, 720) mAppBounds=Rect(0, 0 - 1184, 720) mWindowingMode=fullscreen mDisplayWindowingMode=fullscreen mActivityType=undefined mAlwaysOnTop=undefined mRotation=ROTATION_90} s.2166} for displayId=0
2022-01-10 16:13:25.766 16721-16721/? W/ActivityThread: handleWindowVisibility: no activity for token android.os.BinderProxy@54b70e4
2022-01-10 16:13:25.785 1202-1223/? I/InputManager-JNI: Viewport [0] to add: local:0
2022-01-10 16:13:25.790 16721-16721/? I/PaymentActivity: onCreate(BaseActivity.java:85)[main]: created
2022-01-10 16:13:25.791 1202-1295/? I/InputReader: Reconfiguring input devices. changes=0x00000004
2022-01-10 16:13:25.791 1202-1295/? I/InputReader: Device reconfigured: id=5, name='MELFAS_MIT300_Touchscreen', size 720x1280, orientation 1, mode 1, display id 0
2022-01-10 16:13:25.793 16721-16721/? I/spa-common: *** BEGIN TRANSACTION ***
2022-01-10 16:13:25.798 2442-2442/? I/LeafcutterPaymentsRequestorActivity: onStop(CommonActivity.java:1186)[main]: @8d35798 +onStop
2022-01-10 16:13:25.809 2442-2442/? I/LeafcutterPaymentsRequestorActivity: onStop(CommonActivity.java:1198)[main]: @8d35798 -onStop
2022-01-10 16:13:25.817 16798-16798/? I/SaleActivity: onStop(CommonActivity.java:1186)[main]: @9f9983c +onStop
2022-01-10 16:13:25.821 16798-16798/? I/SaleActivity: onStop(CommonActivity.java:1198)[main]: @9f9983c -onStop
2022-01-10 16:13:25.827 1202-1219/? I/ActivityTaskManager: Stop app switches, calling UID: 10039, calling PID: 16721, clover? true, granted? false
2022-01-10 16:13:25.834 16721-16721/? I/PaymentActivity: onStart(BaseActivity.java:142)[main]: started
2022-01-10 16:13:25.835 1202-6171/? I/ActivityTaskManager: Stop app switches, calling UID: 10039, calling PID: 16721, clover? true, granted? false
2022-01-10 16:13:25.839 16721-16721/? I/PaymentActivity: onResume(BaseActivity.java:160)[main]: resumed
2022-01-10 16:13:25.846 1360-1360/? D/StatusBar: disable disable2
2022-01-10 16:13:25.858 16721-16752/? I/AdrenoGLES: QUALCOMM build : 0375d97, Ie9e01e6b9f Build Date : 01/04/21 OpenGL ES Shader Compiler Version: EV031.27.05.10 Local Branch : Remote Branch : Remote Branch : Reconstruct Branch :
2022-01-10 16:13:25.858 16721-16752/? I/AdrenoGLES: Build Config : S L 8.0.12 AArch64
2022-01-10 16:13:25.862 16721-16752/? I/AdrenoGLES: PFP: 0x005ff113, ME: 0x005ff066
2022-01-10 16:13:25.882 16721-16721/? I/CheckAndSetCardholderLanguageTask: next(ChainedAsyncTask.java:72)[main]: starting next task: com.clover.payment.executor.secure.setup.task.FetchEmployeeIdTask, for task: com.clover.payment.executor.secure.setup.task.CheckAndSetCardholderLanguageTask
2022-01-10 16:13:25.892 391-391/? I/hwservicemanager: getTransport: Cannot find entry vendor.qti.hardware.iop@2.0::IIop/default in either framework or device manifest.
2022-01-10 16:13:25.892 1202-1229/? I/ActivityTaskManager: Displayed com.clover.payment.executor.secure/.PaymentActivity: +202ms
2022-01-10 16:13:25.894 391-391/? I/hwservicemanager: getTransport: Cannot find entry vendor.qti.hardware.iop@2.0::IIop/default in either framework or device manifest.
2022-01-10 16:13:25.899 2190-2366/? W/ContentProvider: Normalized content://com.clover.lockscreen//employee to content://com.clover.lockscreen/employee to avoid possible security issues
2022-01-10 16:13:25.924 16721-16721/? I/FetchEmployeeIdTask: next(ChainedAsyncTask.java:72)[main]: starting next task: com.clover.payment.executor.secure.setup.task.CheckPrinterTask, for task: com.clover.payment.executor.secure.setup.task.FetchEmployeeIdTask
2022-01-10 16:13:25.924 16721-16743/? I/CheckPrinterTask: doInBackground(CheckPrinterTask.java:16)[AsyncTask #1]: checking printers ...
2022-01-10 16:13:25.928 1360-1360/? D/StatusBar: disable disable2
2022-01-10 16:13:25.938 16721-16721/? I/CheckPrinterTask: onPostExecute(CheckPrinterTask.java:29)[main]: printer set? true
2022-01-10 16:13:25.938 16721-16721/? I/CheckPrinterTask: next(ChainedAsyncTask.java:72)[main]: starting next task: com.clover.payment.executor.secure.setup.task.FetchCloverPropertiesTask, for task: com.clover.payment.executor.secure.setup.task.CheckPrinterTask
2022-01-10 16:13:25.941 16721-16721/? I/FetchCloverPropertiesTask: next(ChainedAsyncTask.java:72)[main]: starting next task: com.clover.payment.executor.secure.setup.task.HeadlessFetchCloverPropertiesTask, for task: com.clover.payment.executor.secure.setup.task.FetchCloverPropertiesTask
2022-01-10 16:13:25.944 16721-16721/? I/HeadlessFetchCloverPropertiesTask: next(ChainedAsyncTask.java:72)[main]: starting next task: com.clover.payment.executor.secure.setup.task.HeadlessCheckPrinterTask, for task: com.clover.payment.executor.secure.setup.task.HeadlessFetchCloverPropertiesTask
2022-01-10 16:13:25.956 16721-16721/? I/HeadlessCheckPrinterTask: onPostExecute(HeadlessCheckPrinterTask.java:36)[main]: printer set? true
2022-01-10 16:13:25.957 16721-16721/? I/HeadlessCheckPrinterTask: next(ChainedAsyncTask.java:72)[main]: starting next task: com.clover.payment.executor.secure.setup.task.HeadlessFetchEmployeeIdTask, for task: com.clover.payment.executor.secure.setup.task.HeadlessCheckPrinterTask
2022-01-10 16:13:25.958 2190-12822/? W/ContentProvider: Normalized content://com.clover.lockscreen//employee to content://com.clover.lockscreen/employee to avoid possible security issues
2022-01-10 16:13:25.967 16721-16721/? I/HeadlessFetchEmployeeIdTask: next(ChainedAsyncTask.java:72)[main]: starting next task: com.clover.payment.executor.secure.setup.task.CheckTransactionSettingsTask, for task: com.clover.payment.executor.secure.setup.task.HeadlessFetchEmployeeIdTask
2022-01-10 16:13:25.967 16721-16721/? I/CheckTransactionSettingsTask: next(ChainedAsyncTask.java:72)[main]: starting next task: com.clover.payment.executor.secure.setup.task.SetCheckCardEntryMethodsTask, for task: com.clover.payment.executor.secure.setup.task.CheckTransactionSettingsTask
2022-01-10 16:13:25.970 1202-1219/? I/WindowManager: Screen frozen for +243ms due to Window{6c9dc70 u0 StatusBar}
2022-01-10 16:13:25.991 16721-16721/? I/SetCheckCardEntryMethodsTask: onPostExecute(SetCheckCardEntryMethodsTask.java:63)[main]: card entry methods: 0f
2022-01-10 16:13:25.992 16721-16721/? I/SetCheckCardEntryMethodsTask: next(ChainedAsyncTask.java:72)[main]: starting next task: com.clover.payment.executor.secure.setup.task.ReadAdditionalChargeTask, for task: com.clover.payment.executor.secure.setup.task.SetCheckCardEntryMethodsTask
2022-01-10 16:13:25.993 16721-16743/? I/ReadAdditionalChargeTask: doInBackground(ReadAdditionalChargeTask.java:17)[AsyncTask #1]: Read additional charge setting ...
2022-01-10 16:13:26.005 16721-16721/? I/ReadAdditionalChargeTask: next(ChainedAsyncTask.java:72)[main]: starting next task: com.clover.payment.executor.secure.setup.task.ReadDCCTask, for task: com.clover.payment.executor.secure.setup.task.ReadAdditionalChargeTask
2022-01-10 16:13:26.006 16721-16743/? I/ReadDCCTask: doInBackground(ReadDCCTask.java:16)[AsyncTask #1]: Read DCC Settings ...
2022-01-10 16:13:26.012 1360-1360/? D/StatusBar: disable disable2
2022-01-10 16:13:26.014 16721-16721/? I/ReadDCCTask: next(ChainedAsyncTask.java:72)[main]: starting next task: com.clover.payment.executor.secure.task.CheckPinSettingsTask, for task: com.clover.payment.executor.secure.setup.task.ReadDCCTask
2022-01-10 16:13:26.020 16721-16721/? I/CheckPinSettingsTask: onPostExecute(CheckPinSettingsTask.java:60)[main]: conflicted? false
2022-01-10 16:13:26.021 16721-16721/? I/CheckPinSettingsTask: next(SetupTask.java:64)[main]: chain finished, next is null for task: com.clover.payment.executor.secure.task.CheckPinSettingsTask
2022-01-10 16:13:26.092 16721-16721/? I/BaseActivity: run(BaseActivity.java:315)[main]: replacing fragment: MessageFragment{64d29e5}, with tag: PROCESSING
2022-01-10 16:13:26.112 16721-16721/? I/FetchConfigTask: next(ChainedAsyncTask.java:72)[main]: starting next task: com.clover.payment.executor.secure.setup.task.FetchTerminalParamsTask, for task: com.clover.payment.executor.secure.setup.task.FetchConfigTask
2022-01-10 16:13:26.116 2190-16136/? I/CloverOkHttpClient: execute(CloverOkHttpClient.java:256)[FixedQueueIntentService[ScheduledTaskService]]: Completed method: PUT, to URL: https://apisandbox.dev.clover.com/v3/merchants/FVCBT63PVNG31/orders/J43QX9VD0547T, response: 200 (OK), elapsed time: 523ms
2022-01-10 16:13:26.121 16721-16721/? I/FetchTerminalParamsTask: next(ChainedAsyncTask.java:72)[main]: starting next task: com.clover.payment.executor.secure.setup.task.CheckVoidOfRefundsEnabledTask, for task: com.clover.payment.executor.secure.setup.task.FetchTerminalParamsTask
2022-01-10 16:13:26.135 16721-16721/? I/CheckVoidOfRefundsEnabledTask: next(ChainedAsyncTask.java:72)[main]: starting next task: com.clover.payment.executor.secure.setup.task.CheckEntitlementsTask, for task: com.clover.payment.executor.secure.setup.task.CheckVoidOfRefundsEnabledTask
2022-01-10 16:13:26.146 16721-16721/? I/CheckEntitlementsTask: next(ChainedAsyncTask.java:72)[main]: starting next task: com.clover.payment.executor.secure.setup.task.CheckOperationModeTask, for task: com.clover.payment.executor.secure.setup.task.CheckEntitlementsTask
2022-01-10 16:13:26.147 16721-16721/? I/CheckOperationModeTask: next(ChainedAsyncTask.java:72)[main]: starting next task: com.clover.payment.executor.secure.setup.task.CheckOfflinePaymentPossibilityTask, for task: com.clover.payment.executor.secure.setup.task.CheckOperationModeTask
2022-01-10 16:13:26.155 2190-16136/? I/ScheduledTaskService: processTaskQueue(ScheduledTaskService.java:132)[FixedQueueIntentService[ScheduledTaskService]]: Processing tasks: com.clover.content.CursorIterable@f8e8733, size: 2 (2)
2022-01-10 16:13:26.155 2190-16136/? I/ScheduledTaskService: processTaskQueue(ScheduledTaskService.java:149)[FixedQueueIntentService[ScheduledTaskService]]: Oldest timestamp in queue: 1641860005534 (0.6s)
2022-01-10 16:13:26.179 2190-16136/? I/CloverOkHttpClient: execute(CloverOkHttpClient.java:204)[FixedQueueIntentService[ScheduledTaskService]]: Starting method: PUT, to URL: https://apisandbox.dev.clover.com/v3/merchants/FVCBT63PVNG31/orders/J43QX9VD0547T/line_items/F635B6Z380FHR
2022-01-10 16:13:26.209 16721-16721/? I/CheckOfflinePaymentPossibilityTask: next(ChainedAsyncTask.java:72)[main]: starting next task: com.clover.payment.executor.secure.setup.task.CheckContactlessConfiguredTask, for task: com.clover.payment.executor.secure.setup.task.CheckOfflinePaymentPossibilityTask
2022-01-10 16:13:26.211 16721-16721/? I/CheckContactlessConfiguredTask: next(ChainedAsyncTask.java:72)[main]: starting next task: com.clover.payment.executor.secure.setup.task.CheckContactlessFloorLimitTask, for task: com.clover.payment.executor.secure.setup.task.CheckContactlessConfiguredTask
2022-01-10 16:13:26.212 16721-16721/? I/CheckContactlessFloorLimitTask: next(ChainedAsyncTask.java:72)[main]: starting next task: com.clover.payment.executor.secure.setup.task.CheckContactlessPostProcessTask, for task: com.clover.payment.executor.secure.setup.task.CheckContactlessFloorLimitTask
2022-01-10 16:13:26.213 16721-16721/? I/CheckContactlessPostProcessTask: next(ChainedAsyncTask.java:72)[main]: starting next task: com.clover.payment.executor.secure.setup.task.GetSettingsTask, for task: com.clover.payment.executor.secure.setup.task.CheckContactlessPostProcessTask
2022-01-10 16:13:26.238 16721-16721/? I/GetSettingsTask: next(ChainedAsyncTask.java:72)[main]: starting next task: com.clover.payment.executor.secure.setup.task.FetchFeatureFlagsTask, for task: com.clover.payment.executor.secure.setup.task.GetSettingsTask
2022-01-10 16:13:26.240 16721-16721/? I/FetchFeatureFlagsTask: next(ChainedAsyncTask.java:72)[main]: starting next task: com.clover.payment.executor.secure.setup.task.ConnectVasProvidersTask, for task: com.clover.payment.executor.secure.setup.task.FetchFeatureFlagsTask
2022-01-10 16:13:26.241 16721-16721/? I/ConnectVasProvidersTask: next(ChainedAsyncTask.java:72)[main]: starting next task: com.clover.payment.executor.secure.setup.task.InitSessionTask, for task: com.clover.payment.executor.secure.setup.task.ConnectVasProvidersTask
2022-01-10 16:13:26.242 16721-16743/? I/DefaultSecureBoardExchange: open(DefaultSecureBoardExchange.java:43)[AsyncTask #1]: opening session ...
2022-01-10 16:13:26.243 2190-16136/? I/CloverOkHttpClient: execute(CloverOkHttpClient.java:256)[FixedQueueIntentService[ScheduledTaskService]]: Completed method: PUT, to URL: https://apisandbox.dev.clover.com/v3/merchants/FVCBT63PVNG31/orders/J43QX9VD0547T/line_items/F635B6Z380FHR, response: 200 (OK), elapsed time: 63ms
2022-01-10 16:13:26.243 1954-2003/? D/SecureBoardConnectionProvider: Package com.clover.payment.executor.secure is attempting to open a session...
2022-01-10 16:13:26.247 1954-2157/? D/SecureBoardController: Setting power level to RUNNING
2022-01-10 16:13:26.249 1954-2157/? D/SecureBoardController: STOP wakeup
2022-01-10 16:13:26.259 1954-2003/? D/SecureBoardConnectionProvider: Opened SBs: [1286]
2022-01-10 16:13:26.260 614-5677/? I/AudioFlinger: setMicMuteOverride() mute: on
2022-01-10 16:13:26.260 566-1321/? W/DeviceHAL: Error from HAL Device in function get_mic_mute: Function not implemented
2022-01-10 16:13:26.260 566-674/? W/DeviceHAL: Error from HAL Device in function get_mic_mute: Function not implemented
2022-01-10 16:13:26.260 566-674/? D/audio_hw_primary: adev_set_mic_mute state 1
2022-01-10 16:13:26.260 566-674/? W/DeviceHAL: Error from HAL Device in function set_mic_mute: Function not implemented
2022-01-10 16:13:26.260 566-1321/? W/DeviceHAL: Error from HAL Device in function set_mic_mute: Function not implemented
2022-01-10 16:13:26.260 1202-1502/? E/AudioSystem-JNI: Command failed for android_media_AudioSystem_muteMicrophoneOverride: -38
2022-01-10 16:13:26.261 1954-2003/? D/SecureBoardConnectionProvider: Package com.clover.payment.executor.secure successfully opened a session, token: SessionToken{callingPackage='com.clover.payment.executor.secure', id=-8680096553716497702, isAcquiredAudio=false, isAccelDisabled=true}
2022-01-10 16:13:26.262 16721-16743/? I/DefaultSecureBoardExchange: open(DefaultSecureBoardExchange.java:47)[AsyncTask #1]: open session complete, 19ms
2022-01-10 16:13:26.262 16721-16721/? I/InitSessionTask: next(ChainedAsyncTask.java:72)[main]: starting next task: com.clover.payment.executor.secure.setup.task.CheckConfigTask, for task: com.clover.payment.executor.secure.setup.task.InitSessionTask
2022-01-10 16:13:26.266 16721-16721/? I/BaseActivity: run(BaseActivity.java:315)[main]: replacing fragment: MessageFragment{e037858}, with tag: CONFIGURING
2022-01-10 16:13:26.271 16721-16743/? I/PaymentController: isVasConfigNeeded(AbstractPaymentController.java:399)[AsyncTask #1]: vas config needed? true
2022-01-10 16:13:26.277 16721-16743/? I/PaymentController: isConfigNeeded(AbstractPaymentController.java:382)[AsyncTask #1]: config needed? false
2022-01-10 16:13:26.281 2190-16136/? I/CloverOkHttpClient: execute(CloverOkHttpClient.java:204)[FixedQueueIntentService[ScheduledTaskService]]: Starting method: POST, to URL: https://apisandbox.dev.clover.com/v3/merchants/FVCBT63PVNG31/orders/J43QX9VD0547T
2022-01-10 16:13:26.291 16721-16721/? I/CheckConfigTask: next(SetupTask.java:64)[main]: chain finished, next is null for task: com.clover.payment.executor.secure.setup.task.CheckConfigTask
2022-01-10 16:13:26.291 16721-16771/? D/com.clover.payment.executor.secure.CardReaderTx: Time before: 0 [CHECK_CONFIG]
2022-01-10 16:13:26.308 16721-16771/? D/com.clover.payment.executor.secure.CardReaderTx: Time after: 17 [CHECK_CONFIG]
2022-01-10 16:13:26.342 2190-16136/? I/CloverOkHttpClient: execute(CloverOkHttpClient.java:256)[FixedQueueIntentService[ScheduledTaskService]]: Completed method: POST, to URL: https://apisandbox.dev.clover.com/v3/merchants/FVCBT63PVNG31/orders/J43QX9VD0547T, response: 200 (OK), elapsed time: 60ms
2022-01-10 16:13:26.372 16721-16771/? I/CardReaderTx: confirmProvisionStatus(CardReader.java:1208)[com.clover.payment.executor.secure.CardReaderTx-pool-11-thread-1]: Secure board 1286 properly provisioned
2022-01-10 16:13:26.377 16721-16721/? I/V3StartButtonProvider: getStartButtons(BaseStartButtonProvider.java:86)[main]: start button items: []
2022-01-10 16:13:26.380 16721-16721/? I/chatty: uid=10039(com.clover.payment.executor.secure) identical 3 lines
2022-01-10 16:13:26.381 16721-16721/? I/V3StartButtonProvider: getStartButtons(BaseStartButtonProvider.java:86)[main]: start button items: []
2022-01-10 16:13:26.381 2190-16136/? I/ScheduledTaskService: processTaskQueue(ScheduledTaskService.java:132)[FixedQueueIntentService[ScheduledTaskService]]: Processing tasks: com.clover.content.CursorIterable@1534af0, size: 0 (0)
2022-01-10 16:13:26.382 16721-16721/? I/V3StartButtonProvider: getStartButtons(BaseStartButtonProvider.java:86)[main]: start button items: []
2022-01-10 16:13:26.384 16721-16721/? I/chatty: uid=10039(com.clover.payment.executor.secure) identical 1 line
2022-01-10 16:13:26.386 16721-16721/? I/V3StartButtonProvider: getStartButtons(BaseStartButtonProvider.java:86)[main]: start button items: []
2022-01-10 16:13:26.389 16721-16771/? D/com.clover.payment.executor.secure.CardReaderTx: Time before: 17 [PREPARE]
2022-01-10 16:13:26.389 2190-16136/? I/ScheduledTaskService: processTaskQueue(ScheduledTaskService.java:132)[FixedQueueIntentService[ScheduledTaskService]]: Processing tasks: com.clover.content.CursorIterable@6ec3869, size: 0 (0)
2022-01-10 16:13:26.412 16721-16771/? D/com.clover.payment.executor.secure.CardReaderTx: Time after: 40 [PREPARE]
2022-01-10 16:13:26.416 16721-16721/? I/V3StartButtonProvider: getStartButtons(BaseStartButtonProvider.java:86)[main]: start button items: []
2022-01-10 16:13:26.421 16721-16771/? D/com.clover.payment.executor.secure.CardReaderTx: Time before: 40 [START]
2022-01-10 16:13:26.423 16721-16721/? I/BaseActivity: run(BaseActivity.java:315)[main]: replacing fragment: BayleafStartFragment{3511893}, with tag: START
2022-01-10 16:13:26.431 1202-1223/? I/ActivityTaskManager: Config changes=20000480 {1.0 310mcc170mnc [en_US] ldltr sw360dp w360dp h568dp 320dpi nrml port finger -keyb/v/h -nav/h winConfig={ mBounds=Rect(0, 0 - 720, 1280) mAppBounds=Rect(0, 0 - 720, 1184) mWindowingMode=fullscreen mDisplayWindowingMode=fullscreen mActivityType=undefined mAlwaysOnTop=undefined mRotation=ROTATION_0} s.2201}
2022-01-10 16:13:26.440 1202-1223/? I/ActivityTaskManager: Override config changes=20000480 {1.0 310mcc170mnc [en_US] ldltr sw360dp w360dp h568dp 320dpi nrml port finger -keyb/v/h -nav/h winConfig={ mBounds=Rect(0, 0 - 720, 1280) mAppBounds=Rect(0, 0 - 720, 1184) mWindowingMode=fullscreen mDisplayWindowingMode=fullscreen mActivityType=undefined mAlwaysOnTop=undefined mRotation=ROTATION_0} s.2201} for displayId=0
2022-01-10 16:13:26.451 1202-1223/? I/InputManager-JNI: Viewport [0] to add: local:0
2022-01-10 16:13:26.455 16721-16721/? D/AndroidRuntime: Shutting down VM
2022-01-10 16:13:26.457 1202-1295/? I/InputReader: Reconfiguring input devices. changes=0x00000004
2022-01-10 16:13:26.457 1202-1295/? I/InputReader: Device reconfigured: id=5, name='MELFAS_MIT300_Touchscreen', size 720x1280, orientation 0, mode 1, display id 0
2022-01-10 16:13:26.460 1360-1360/? D/StatusBar: disable disable2 --------- beginning of crash
2022-01-10 16:13:26.460 16721-16721/? E/AndroidRuntime: FATAL EXCEPTION: main Process: com.clover.payment.executor.secure, PID: 16721 android.content.res.Resources$NotFoundException: Resource ID #0x7f0c00b6
at android.content.res.ResourcesImpl.getValue(ResourcesImpl.java:237)
at android.content.res.Resources.loadXmlResourceParser(Resources.java:2281)
at android.content.res.Resources.getLayout(Resources.java:1175)
at android.view.LayoutInflater.inflate(LayoutInflater.java:532)
at com.clover.payment.executor.secure.ui.StartFragment.onCreateView(StartFragment.java:122)
at com.clover.payment.executor.secure.ui.BayleafStartFragment.onCreateView(BayleafStartFragment.java:29)
at android.app.Fragment.performCreateView(Fragment.java:2534)
at android.app.FragmentManagerImpl.moveToState(FragmentManager.java:1303)
at android.app.FragmentManagerImpl.moveFragmentToExpectedState(FragmentManager.java:1581)
at android.app.FragmentManagerImpl.moveToState(FragmentManager.java:1642)
at android.app.BackStackRecord.executeOps(BackStackRecord.java:807)
at android.app.FragmentManagerImpl.executeOps(FragmentManager.java:2410)
at android.app.FragmentManagerImpl.executeOpsTogether(FragmentManager.java:2205)
at android.app.FragmentManagerImpl.removeRedundantOperationsAndExecute(FragmentManager.java:2160)
at android.app.FragmentManagerImpl.execPendingActions(FragmentManager.java:2067)
at android.app.FragmentManagerImpl.executePendingTransactions(FragmentManager.java:822)
at com.clover.payment.executor.secure.BaseActivity$2.run(BaseActivity.java:325)
at android.os.Handler.handleCallback(Handler.java:883)
at android.os.Handler.dispatchMessage(Handler.java:100)
at android.os.Looper.loop(Looper.java:214)
at android.app.ActivityThread.main(ActivityThread.java:7412)
at java.lang.reflect.Method.invoke(Native Method)
at com.android.internal.os.RuntimeInit$MethodAndArgsCaller.run(RuntimeInit.java:492)
at com.android.internal.os.ZygoteInit.main(ZygoteInit.java:935)
2022-01-10 16:13:26.462 16721-16721/? E/AbstractPaymentController: uncaughtException(AbstractPaymentController.java:195)[main]: uncaught exception android.content.res.Resources$NotFoundException: Resource ID #0x7f0c00b6
at android.content.res.ResourcesImpl.getValue(ResourcesImpl.java:237)
at android.content.res.Resources.loadXmlResourceParser(Resources.java:2281)
at android.content.res.Resources.getLayout(Resources.java:1175)
at android.view.LayoutInflater.inflate(LayoutInflater.java:532)
at com.clover.payment.executor.secure.ui.StartFragment.onCreateView(StartFragment.java:122)
at com.clover.payment.executor.secure.ui.BayleafStartFragment.onCreateView(BayleafStartFragment.java:29)
at android.app.Fragment.performCreateView(Fragment.java:2534)
at android.app.FragmentManagerImpl.moveToState(FragmentManager.java:1303)
at android.app.FragmentManagerImpl.moveFragmentToExpectedState(FragmentManager.java:1581)
at android.app.FragmentManagerImpl.moveToState(FragmentManager.java:1642)
at android.app.BackStackRecord.executeOps(BackStackRecord.java:807)
at android.app.FragmentManagerImpl.executeOps(FragmentManager.java:2410)
at android.app.FragmentManagerImpl.executeOpsTogether(FragmentManager.java:2205)
at android.app.FragmentManagerImpl.removeRedundantOperationsAndExecute(FragmentManager.java:2160)
at android.app.FragmentManagerImpl.execPendingActions(FragmentManager.java:2067)
at android.app.FragmentManagerImpl.executePendingTransactions(FragmentManager.java:822)
at com.clover.payment.executor.secure.BaseActivity$2.run(BaseActivity.java:325)
at android.os.Handler.handleCallback(Handler.java:883)
at android.os.Handler.dispatchMessage(Handler.java:100)
at android.os.Looper.loop(Looper.java:214)
at android.app.ActivityThread.main(ActivityThread.java:7412)
at java.lang.reflect.Method.invoke(Native Method)
at com.android.internal.os.RuntimeInit$MethodAndArgsCaller.run(RuntimeInit.java:492)
at com.android.internal.os.ZygoteInit.main(ZygoteInit.java:935)
2022-01-10 16:13:26.464 16721-16845/? D/com.clover.payment.executor.secure.CardReaderTx: Time before: 40 [FINALIZE]
2022-01-10 16:13:26.468 1202-1688/? I/ActivityManager: Appending logcat output to error...
2022-01-10 16:13:26.468 1202-6171/? I/ActivityManager: Resuming app switches for packages: [com.clover.payment.executor.secure] because of crash, requesting UID was: 10039
2022-01-10 16:13:26.469 1202-6171/? W/ActivityTaskManager: Force finishing activity com.clover.payment.executor.secure/.PaymentActivity
2022-01-10 16:13:26.482 16721-16721/? I/Process: Sending signal. PID: 16721 SIG: 9
2022-01-10 16:13:26.531 1202-1294/? W/InputDispatcher: channel '1feef5a com.clover.payment.executor.secure/com.clover.payment.executor.secure.PaymentActivity (server)' ~ Consumer closed input channel or an error occurred. events=0x9
2022-01-10 16:13:26.531 1202-1294/? E/InputDispatcher: channel '1feef5a com.clover.payment.executor.secure/com.clover.payment.executor.secure.PaymentActivity (server)' ~ Channel is unrecoverably broken and will be disposed!
2022-01-10 16:13:26.540 1360-1360/? D/StatusBar: disable disable2
2022-01-10 16:13:26.548 1954-2108/? D/SecureBoardConnectionProvider: Binder died
2022-01-10 16:13:26.549 1954-16841/? D/SecureBoardConnectionProvider: Ping binder failed, watchdog force closing session
2022-01-10 16:13:26.549 1954-16841/? W/SecureBoardManager-0506: Resetting secure board
2022-01-10 16:13:26.549 1202-6784/? I/WindowManager: WIN DEATH: Window{1feef5a u0 com.clover.payment.executor.secure/com.clover.payment.executor.secure.PaymentActivity}
2022-01-10 16:13:26.549 1202-6784/? W/InputDispatcher: Attempted to unregister already unregistered input channel '1feef5a com.clover.payment.executor.secure/com.clover.payment.executor.secure.PaymentActivity (server)'
2022-01-10 16:13:26.550 1954-2003/? W/SecureBoardManager-0506: [read] error unexpected num bytes read: -1 bytes
2022-01-10 16:13:26.550 1954-2003/? E/SecureBoardManager-0506: [read] data transfer error
2022-01-10 16:13:26.550 1202-4148/? I/ActivityManager: Process com.clover.payment.executor.secure (pid 16721) has died: fore TOP
2022-01-10 16:13:26.550 1954-2003/? D/SecureBoardConnectionProvider: Transfer failed
2022-01-10 16:13:26.550 1954-1986/? E/SecureBoardManager-0506: [write] data transfer error
2022-01-10 16:13:26.550 1954-1986/? D/SecureBoardConnectionProvider: Transfer failed
2022-01-10 16:13:26.550 995-995/? I/Zygote: Process 16721 exited due to signal 9 (Killed)
2022-01-10 16:13:26.552 1202-1232/? I/libprocessgroup: Successfully killed process cgroup uid 10039 pid 16721 in 0ms
2022-01-10 16:13:26.561 2442-2442/? I/LeafcutterPaymentsRequestorActivity: onStart(CommonActivity.java:1163)[main]: @8d35798 +onStart
2022-01-10 16:13:26.584 1202-1688/? I/ActivityManager: Done appending logcat output to error (116 ms)
2022-01-10 16:13:26.584 1202-1688/? I/ActivityManager: Dropbox tag: data_app_crash, appending dumpsys output to error...
