2022-01-10 16:13:27.995 2190-2190/? I/Receiver: onReceive(UsbDeviceService.java:93)[main]: USB device attached : UsbDevice[mName=/dev/bus/usb/001/014,mVendorId=10483,mProductId=1286,mClass=0,mSubclass=0,mProtocol=0,mManufacturerName=Clover,mProductName=Secure Brd 0B 02.02.0747 #0000207f PROD,mVersion=1.01,mSerialNumberReader=android.hardware.usb.IUsbSerialReader$Stub$Proxy@8518808,mConfigurations=[ UsbConfiguration[mId=0,mName=null,mAttributes=192,mMaxPower=50,mInterfaces=[ UsbInterface[mId=0,mAlternateSetting=0,mName=null,mClass=255,mSubclass=0,mProtocol=0,mEndpoints=[ UsbEndpoint[mAddress=129,mAttributes=2,mMaxPacketSize=512,mInterval=0] UsbEndpoint[mAddress=1,mAttributes=2,mMaxPacketSize=512,mInterval=0]]]]
2022-01-10 16:13:28.012 2190-16984/? I/UsbPermissions: newInstance(UsbPermissions.java:51)[IntentService[com.clover.engine.usb.UsbDeviceService]]: New USB permissions instance: com.clover.engine.providers.AppsUsbPermissions@6a74e7f
2022-01-10 16:13:28.015 2190-16984/? I/AppsUsbPermissions: getOpenAppMarketPackageNames(UsbPermissions.java:109)[IntentService[com.clover.engine.usb.UsbDeviceService]]: Checking URI: content://com.clover.apps_v3/app_usb_device
2022-01-10 16:13:28.015 2190-16984/? I/AppsUsbPermissions: getOpenAppMarketPackageNames(UsbPermissions.java:116)[IntentService[com.clover.engine.usb.UsbDeviceService]]: For USB device: 0x28F3,0x0506, got package names: []
2022-01-10 16:13:28.019 16851-16851/? W/dumpsys: type=1400 audit(0.0:10879): avc: denied { write } for path="pipe:[174943]" dev="pipefs" ino=174943 scontext=u:r:installd:s0 tcontext=u:r:system_server:s0 tclass=fifo_file permissive=0
2022-01-10 16:13:28.033 1010-1010/? I/netd: isAlive() -> {"true"} <0.01ms>
2022-01-10 16:13:28.375 16798-16859/? I/r.terminal.sal: Explicit concurrent copying GC freed 32238(1668KB) AllocSpace objects, 19(368KB) LOS objects, 49% free, 2104KB/4208KB, paused 246us total 62.175ms
2022-01-10 16:13:28.469 580-580/? W/memtrack@1.0-se: type=1400 audit(0.0:10883): avc: denied { search } for name="kgsl" dev="sysfs" ino=34090 scontext=u:r:hal_memtrack_default:s0 tcontext=u:object_r:sysfs_kgsl:s0 tclass=dir permissive=0
2022-01-10 16:13:28.593 2190-12821/? I/m.clover.engin: Explicit concurrent copying GC freed 105024(12MB) AllocSpace objects, 10(20MB) LOS objects, 49% free, 4254KB/8509KB, paused 250us total 114.151ms
2022-01-10 16:13:28.679 580-580/? W/memtrack@1.0-se: type=1400 audit(0.0:10885): avc: denied { search } for name="kgsl" dev="sysfs" ino=34090 scontext=u:r:hal_memtrack_default:s0 tcontext=u:object_r:sysfs_kgsl:s0 tclass=dir permissive=0
2022-01-10 16:13:28.741 2051-6385/? I/clover.launche: Explicit concurrent copying GC freed 1748(196KB) AllocSpace objects, 2(40KB) LOS objects, 24% free, 2624KB/3499KB, paused 180us total 51.787ms
2022-01-10 16:13:28.812 1202-1223/? I/system_server: Explicit concurrent copying GC freed 10737(562KB) AllocSpace objects, 9(5316KB) LOS objects, 42% free, 20MB/36MB, paused 348us total 134.895ms
2022-01-10 16:13:28.839 580-580/? W/memtrack@1.0-se: type=1400 audit(0.0:10887): avc: denied { search } for name="kgsl" dev="sysfs" ino=34090 scontext=u:r:hal_memtrack_default:s0 tcontext=u:object_r:sysfs_kgsl:s0 tclass=dir permissive=0
2022-01-10 16:13:28.880 11366-11393/? I/.terminal.kios: Explicit concurrent copying GC freed 330(69KB) AllocSpace objects, 2(40KB) LOS objects, 32% free, 1064KB/1576KB, paused 163us total 26.181ms
2022-01-10 16:13:28.955 1954-16841/? D/SecureBoardConnectionProvider: Closing session: FORCE, token: SessionToken{callingPackage='com.clover.payment.executor.secure', id=-8680096553716497702, isAcquiredAudio=false, isAccelDisabled=true}
2022-01-10 16:13:28.955 1954-16841/? D/UsbDeviceConnectionJNI: close
2022-01-10 16:13:28.956 614-6799/? I/AudioFlinger: setMicMuteOverride() mute: off
2022-01-10 16:13:28.956 566-1321/? D/audio_hw_primary: adev_set_mic_mute state 0
2022-01-10 16:13:28.956 566-1321/? W/DeviceHAL: Error from HAL Device in function set_mic_mute: Function not implemented
2022-01-10 16:13:28.957 566-1321/? W/DeviceHAL: Error from HAL Device in function set_mic_mute: Function not implemented
2022-01-10 16:13:28.957 1202-4902/? E/AudioSystem-JNI: Command failed for android_media_AudioSystem_muteMicrophoneOverride: -38
2022-01-10 16:13:28.958 1954-16841/? D/SecureBoardConnectionProvider: Handle screen on in 5000ms
2022-01-10 16:13:29.035 12828-12846/? I/com.android.mt: Explicit concurrent copying GC freed 452(69KB) AllocSpace objects, 1(20KB) LOS objects, 32% free, 1046KB/1558KB, paused 158us total 29.990ms
2022-01-10 16:13:29.236 2442-15479/? I/ent.builder.pa: Explicit concurrent copying GC freed 1405(151KB) AllocSpace objects, 2(36KB) LOS objects, 24% free, 2448KB/3264KB, paused 184us total 65.061ms
2022-01-10 16:13:29.306 566-1321/? E/soundtrigger: audio_extn_sound_trigger_update_stream_status: invalid input device 0x0, for event 2
2022-01-10 16:13:29.309 1202-1851/? E/TaskPersister: File error accessing recents directory (directory doesn't exist?).
2022-01-10 16:13:29.397 2415-2434/? I/d.printerdrive: Explicit concurrent copying GC freed 6244(240KB) AllocSpace objects, 3(60KB) LOS objects, 60% free, 1021KB/2557KB, paused 153us total 26.808ms
2022-01-10 16:13:29.489 580-580/? W/memtrack@1.0-se: type=1400 audit(0.0:10895): avc: denied { search } for name="kgsl" dev="sysfs" ino=34090 scontext=u:r:hal_memtrack_default:s0 tcontext=u:object_r:sysfs_kgsl:s0 tclass=dir permissive=0
2022-01-10 16:13:29.534 4787-4818/? I/clover.closeou: Explicit concurrent copying GC freed 1079(151KB) AllocSpace objects, 2(40KB) LOS objects, 32% free, 1051KB/1563KB, paused 167us total 31.235ms
2022-01-10 16:13:29.649 580-580/? W/memtrack@1.0-se: type=1400 audit(0.0:10897): avc: denied { search } for name="kgsl" dev="sysfs" ino=34090 scontext=u:r:hal_memtrack_default:s0 tcontext=u:object_r:sysfs_kgsl:s0 tclass=dir permissive=0
2022-01-10 16:13:29.707 2612-2631/? I/er.transaction: Explicit concurrent copying GC freed 1096(135KB) AllocSpace objects, 2(40KB) LOS objects, 26% free, 1442KB/1954KB, paused 183us total 43.968ms
2022-01-10 16:13:29.819 580-580/? W/memtrack@1.0-se: type=1400 audit(0.0:10899): avc: denied { search } for name="kgsl" dev="sysfs" ino=34090 scontext=u:r:hal_memtrack_default:s0 tcontext=u:object_r:sysfs_kgsl:s0 tclass=dir permissive=0
2022-01-10 16:13:29.869 2891-2914/? I/.clover.metric: Explicit concurrent copying GC freed 1245(136KB) AllocSpace objects, 2(40KB) LOS objects, 26% free, 1388KB/1900KB, paused 174us total 38.504ms
2022-01-10 16:13:30.016 2268-2289/? I/android.metric: Explicit concurrent copying GC freed 1123(133KB) AllocSpace objects, 2(40KB) LOS objects, 33% free, 1027KB/1539KB, paused 158us total 25.770ms
2022-01-10 16:13:30.175 4660-4681/? I/shikdutta.vyso: Explicit concurrent copying GC freed 639(87KB) AllocSpace objects, 2(40KB) LOS objects, 32% free, 1049KB/1561KB, paused 176us total 31.782ms
2022-01-10 16:13:30.329 9384-10258/? I/id.printspoole: Explicit concurrent copying GC freed 638(73KB) AllocSpace objects, 2(40KB) LOS objects, 33% free, 1021KB/1533KB, paused 170us total 26.244ms
2022-01-10 16:13:30.511 2522-5475/? I/om.clover.setu: Explicit concurrent copying GC freed 272(55KB) AllocSpace objects, 1(20KB) LOS objects, 24% free, 1599KB/2132KB, paused 192us total 49.876ms
2022-01-10 16:13:30.629 580-580/? W/memtrack@1.0-se: type=1400 audit(0.0:10909): avc: denied { search } for name="kgsl" dev="sysfs" ino=34090 scontext=u:r:hal_memtrack_default:s0 tcontext=u:object_r:sysfs_kgsl:s0 tclass=dir permissive=0
2022-01-10 16:13:30.691 2844-2862/? I/.clover.connmo: Explicit concurrent copying GC freed 1812(158KB) AllocSpace objects, 3(60KB) LOS objects, 25% free, 1479KB/1991KB, paused 200us total 46.353ms
2022-01-10 16:13:30.799 580-580/? W/memtrack@1.0-se: type=1400 audit(0.0:10911): avc: denied { search } for name="kgsl" dev="sysfs" ino=34090 scontext=u:r:hal_memtrack_default:s0 tcontext=u:object_r:sysfs_kgsl:s0 tclass=dir permissive=0
2022-01-10 16:13:30.844 3098-3115/? I/er.metrics:syn: Explicit concurrent copying GC freed 6167(241KB) AllocSpace objects, 3(60KB) LOS objects, 33% free, 1016KB/1528KB, paused 175us total 30.353ms
2022-01-10 16:13:30.949 580-580/? W/memtrack@1.0-se: type=1400 audit(0.0:10913): avc: denied { search } for name="kgsl" dev="sysfs" ino=34090 scontext=u:r:hal_memtrack_default:s0 tcontext=u:object_r:sysfs_kgsl:s0 tclass=dir permissive=0
2022-01-10 16:13:30.992 12615-12676/? I/gs.intelligenc: Explicit concurrent copying GC freed 6139(240KB) AllocSpace objects, 3(60KB) LOS objects, 33% free, 1021KB/1533KB, paused 169us total 26.839ms
2022-01-10 16:13:31.137 12633-14128/? I/ssioncontrolle: Explicit concurrent copying GC freed 6469(256KB) AllocSpace objects, 3(60KB) LOS objects, 32% free, 1050KB/1562KB, paused 167us total 26.131ms
2022-01-10 16:13:31.299 4134-4154/? I/d.applogmonito: Explicit concurrent copying GC freed 231(38KB) AllocSpace objects, 1(20KB) LOS objects, 28% free, 1294KB/1806KB, paused 175us total 35.148ms
2022-01-10 16:13:31.459 4394-9091/? I/putmethod.lati: Explicit concurrent copying GC freed 2161(211KB) AllocSpace objects, 4(80KB) LOS objects, 30% free, 1192KB/1704KB, paused 170us total 32.320ms
2022-01-10 16:13:31.638 2387-2412/? I/over.appupdate: Explicit concurrent copying GC freed 13843(645KB) AllocSpace objects, 3(60KB) LOS objects, 49% free, 1570KB/3140KB, paused 219us total 49.052ms
2022-01-10 16:13:31.729 580-580/? W/memtrack@1.0-se: type=1400 audit(0.0:10923): avc: denied { search } for name="kgsl" dev="sysfs" ino=34090 scontext=u:r:hal_memtrack_default:s0 tcontext=u:object_r:sysfs_kgsl:s0 tclass=dir permissive=0
2022-01-10 16:13:31.762 1517-1554/? I/id.ext.service: Explicit concurrent copying GC freed 6430(257KB) AllocSpace objects, 3(60KB) LOS objects, 58% free, 1083KB/2619KB, paused 159us total 24.675ms
2022-01-10 16:13:31.859 580-580/? W/memtrack@1.0-se: type=1400 audit(0.0:10925): avc: denied { search } for name="kgsl" dev="sysfs" ino=34090 scontext=u:r:hal_memtrack_default:s0 tcontext=u:object_r:sysfs_kgsl:s0 tclass=dir permissive=0
2022-01-10 16:13:31.898 2009-2332/? I/ver.android.cs: Explicit concurrent copying GC freed 19619(952KB) AllocSpace objects, 3(60KB) LOS objects, 52% free, 1364KB/2900KB, paused 85us total 28.076ms
2022-01-10 16:13:32.009 580-580/? W/memtrack@1.0-se: type=1400 audit(0.0:10927): avc: denied { search } for name="kgsl" dev="sysfs" ino=34090 scontext=u:r:hal_memtrack_default:s0 tcontext=u:object_r:sysfs_kgsl:s0 tclass=dir permissive=0
2022-01-10 16:13:32.048 1987-2043/? I/id.usbaccessor: Explicit concurrent copying GC freed 6241(240KB) AllocSpace objects, 3(60KB) LOS objects, 60% free, 1008KB/2544KB, paused 253us total 25.709ms
2022-01-10 16:13:32.198 1970-2816/? I/kloadclassifie: Explicit concurrent copying GC freed 6263(240KB) AllocSpace objects, 3(60KB) LOS objects, 59% free, 1036KB/2572KB, paused 205us total 24.385ms
2022-01-10 16:13:32.353 1954-1986/? I/oid.secureboar: Explicit concurrent copying GC freed 11907(671KB) AllocSpace objects, 3(60KB) LOS objects, 53% free, 1356KB/2892KB, paused 170us total 37.477ms
2022-01-10 16:13:32.484 1936-1985/? I/ndroid.mintlea: Explicit concurrent copying GC freed 6378(256KB) AllocSpace objects, 3(60KB) LOS objects, 60% free, 1010KB/2546KB, paused 154us total 25.585ms
2022-01-10 16:13:32.635 1904-1942/? I/roid.extdispla: Explicit concurrent copying GC freed 6238(240KB) AllocSpace objects, 3(60KB) LOS objects, 60% free, 1018KB/2554KB, paused 154us total 25.558ms
2022-01-10 16:13:32.777 1885-1914/? I/vice.attribute: Explicit concurrent copying GC freed 7680(339KB) AllocSpace objects, 3(60KB) LOS objects, 58% free, 1079KB/2615KB, paused 169us total 32.768ms
2022-01-10 16:13:32.889 580-580/? W/memtrack@1.0-se: type=1400 audit(0.0:10939): avc: denied { search } for name="kgsl" dev="sysfs" ino=34090 scontext=u:r:hal_memtrack_default:s0 tcontext=u:object_r:sysfs_kgsl:s0 tclass=dir permissive=0
2022-01-10 16:13:32.933 1861-1881/? I/com.android.nf: Explicit concurrent copying GC freed 6469(272KB) AllocSpace objects, 4(80KB) LOS objects, 59% free, 1033KB/2569KB, paused 171us total 29.942ms
2022-01-10 16:13:33.039 580-580/? W/memtrack@1.0-se: type=1400 audit(0.0:10941): avc: denied { search } for name="kgsl" dev="sysfs" ino=34090 scontext=u:r:hal_memtrack_default:s0 tcontext=u:object_r:sysfs_kgsl:s0 tclass=dir permissive=0
2022-01-10 16:13:33.095 1477-1727/? I/m.android.phon: Explicit concurrent copying GC freed 2807(322KB) AllocSpace objects, 8(160KB) LOS objects, 49% free, 1656KB/3313KB, paused 181us total 46.800ms
2022-01-10 16:13:33.199 580-580/? W/memtrack@1.0-se: type=1400 audit(0.0:10943): avc: denied { search } for name="kgsl" dev="sysfs" ino=34090 scontext=u:r:hal_memtrack_default:s0 tcontext=u:object_r:sysfs_kgsl:s0 tclass=dir permissive=0
2022-01-10 16:13:33.315 1360-3304/? I/ndroid.systemu: Explicit concurrent copying GC freed 20149(1084KB) AllocSpace objects, 4(80KB) LOS objects, 49% free, 5622KB/10MB, paused 229us total 104.152ms
2022-01-10 16:13:33.522 1202-3024/? I/system_server: Explicit concurrent copying GC freed 4818(838KB) AllocSpace objects, 5(228KB) LOS objects, 42% free, 20MB/36MB, paused 117us total 76.763ms
2022-01-10 16:13:33.929 580-580/? W/memtrack@1.0-se: type=1400 audit(0.0:11069): avc: denied { search } for name="kgsl" dev="sysfs" ino=34090 scontext=u:r:hal_memtrack_default:s0 tcontext=u:object_r:sysfs_kgsl:s0 tclass=dir permissive=0
2022-01-10 16:13:33.965 1954-2085/? D/SecureBoardController: Setting power level to LOW_POWER
2022-01-10 16:13:33.959 580-580/? W/memtrack@1.0-se: type=1400 audit(0.0:11071): avc: denied { search } for name="kgsl" dev="sysfs" ino=34090 scontext=u:r:hal_memtrack_default:s0 tcontext=u:object_r:sysfs_kgsl:s0 tclass=dir permissive=0
2022-01-10 16:13:33.959 580-580/? W/memtrack@1.0-se: type=1400 audit(0.0:11072): avc: denied { search } for name="kgsl" dev="sysfs" ino=34090 scontext=u:r:hal_memtrack_default:s0 tcontext=u:object_r:sysfs_kgsl:s0 tclass=dir permissive=0
2022-01-10 16:13:33.967 1954-2085/? D/SecureBoardController: STOP wakeup
2022-01-10 16:13:33.969 580-580/? W/memtrack@1.0-se: type=1400 audit(0.0:11073): avc: denied { search } for name="kgsl" dev="sysfs" ino=34090 scontext=u:r:hal_memtrack_default:s0 tcontext=u:object_r:sysfs_kgsl:s0 tclass=dir permissive=0
2022-01-10 16:13:33.987 1954-2085/? D/UsbDeviceConnectionJNI: close
2022-01-10 16:13:34.231 1010-1010/? I/netd: isAlive() -> {"true"} <0.01ms>
2022-01-10 16:13:34.501 1477-1727/? W/TelecomManager: Telecom Service not found.
2022-01-10 16:13:34.659 1202-3024/? I/ProcessStatsService: Added stats: 2022-01-10-10-39-21, over +3h3m14s632ms
2022-01-10 16:13:34.661 1202-3024/? I/ProcessStatsService: Added stats: 2022-01-10-07-35-06, over +3h4m14s228ms
2022-01-10 16:13:34.665 1202-3024/? I/ProcessStatsService: Added stats: 2022-01-10-04-19-59, over +3h15m8s772ms
2022-01-10 16:13:34.667 1202-3024/? I/ProcessStatsService: Added stats: 2022-01-10-02-34-49, over +1h44m43s21ms
2022-01-10 16:13:34.669 1202-3024/? I/ProcessStatsService: Added stats: 2022-01-09-23-20-06, over +3h14m42s859ms
2022-01-10 16:13:34.670 1202-3024/? I/ProcessStatsService: Added stats: 2022-01-09-20-05-47, over +3h14m19s278ms
2022-01-10 16:13:34.672 1202-3024/? I/ProcessStatsService: Added stats: 2022-01-09-16-53-49, over +3h11m58s6ms