08-12 11:19:26.948 5265 5265 I MerchantPlanActivity: onResume(CommonAppCompatActivity.java:237)[main]: @12de205 +onResume
08-12 11:19:26.949 5265 5265 I MerchantPlanActivity: onForeground(CommonAppCompatActivity.java:261)[main]: @12de205 +onForeground
08-12 11:19:26.952 5265 5265 I MerchantPlanActivity: onForeground(CommonAppCompatActivity.java:276)[main]: @12de205 -onForeground
08-12 11:19:26.952 5265 5265 I MerchantPlanActivity: onResume(CommonAppCompatActivity.java:244)[main]: @12de205 -onResume
08-12 11:19:26.984 5265 5343 I ServiceConnector: waitForConnection result: true, retryCount: 0
08-12 11:19:26.988 5265 5345 I SetupAsyncTask: doInBackground(SetupAsyncTask.java:43)[AsyncTask #4]: MerchantPlanActivity @12de205
08-12 11:19:26.995 5265 5265 I zygote64: Deoptimizing boolean androidx.drawerlayout.widget.DrawerLayout.drawChild(android.graphics.Canvas, android.view.View, long) due to JIT inline cache
08-12 11:19:26.999 5265 5273 I zygote64: Do partial code cache collection, code=121KB, data=76KB
08-12 11:19:26.999 5265 5273 I zygote64: After code cache collection, code=113KB, data=71KB
08-12 11:19:26.999 5265 5273 I zygote64: Increasing code cache capacity to 512KB
08-12 11:19:27.015 1352 1373 I ActivityManager: Displayed com.clover.apps/.merchantplan.MerchantPlanActivity: +158ms
08-12 11:19:27.015 622 622 W /system/bin/hwservicemanager: getTransport: Cannot find entry vendor.qti.hardware.iop@1.0::IIop/default in either framework or device manifest.
08-12 11:19:27.015 1352 1373 E ANDR-PERF-JNI: Iop tryGetService failed
08-12 11:19:27.029 5265 5265 D EmployeeConnector: on service success: ResultStatus{statusCode=OK, statusMessage=null}
08-12 11:19:27.031 5265 5345 I SetupAsyncTask: doInBackground(SetupAsyncTask.java:59)[AsyncTask #4]: MerchantPlanActivity @12de205 success: true isCancelled: false
08-12 11:19:27.040 5265 5265 I SetupAsyncTask: onPostExecute(SetupAsyncTask.java:67)[main]: result:true, commonActivity: true
08-12 11:19:27.040 5265 5265 I SetupAsyncTask: onPostExecute(SetupAsyncTask.java:73)[main]: MerchantPlanActivity @12de205 isFinishing: false, resumed: true
08-12 11:19:27.040 5265 5265 I MerchantPlanActivity: onSetupComplete(CommonAppCompatActivity.java:361)[main]: @12de205
08-12 11:19:27.044 5265 5265 I SetupAsyncTask: onPostExecute(SetupAsyncTask.java:115)[main]: MerchantPlanActivity @12de205 setup tasks took: 93ms
08-12 11:19:27.080 5265 5302 E cutils-trace: Error opening trace file: No such file or directory (2)
08-12 11:19:27.082 5265 5302 D OpenGLRenderer: endAllActiveAnimators on 0x7e94a66400 (ListView) with handle 0x7e917d9500
08-12 11:19:27.106 5265 5265 D HeapActivityTransitionHandler: Received message: ACTIVITY_STOPPED
08-12 11:19:27.106 1352 1432 D ConnectivityService: releasing NetworkRequest [ TRACK_DEFAULT id=11, [ Capabilities: INTERNET&NOT_RESTRICTED&TRUSTED&NOT_VPN] ] (release request)
08-12 11:19:36.285 5265 5265 I zygote64: Deoptimizing void com.clover.sdk.GenericClient.populateCache(int, com.clover.sdk.ExtractableEnum) due to JIT inline cache
08-12 11:19:36.287 5265 5265 D AndroidRuntime: Shutting down VM
08-12 11:19:36.288 5265 5265 E AndroidRuntime: FATAL EXCEPTION: main
08-12 11:19:36.288 5265 5265 E AndroidRuntime: Process: com.clover.apps, PID: 5265
08-12 11:19:36.288 5265 5265 E AndroidRuntime: java.lang.NullPointerException: Attempt to invoke interface method 'java.util.Iterator java.lang.Iterable.iterator()' on a null object reference
08-12 11:19:36.288 5265 5265 E AndroidRuntime: at java.util.AbstractCollection.addAll(AbstractCollection.java:343)
08-12 11:19:36.288 5265 5265 E AndroidRuntime: at com.clover.apps.merchantplan.util.PlanSelectionUtil.getAllPlanFeatures(PlanSelectionUtil.java:376)
08-12 11:19:36.288 5265 5265 E AndroidRuntime: at com.clover.apps.merchantplan.util.PlanSelectionUtil.setPlanFeatures(PlanSelectionUtil.java:382)
08-12 11:19:36.288 5265 5265 E AndroidRuntime: at com.clover.apps.merchantplan.util.PlanSelectionUtil.updatePlanSelectionUI(PlanSelectionUtil.java:61)
08-12 11:19:36.288 5265 5265 E AndroidRuntime: at com.clover.apps.merchantplan.MerchantPlanActivity.updateUi(MerchantPlanActivity.java:104)
08-12 11:19:36.288 5265 5265 E AndroidRuntime: at com.clover.apps.merchantplan.MerchantPlanActivity.handleFlowUpdates(MerchantPlanActivity.java:57)
08-12 11:19:36.288 5265 5265 E AndroidRuntime: at com.clover.apps.merchantplan.MerchantPlanActivity.lambda$0aH5FkjUmNDw7b17pdwrr_azkHY(Unknown Source:0)
08-12 11:19:36.288 5265 5265 E AndroidRuntime: at com.clover.apps.merchantplan.-$$Lambda$MerchantPlanActivity$0aH5FkjUmNDw7b17pdwrr_azkHY.onChanged(Unknown Source:4)
08-12 11:19:36.288 5265 5265 E AndroidRuntime: at com.clover.apps.appsdata.core.rx.SingleLiveEvent$1.onChanged(SingleLiveEvent.java:56)
08-12 11:19:36.288 5265 5265 E AndroidRuntime: at androidx.lifecycle.LiveData.considerNotify(LiveData.java:133)
08-12 11:19:36.288 5265 5265 E AndroidRuntime: at androidx.lifecycle.LiveData.dispatchingValue(LiveData.java:151)
08-12 11:19:36.288 5265 5265 E AndroidRuntime: at androidx.lifecycle.LiveData.setValue(LiveData.java:309)
08-12 11:19:36.288 5265 5265 E AndroidRuntime: at androidx.lifecycle.MutableLiveData.setValue(MutableLiveData.java:50)
08-12 11:19:36.288 5265 5265 E AndroidRuntime: at com.clover.apps.appsdata.core.rx.SingleLiveEvent.setValue(SingleLiveEvent.java:66)
08-12 11:19:36.288 5265 5265 E AndroidRuntime: at androidx.lifecycle.LiveData$1.run(LiveData.java:93)
08-12 11:19:36.288 5265 5265 E AndroidRuntime: at android.os.Handler.handleCallback(Handler.java:790)
08-12 11:19:36.288 5265 5265 E AndroidRuntime: at android.os.Handler.dispatchMessage(Handler.java:99)
08-12 11:19:36.288 5265 5265 E AndroidRuntime: at android.os.Looper.loop(Looper.java:164)
08-12 11:19:36.288 5265 5265 E AndroidRuntime: at android.app.ActivityThread.main(ActivityThread.java:6518)
08-12 11:19:36.288 5265 5265 E AndroidRuntime: at java.lang.reflect.Method.invoke(Native Method)
08-12 11:19:36.288 5265 5265 E AndroidRuntime: at com.android.internal.os.RuntimeInit$MethodAndArgsCaller.run(RuntimeInit.java:438)
08-12 11:19:36.288 5265 5265 E AndroidRuntime: at com.android.internal.os.ZygoteInit.main(ZygoteInit.java:807)
08-12 11:19:36.291 1352 4865 I ActivityManager: Appending logcat output to error...
08-12 11:19:36.291 1352 5005 W ActivityManager: Force finishing activity com.clover.apps/.merchantplan.MerchantPlanActivity
08-12 11:19:36.300 1352 1367 I ActivityManager: Showing crash dialog for package com.clover.apps u0
08-12 11:19:36.337 1352 3006 I OpenGLRenderer: Initialized EGL, version 1.4
08-12 11:19:36.338 1352 3006 D OpenGLRenderer: Swap behavior 2
08-12 11:19:36.503 1352 4865 I ActivityManager: Done appending logcat output to error (212 ms)
08-12 11:19:36.503 1352 4865 I ActivityManager: Dropbox tag: data_app_crash, appending dumpsys output to error...
08-12 11:19:36.588 800 4480 I SDM : HWCDisplay::GetColorModeCount: Supported color mode count = 1
08-12 11:19:36.589 800 4480 I SDM : HWCDisplay::GetColorModes: Supports color mode[0] = 0
08-12 11:19:36.699 5353 5353 W dumpsys : type=1400 audit(0.0:29): avc: denied { call } for scontext=u:r:system_server:s0 tcontext=u:r:update_engine:s0 tclass=binder permissive=0
08-12 11:19:36.721 1352 4637 W AutofillManagerService: Ignoring invalid dump arg: -a
08-12 11:19:36.728 1352 1369 I WifiService: requestActivityInfo uid=1000
08-12 11:19:36.728 1352 1369 I WifiService: reportActivityInfo uid=1000
08-12 11:19:36.728 1352 1369 I WifiService: getSupportedFeatures uid=1000
08-12 11:19:36.757 1352 1369 E BatteryExternalStatsWorker: no controller energy info supplied for bluetooth
08-12 11:19:36.764 1352 1369 E KernelCpuSpeedReader: Failed to read cpu-freq: /sys/devices/system/cpu/cpu0/cpufreq/stats/time_in_state (No such file or directory)
08-12 11:19:36.764 1352 1369 E KernelCpuSpeedReader: Failed to read cpu-freq: /sys/devices/system/cpu/cpu4/cpufreq/stats/time_in_state (No such file or directory)
08-12 11:19:36.796 1352 1366 W ActivityManager: Activity pause timeout for ActivityRecord{95a2139 u0 com.clover.apps/.merchantplan.MerchantPlanActivity t88 f}
08-12 11:19:37.278 1352 4637 D CryptdConnector: SND -> {7 cryptfs getpwtype}
08-12 11:19:37.279 640 644 D VoldCryptCmdListener: cryptfs getpwtype
08-12 11:19:37.280 1352 1419 D CryptdConnector: RCV <- {213 7 pin}
08-12 11:19:37.556 1352 1361 I zygote64: Background concurrent copying GC freed 243159(13MB) AllocSpace objects, 77(34MB) LOS objects, 42% free, 13MB/24MB, paused 230us total 138.249ms
08-12 11:19:39.475 1189 1658 I ExtendedNuUtils: printFileName fd(7) -> /system/media/audio/ui/CloverButton.wav
08-12 11:19:39.503 1187 4188 E MM_OSAL : IsWAVADPCMFile: Error unknown format tag 3
08-12 11:19:39.507 1187 4188 E MM_OSAL : IsWAVADPCMFile: Error unknown format tag 3
08-12 11:19:39.508 1187 4188 I ExtendedExtractor: QTIParser is prefered .. flags 2
08-12 11:19:39.508 1187 4188 E MM_OSAL : IsWAVADPCMFile: Error unknown format tag 3
08-12 11:19:39.508 1187 4188 I ExtendedExtractor: ExtendedExtractor::create 0x0
08-12 11:19:39.534 1182 2863 I hash_map_utils: key: 'is_hw_dec_session_available' value: 'audio/raw'
08-12 11:19:39.545 1189 5476 W ExtendedACodec: Failed to get extension for extradata parameter
08-12 11:19:39.559 1189 5475 I ExtendedNuUtils: Both src and dst missing for bit-width
08-12 11:19:39.559 1189 5475 I ExtendedNuUtils: Overriding durationUs: with 64 bit src value 687500
08-12 11:19:39.559 1189 5475 I ExtendedNuUtils: Both src and dst missing for channel-mask
08-12 11:19:39.564 1182 2863 W AudioFlinger: createTrack_l(): mismatch between requested flags (00000002) and output flags (00000004)
08-12 11:19:39.584 1352 5005 W ActivityManager: Force finishing activity com.clover.apps/.merchantplan.MerchantPlanActivity
08-12 11:19:39.590 1352 5005 W ActivityManager: Force finishing activity com.clover.apps/.appslisting.AppListingActivity
08-12 11:19:39.670 1352 5005 E ActivityManager: Found activity ActivityRecord{ecf7904 u0 com.clover.apps/.appslisting.AppListingActivity t-1 f} in proc activity list using null instead of expected ProcessRecord{de016d2 5265:com.clover.apps/u0a55}
08-12 11:19:39.693 1352 5005 I ActivityManager: Killing 5265:com.clover.apps/u0a55 (adj 199): crash
08-12 11:19:39.695 1352 1368 W zygote64: kill(-5265, 9) failed: No such process
08-12 11:19:39.703 1352 1367 W InputEventReceiver: Attempted to finish an input event but the input event receiver has already been disposed.
08-12 11:19:39.705 1352 1368 W zygote64: kill(-5265, 9) failed: No such process
08-12 11:19:39.732 1962 2244 I Adreno : QUALCOMM build : 04a4b71, Iaf0ce12d04
08-12 11:19:39.732 1962 2244 I Adreno : Build Date : 01/29/20
08-12 11:19:39.732 1962 2244 I Adreno : OpenGL ES Shader Compiler Version: EV031.22.00.01_06_07
08-12 11:19:39.732 1962 2244 I Adreno : Local Branch :
08-12 11:19:39.732 1962 2244 I Adreno : Remote Branch :
08-12 11:19:39.732 1962 2244 I Adreno : Remote Branch :
08-12 11:19:39.732 1962 2244 I Adreno : Reconstruct Branch :
08-12 11:19:39.738 1962 2244 I Adreno : PFP: 0x005ff087, ME: 0x005ff063
08-12 11:19:39.740 1962 2244 I zygote64: android::hardware::configstore::V1_0::ISurfaceFlingerConfigs::hasWideColorDisplay retrieved: 0
08-12 11:19:39.741 1962 2244 I OpenGLRenderer: Initialized EGL, version 1.4
08-12 11:19:39.741 1962 2244 D OpenGLRenderer: Swap behavior 2
08-12 11:19:39.743 1352 1368 W zygote64: kill(-5265, 9) failed: No such process
08-12 11:19:39.758 1962 2242 I TamperStatus: getStringSystemProperty(TamperStatus.java:269)[TamperStatusView-pool-1-thread-1]: WARNING: Using system property to redefine tamper status: persist.test.tamper.s=
08-12 11:19:39.765 1352 1399 W AppOps : Finishing op nesting under-run: uid 1000 pkg android code 24 time=0 duration=0 nesting=0
08-12 11:19:39.774 1352 1373 W ActivityManager: setHasOverlayUi called on unknown pid: 5265
08-12 11:19:39.781 1962 1962 I SupportWidgetFragment: onPostExecute(ConnectorSafeAsyncTask.java:64)[main]: com.clover.launcher.widgets.SupportWidgetFragment$3 safely finished execution
08-12 11:19:39.769 5353 5353 W dumpsys : type=1400 audit(0.0:30): avc: denied { write } for path="pipe:[76915]" dev="pipefs" ino=76915 scontext=u:r:installd:s0 tcontext=u:r:system_server:s0 tclass=fifo_file permissive=0
08-12 11:19:39.783 1352 1368 W zygote64: kill(-5265, 9) failed: No such process
08-12 11:19:39.783 1352 1368 I zygote64: Successfully killed process cgroup uid 10055 pid 5265 in 88ms
08-12 11:19:39.869 1352 3006 I OpenGLRenderer: Initialized EGL, version 1.4
08-12 11:19:39.869 1352 3006 D OpenGLRenderer: Swap behavior 2
08-12 11:19:39.869 917 917 W Binder:917_1: type=1400 audit(0.0:31): avc: denied { write } for path="pipe:[77987]" dev="pipefs" ino=77987 scontext=u:r:hal_camera_default:s0 tcontext=u:r:system_server:s0 tclass=fifo_file permissive=0
08-12 11:19:39.879 917 917 W Binder:917_1: type=1400 audit(0.0:32): avc: denied { write } for path="pipe:[77987]" dev="pipefs" ino=77987 scontext=u:r:hal_camera_default:s0 tcontext=u:r:system_server:s0 tclass=fifo_file permissive=0
08-12 11:19:39.920 1189 1658 I NuPlayerDriver: NuPlayer
08-12 11:19:39.920 1189 1658 I NuPlayerDriver: state(5), atEOS(0), looping(0), autoLoop(0)
08-12 11:19:39.920 1189 1658 I NuPlayerDriver: mime(audio/raw)
08-12 11:19:39.920 1189 1658 I NuPlayerDriver: decoder(OMX.google.raw.decoder)
08-12 11:19:40.076 1962 1978 I zygote64: Explicit concurrent copying GC freed 7372(560KB) AllocSpace objects, 4(72KB) LOS objects, 49% free, 2MB/5MB, paused 64us total 44.347ms
08-12 11:19:40.297 2131 5481 I zygote64: Explicit concurrent copying GC freed 44476(3MB) AllocSpace objects, 2(40KB) LOS objects, 49% free, 5MB/10MB, paused 149us total 89.743ms
08-12 11:19:40.543 4644 4655 I zygote64: Explicit concurrent copying GC freed 7427(463KB) AllocSpace objects, 2(40KB) LOS objects, 25% free, 4MB/5MB, paused 162us total 81.136ms
08-12 11:19:40.741 1468 1480 I zygote64: Explicit concurrent copying GC freed 11127(563KB) AllocSpace objects, 4(80KB) LOS objects, 24% free, 2MB/3MB, paused 105us total 59.501ms
08-12 11:19:40.964 2463 3080 I zygote64: Explicit concurrent copying GC freed 9202(422KB) AllocSpace objects, 3(60KB) LOS objects, 50% free, 4MB/8MB, paused 110us total 75.708ms
08-12 11:19:41.158 2433 2488 I zygote64: Explicit concurrent copying GC freed 8506(535KB) AllocSpace objects, 3(60KB) LOS objects, 49% free, 3MB/6MB, paused 252us total 65.603ms
08-12 11:19:41.289 2122 2146 I zygote64: Explicit concurrent copying GC freed 5648(246KB) AllocSpace objects, 3(60KB) LOS objects, 61% free, 951KB/2MB, paused 123us total 18.472ms
08-12 11:19:41.444 2707 2719 I zygote64: Explicit concurrent copying GC freed 2026(163KB) AllocSpace objects, 2(40KB) LOS objects, 25% free, 1867KB/2MB, paused 104us total 39.897ms
08-12 11:19:41.604 2166 2902 I zygote64: Explicit concurrent copying GC freed 1991(162KB) AllocSpace objects, 2(40KB) LOS objects, 35% free, 949KB/1461KB, paused 104us total 20.990ms
08-12 11:19:41.760 5098 5110 I zygote64: Explicit concurrent copying GC freed 160(85KB) AllocSpace objects, 2(40KB) LOS objects, 35% free, 930KB/1442KB, paused 142us total 14.528ms
08-12 11:19:41.904 4758 4770 I zygote : Explicit concurrent copying GC freed 5745(267KB) AllocSpace objects, 3(60KB) LOS objects, 35% free, 945KB/1457KB, paused 150us total 12.337ms
08-12 11:19:42.013 1962 1962 I ViewRootImpl[LauncherActivity]: playSoundEffect(): displayId=0, effectId=0, usage=0
08-12 11:19:42.014 1352 1363 I ActivityManager: START u0 {act=android.intent.action.MAIN cat=[android.intent.category.LAUNCHER] flg=0x10210000 cmp=com.clover.apps/.appslisting.AppListingActivity} from uid 10043
08-12 11:19:42.016 811 828 E ANDR-PERF-MPCTL: Invalid profile no. 0, total profiles 0 only
08-12 11:19:42.018 622 622 W /system/bin/hwservicemanager: getTransport: Cannot find entry vendor.qti.hardware.iop@1.0::IIop/default in either framework or device manifest.
08-12 11:19:42.019 1352 1363 E ANDR-PERF-JNI: Iop tryGetService failed
08-12 11:19:42.019 1352 1363 D ActivityManager: setLockTaskAuth: task=TaskRecord{4372e80 #89 A=com.clover.apps U=0 StackId=-1 sz=0} mLockTaskAuth=LOCK_TASK_AUTH_PINNABLE
08-12 11:19:42.021 1189 1658 I ExtendedNuUtils: printFileName fd(7) -> /system/media/audio/ui/CloverButton.wav
08-12 11:19:42.025 1962 1962 W Instrumentation: Check start activity result, res: 0
08-12 11:19:42.027 1187 1187 E MM_OSAL : IsWAVADPCMFile: Error unknown format tag 3
08-12 11:19:42.029 1187 1187 E MM_OSAL : IsWAVADPCMFile: Error unknown format tag 3
08-12 11:19:42.030 1187 1187 I ExtendedExtractor: QTIParser is prefered .. flags 2
08-12 11:19:42.030 1187 1187 E MM_OSAL : IsWAVADPCMFile: Error unknown format tag 3
08-12 11:19:42.030 1187 1187 I ExtendedExtractor: ExtendedExtractor::create 0x0
08-12 11:19:42.038 1182 1182 I hash_map_utils: key: 'is_hw_dec_session_available' value: 'audio/raw'
08-12 11:19:42.040 2850 4877 I zygote64: Explicit concurrent copying GC freed 235(38KB) AllocSpace objects, 0(0B) LOS objects, 24% free, 1645KB/2MB, paused 50us total 18.243ms
08-12 11:19:42.041 1352 4637 I ActivityManager: Start proc 5525:com.clover.apps/u0a55 for activity com.clover.apps/.appslisting.AppListingActivity
08-12 11:19:42.043 1189 5527 W ExtendedACodec: Failed to get extension for extradata parameter
08-12 11:19:42.053 1189 5526 I ExtendedNuUtils: Both src and dst missing for bit-width
08-12 11:19:42.053 1189 5526 I ExtendedNuUtils: Overriding durationUs: with 64 bit src value 687500
08-12 11:19:42.053 1189 5526 I ExtendedNuUtils: Both src and dst missing for channel-mask
08-12 11:19:42.058 1182 3042 W AudioFlinger: createTrack_l(): mismatch between requested flags (00000002) and output flags (00000004)
08-12 11:19:42.080 5525 5525 I MultiDex: VM with version 2.1.0 has multidex support
08-12 11:19:42.080 5525 5525 I MultiDex: Installing application
08-12 11:19:42.080 5525 5525 I MultiDex: VM has multidex support, MultiDex support library is disabled.
08-12 11:19:42.118 5525 5525 D HeapActivityTransitionHandler: Received message: ACTIVITY_CREATED
08-12 11:19:42.124 5525 5525 D CloverConfig: clover_target: using secure setting: dev
08-12 11:19:42.125 5525 5525 D CloverConfig: clover_cloud_url: using secure setting: https://sandbox.dev.clover.com
08-12 11:19:42.143 1925 1937 I CloverServicesProvider: +call method: getApiVersion, arg: null
08-12 11:19:42.160 5525 5525 D clover : DeviceClient is using CloverKeyStore
08-12 11:19:42.165 2319 4525 I zygote64: Explicit concurrent copying GC freed 8433(474KB) AllocSpace objects, 3(60KB) LOS objects, 24% free, 2MB/3MB, paused 67us total 35.921ms
08-12 11:19:42.180 5525 5525 W nAnnotationIntrospector: Unable to load JDK7 annotation types; will have to skip
08-12 11:19:42.267 2015 4876 I zygote64: Explicit concurrent copying GC freed 398(64KB) AllocSpace objects, 2(40KB) LOS objects, 31% free, 1107KB/1619KB, paused 44us total 10.747ms
08-12 11:19:42.285 5525 5525 I AppMarketApplication: isAnalytics(LoggingApplication.java:74)[main]: analytics? true, for package: com.clover.apps
08-12 11:19:42.291 5525 5525 I AppListingActivity: onCreate(BaseAppMarketActivity.java:95)[main]: com.clover.apps.appslisting.AppListingActivity@764e175 -onCreate
08-12 11:19:42.339 5525 5525 D HeapActivityTransitionHandler: Received message: ACTIVITY_STARTED
08-12 11:19:42.340 5525 5525 W Heap : Initialization of Heap has not completed. Ignoring call to Heap.clearEventProperties.
08-12 11:19:42.341 1352 3928 D ConnectivityService: requestNetwork for uid/pid:10055/5525 NetworkRequest [ TRACK_DEFAULT id=12, [ Capabilities: INTERNET&NOT_RESTRICTED&TRUSTED&NOT_VPN] ]
08-12 11:19:42.341 1352 1426 D WIFI : got request NetworkRequest [ TRACK_DEFAULT id=12, [ Capabilities: INTERNET&NOT_RESTRICTED&TRUSTED&NOT_VPN] ] with score 60
08-12 11:19:42.341 1352 1426 D WIFI_UT : got request NetworkRequest [ TRACK_DEFAULT id=12, [ Capabilities: INTERNET&NOT_RESTRICTED&TRUSTED&NOT_VPN] ] with score 60
08-12 11:19:42.341 1352 1447 D Ethernet: got request NetworkRequest [ TRACK_DEFAULT id=12, [ Capabilities: INTERNET&NOT_RESTRICTED&TRUSTED&NOT_VPN] ] with score 60
08-12 11:19:42.342 1578 1578 D PhoneSwitcherNetworkRequstListener: got request NetworkRequest [ TRACK_DEFAULT id=12, [ Capabilities: INTERNET&NOT_RESTRICTED&TRUSTED&NOT_VPN] ] with score 60
08-12 11:19:42.350 5525 5566 D OpenGLRenderer: HWUI GL Pipeline
08-12 11:19:42.354 3580 3593 I zygote64: Explicit concurrent copying GC freed 7775(333KB) AllocSpace objects, 3(60KB) LOS objects, 50% free, 2MB/4MB, paused 32us total 4.231ms
08-12 11:19:42.377 5525 5566 I Adreno : QUALCOMM build : 04a4b71, Iaf0ce12d04
08-12 11:19:42.377 5525 5566 I Adreno : Build Date : 01/29/20
08-12 11:19:42.377 5525 5566 I Adreno : OpenGL ES Shader Compiler Version: EV031.22.00.01_06_07
08-12 11:19:42.377 5525 5566 I Adreno : Local Branch :
08-12 11:19:42.377 5525 5566 I Adreno : Remote Branch :
08-12 11:19:42.377 5525 5566 I Adreno : Remote Branch :
08-12 11:19:42.377 5525 5566 I Adreno : Reconstruct Branch :
08-12 11:19:42.380 5525 5566 I Adreno : PFP: 0x005ff087, ME: 0x005ff063
08-12 11:19:42.384 5525 5566 I zygote64: android::hardware::configstore::V1_0::ISurfaceFlingerConfigs::hasWideColorDisplay retrieved: 0
08-12 11:19:42.391 5525 5566 I OpenGLRenderer: Initialized EGL, version 1.4
08-12 11:19:42.391 5525 5566 D OpenGLRenderer: Swap behavior 2
08-12 11:19:42.422 5525 5525 W Heap : Initialization of Heap has not completed. TextView will not be instrumented.
08-12 11:19:42.423 5525 5525 W Heap : Initialization of Heap has not completed. TextView will not be instrumented.
08-12 11:19:42.425 4532 4544 I zygote64: Explicit concurrent copying GC freed 5982(266KB) AllocSpace objects, 3(60KB) LOS objects, 34% free, 983KB/1495KB, paused 87us total 10.576ms
08-12 11:19:42.479 1352 1373 I ActivityManager: Displayed com.clover.apps/.appslisting.AppListingActivity: +444ms
08-12 11:19:42.479 622 622 W /system/bin/hwservicemanager: getTransport: Cannot find entry vendor.qti.hardware.iop@1.0::IIop/default in either framework or device manifest.
08-12 11:19:42.480 1352 1373 E ANDR-PERF-JNI: Iop tryGetService failed
08-12 11:19:42.511 1962 1962 D CancelableManager: Cancel: ON_STOP
08-12 11:19:42.527 2668 4856 I zygote64: Explicit concurrent copying GC freed 415(57KB) AllocSpace objects, 1(20KB) LOS objects, 25% free, 2MB/2MB, paused 46us total 24.592ms
08-12 11:19:42.624 4445 4457 I zygote64: Explicit concurrent copying GC freed 5669(246KB) AllocSpace objects, 3(60KB) LOS objects, 34% free, 952KB/1464KB, paused 55us total 7.831ms
08-12 11:19:42.714 2290 2302 I zygote64: Explicit concurrent copying GC freed 219(51KB) AllocSpace objects, 1(20KB) LOS objects, 29% free, 1244KB/1756KB, paused 47us total 11.195ms
08-12 11:19:42.772 5525 5560 W Heap : Initialization of Heap has not completed. Ignoring call to Heap.identify.
08-12 11:19:42.773 5525 5560 W Heap : Initialization of Heap has not completed. Ignoring call to Heap.addUserProperties.
08-12 11:19:42.806 1352 1440 W MediaPlayer: mediaplayer went away with unhandled events
08-12 11:19:42.820 2552 2564 I zygote64: Explicit concurrent copying GC freed 7527(374KB) AllocSpace objects, 3(60KB) LOS objects, 24% free, 1783KB/2MB, paused 64us total 22.025ms
08-12 11:19:42.889 5525 5525 W System.err: SLF4J: Failed to load class "org.slf4j.impl.StaticLoggerBinder".
08-12 11:19:42.889 5525 5525 W System.err: SLF4J: Defaulting to no-operation (NOP) logger implementation
08-12 11:19:42.889 5525 5525 W System.err: SLF4J: See http://www.slf4j.org/codes.html#StaticLoggerBinder for further details.
08-12 11:19:42.940 5525 5582 D NetworkSecurityConfig: No Network Security Config specified, using platform default
08-12 11:19:42.966 2386 3119 I zygote64: Explicit concurrent copying GC freed 3924(273KB) AllocSpace objects, 2(40KB) LOS objects, 24% free, 4MB/5MB, paused 53us total 50.806ms
08-12 11:19:43.089 2943 2955 I zygote64: Explicit concurrent copying GC freed 5677(248KB) AllocSpace objects, 3(60KB) LOS objects, 35% free, 941KB/1453KB, paused 69us total 9.473ms
08-12 11:19:43.142 5525 5532 I zygote64: Do partial code cache collection, code=26KB, data=30KB
08-12 11:19:43.142 5525 5532 I zygote64: After code cache collection, code=26KB, data=30KB
08-12 11:19:43.142 5525 5532 I zygote64: Increasing code cache capacity to 128KB
08-12 11:19:43.178 2653 2664 I zygote64: Explicit concurrent copying GC freed 5801(262KB) AllocSpace objects, 3(60KB) LOS objects, 34% free, 969KB/1481KB, paused 74us total 9.234ms
08-12 11:19:43.257 5525 5532 I zygote64: Do partial code cache collection, code=61KB, data=49KB
08-12 11:19:43.257 5525 5532 I zygote64: After code cache collection, code=61KB, data=49KB
08-12 11:19:43.257 5525 5532 I zygote64: Increasing code cache capacity to 256KB
08-12 11:19:43.267 2618 2633 I zygote64: Explicit concurrent copying GC freed 5631(246KB) AllocSpace objects, 3(60KB) LOS objects, 35% free, 935KB/1447KB, paused 68us total 9.506ms
08-12 11:19:43.270 5525 5525 W Glide : Failed to find GeneratedAppGlideModule. You should include an annotationProcessor compile dependency on com.github.bumptech.glide:compiler in your application and a @GlideModule annotated AppGlideModule implementation or LibraryGlideModules will be silently ignored
08-12 11:19:43.302 5525 5589 I zygote64: Deoptimizing int androidx.collection.SimpleArrayMap.indexOf(java.lang.Object, int) due to JIT inline cache
08-12 11:19:43.341 5525 5525 I zygote64: Deoptimizing int androidx.collection.SimpleArrayMap.indexOfKey(java.lang.Object) due to JIT inline cache
08-12 11:19:43.363 1925 2220 I zygote64: Explicit concurrent copying GC freed 23013(1144KB) AllocSpace objects, 3(60KB) LOS objects, 49% free, 1744KB/3MB, paused 39us total 9.968ms
08-12 11:19:43.409 5525 5525 I zygote64: Deoptimizing com.fasterxml.jackson.databind.JavaType com.fasterxml.jackson.databind.type.TypeFactory._fromClass(com.fasterxml.jackson.databind.type.ClassStack, java.lang.Class, com.fasterxml.jackson.databind.type.TypeBindings) due to JIT inline cache
08-12 11:19:43.410 5525 5525 I zygote64: Deoptimizing com.fasterxml.jackson.databind.JavaType com.fasterxml.jackson.databind.type.TypeFactory._fromClass(com.fasterxml.jackson.databind.type.ClassStack, java.lang.Class, com.fasterxml.jackson.databind.type.TypeBindings) due to JIT inline cache
08-12 11:19:43.422 1910 1924 I zygote64: Explicit concurrent copying GC freed 5811(262KB) AllocSpace objects, 3(60KB) LOS objects, 62% free, 940KB/2MB, paused 28us total 3.223ms
08-12 11:19:43.444 5525 5525 I zygote64: Deoptimizing com.fasterxml.jackson.databind.introspect.AnnotationMap com.fasterxml.jackson.databind.introspect.AnnotatedClass._resolveClassAnnotations() due to JIT inline cache
08-12 11:19:43.453 5525 5532 I zygote64: Do full code cache collection, code=120KB, data=89KB
08-12 11:19:43.454 5525 5532 I zygote64: After code cache collection, code=55KB, data=29KB
08-12 11:19:43.488 1898 1909 I zygote64: Explicit concurrent copying GC freed 9809(489KB) AllocSpace objects, 3(60KB) LOS objects, 49% free, 2027KB/3MB, paused 42us total 11.610ms
08-12 11:19:43.532 811 828 E ANDR-PERF-OPTSHANDLER: perf_lock_rel: updated /sys/class/mmc_host/mmc0/clk_scaling/enable with 1
08-12 11:19:43.532 811 828 E ANDR-PERF-OPTSHANDLER: return value 2
08-12 11:19:43.547 1883 1896 I zygote64: Explicit concurrent copying GC freed 5656(246KB) AllocSpace objects, 3(60KB) LOS objects, 62% free, 937KB/2MB, paused 29us total 3.311ms
08-12 11:19:43.606 1869 1888 I zygote64: Explicit concurrent copying GC freed 6339(281KB) AllocSpace objects, 3(60KB) LOS objects, 60% free, 1005KB/2MB, paused 28us total 3.692ms
08-12 11:19:43.662 1855 1868 I zygote64: Explicit concurrent copying GC freed 8242(400KB) AllocSpace objects, 3(60KB) LOS objects, 60% free, 996KB/2MB, paused 26us total 4.215ms
08-12 11:19:43.732 1578 1715 I zygote64: Explicit concurrent copying GC freed 10083(579KB) AllocSpace objects, 10(200KB) LOS objects, 50% free, 1935KB/3MB, paused 37us total 10.775ms
08-12 11:19:43.832 1481 2963 I zygote64: Explicit concurrent copying GC freed 20651(902KB) AllocSpace objects, 3(60KB) LOS objects, 49% free, 4MB/9MB, paused 51us total 30.901ms
08-12 11:19:43.984 1352 5482 I zygote64: Explicit concurrent copying GC freed 12619(867KB) AllocSpace objects, 10(520KB) LOS objects, 42% free, 16MB/29MB, paused 60us total 53.067ms
08-12 11:19:44.539 5353 5353 W dumpsys : type=1400 audit(0.0:33): avc: denied { write } for path="pipe:[75739]" dev="pipefs" ino=75739 scontext=u:r:netd:s0 tcontext=u:r:system_server:s0 tclass=fifo_file permissive=0
08-12 11:19:44.927 1578 1715 W TelecomManager: Telecom Service not found.
08-12 11:19:44.928 5525 5525 I ViewRootImpl[AppListingActivity]: playSoundEffect(): displayId=0, effectId=0, usage=0
08-12 11:19:44.930 5525 5525 W Heap : Initialization of Heap has not completed. Click event will not be captured.
08-12 11:19:44.930 5525 5525 I chatty : uid=10055(com.clover.apps) identical 1 line
08-12 11:19:44.931 5525 5525 W Heap : Initialization of Heap has not completed. Click event will not be captured.
08-12 11:19:44.936 1189 1658 I ExtendedNuUtils: printFileName fd(7) -> /system/media/audio/ui/CloverButton.wav
08-12 11:19:44.954 1187 3088 E MM_OSAL : IsWAVADPCMFile: Error unknown format tag 3
08-12 11:19:44.957 1187 3088 E MM_OSAL : IsWAVADPCMFile: Error unknown format tag 3
08-12 11:19:44.958 1187 3088 I ExtendedExtractor: QTIParser is prefered .. flags 2
08-12 11:19:44.961 1187 3088 E MM_OSAL : IsWAVADPCMFile: Error unknown format tag 3
08-12 11:19:44.961 1187 3088 I ExtendedExtractor: ExtendedExtractor::create 0x0
08-12 11:19:44.979 1182 2829 I hash_map_utils: key: 'is_hw_dec_session_available' value: 'audio/raw'
08-12 11:19:44.987 1189 5632 W ExtendedACodec: Failed to get extension for extradata parameter
08-12 11:19:45.006 1189 5631 I ExtendedNuUtils: Both src and dst missing for bit-width
08-12 11:19:45.006 1189 5631 I ExtendedNuUtils: Overriding durationUs: with 64 bit src value 687500
08-12 11:19:45.006 1189 5631 I ExtendedNuUtils: Both src and dst missing for channel-mask
08-12 11:19:45.009 1182 2863 W AudioFlinger: createTrack_l(): mismatch between requested flags (00000002) and output flags (00000004)
08-12 11:19:45.046 1352 1363 I ProcessStatsService: Added stats: 2021-08-12-09-22-27, over +11m57s828ms
08-12 11:19:45.050 1352 1363 I ProcessStatsService: Added stats: 2021-08-12-06-22-00, over +3h0m27s52ms
08-12 11:19:45.054 1352 1363 I ProcessStatsService: Added stats: 2021-08-12-03-21-13, over +3h0m48s288ms
08-12 11:19:45.057 1352 1363 I ProcessStatsService: Added stats: 2021-08-12-02-17-00, over +1h3m31s149ms
08-12 11:19:45.061 1352 1363 I ProcessStatsService: Added stats: 2021-08-11-23-16-52, over +3h0m7s645ms
08-12 11:19:45.065 1352 1363 I ProcessStatsService: Added stats: 2021-08-11-20-16-52, over +3h0m0s47ms
08-12 11:19:45.068 1352 1363 I ProcessStatsService: Added stats: 2021-08-11-17-16-00, over +3h0m52s297ms
08-12 11:19:45.072 1352 1363 I ProcessStatsService: Added stats: 2021-08-11-10-43-21, over +3h0m39s20ms
08-12 11:19:45.139 5353 5353 W dumpsys : type=1400 audit(0.0:34): avc: denied { call } for scontext=u:r:system_server:s0 tcontext=u:r:storaged:s0 tclass=binder permissive=0
08-12 11:19:45.163 1352 1359 W MediaPlayer-JNI: MediaPlayer finalized without being released
08-12 11:19:45.191 1352 1363 D UsbDeviceConnectionJNI: close
08-12 11:19:45.191 1352 1363 I UsbDescriptorParser: ---- isInputHeadset() prob:0.0%
08-12 11:19:45.191 1352 1363 I UsbDescriptorParser: ---- isOutputHeadset() prob:0.0%
08-12 11:19:45.191 1352 1363 E UsbDescriptorParser: Exception parsing USB descriptors.
08-12 11:19:45.191 1352 1363 E UsbDescriptorParser: java.lang.IndexOutOfBoundsException
08-12 11:19:45.191 1352 1363 E UsbDescriptorParser: at com.android.server.usb.descriptors.ByteStream.advance(ByteStream.java:194)
08-12 11:19:45.191 1352 1363 E UsbDescriptorParser: at com.android.server.usb.descriptors.UsbACAudioStreamEndpoint.parseRawDescriptors(UsbACAudioStreamEndpoint.java:36)
08-12 11:19:45.191 1352 1363 E UsbDescriptorParser: at com.android.server.usb.descriptors.UsbDescriptorParser.parseDescriptors(UsbDescriptorParser.java:162)
08-12 11:19:45.191 1352 1363 E UsbDescriptorParser: at com.android.server.usb.descriptors.UsbDescriptorParser.parseDevice(UsbDescriptorParser.java:184)
08-12 11:19:45.191 1352 1363 E UsbDescriptorParser: at com.android.server.usb.UsbHostManager.dump(UsbHostManager.java:359)
08-12 11:19:45.191 1352 1363 E UsbDescriptorParser: at com.android.server.usb.UsbService.dump(UsbService.java:496)
08-12 11:19:45.191 1352 1363 E UsbDescriptorParser: at android.os.Binder.doDump(Binder.java:531)
08-12 11:19:45.191 1352 1363 E UsbDescriptorParser: at android.os.Binder.dump(Binder.java:521)
08-12 11:19:45.191 1352 1363 E UsbDescriptorParser: at android.os.Binder.onTransact(Binder.java:471)
08-12 11:19:45.191 1352 1363 E UsbDescriptorParser: at android.hardware.usb.IUsbManager$Stub.onTransact(IUsbManager.java:378)
08-12 11:19:45.191 1352 1363 E UsbDescriptorParser: at android.os.Binder.execTransact(Binder.java:697)
08-12 11:19:45.191 1352 1363 I UsbDescriptorParser: Unknown Descriptor len: 1 type:0x0
08-12 11:19:45.191 1352 1363 E UsbDescriptorParser: Exception allocating USB descriptor.
08-12 11:19:45.191 1352 1363 E UsbDescriptorParser: java.lang.IllegalArgumentException
08-12 11:19:45.191 1352 1363 E UsbDescriptorParser: at com.android.server.usb.descriptors.UsbDescriptor.(UsbDescriptor.java:137)
08-12 11:19:45.191 1352 1363 E UsbDescriptorParser: at com.android.server.usb.descriptors.UsbUnknown.(UsbUnknown.java:26)
08-12 11:19:45.191 1352 1363 E UsbDescriptorParser: at com.android.server.usb.descriptors.UsbDescriptorParser.allocDescriptor(UsbDescriptorParser.java:130)
08-12 11:19:45.191 1352 1363 E UsbDescriptorParser: at com.android.server.usb.descriptors.UsbDescriptorParser.parseDescriptors(UsbDescriptorParser.java:154)
08-12 11:19:45.191 1352 1363 E UsbDescriptorParser: at com.android.server.usb.descriptors.UsbDescriptorParser.parseDevice(UsbDescriptorParser.java:184)
08-12 11:19:45.191 1352 1363 E UsbDescriptorParser: at com.android.server.usb.UsbHostManager.dump(UsbHostManager.java:359)
08-12 11:19:45.191 1352 1363 E UsbDescriptorParser: at com.android.server.usb.UsbService.dump(UsbService.java:496)
08-12 11:19:45.191 1352 1363 E UsbDescriptorParser: at android.os.Binder.doDump(Binder.java:531)
08-12 11:19:45.191 1352 1363 E UsbDescriptorParser: at android.os.Binder.dump(Binder.java:521)
08-12 11:19:45.191 1352 1363 E UsbDescriptorParser: at android.os.Binder.onTransact(Binder.java:471)
08-12 11:19:45.191 1352 1363 E UsbDescriptorParser: at android.hardware.usb.IUsbManager$Stub.onTransact(IUsbManager.java:378)
08-12 11:19:45.191 1352 1363 E UsbDescriptorParser: at android.os.Binder.execTransact(Binder.java:697)
08-12 11:19:45.191 1352 1363 I UsbDescriptorParser: Unknown Descriptor len: 0 type:0x0
08-12 11:19:45.192 1352 1363 E UsbDescriptorParser: Exception allocating USB descriptor.
08-12 11:19:45.192 1352 1363 E UsbDescriptorParser: java.lang.IllegalArgumentException
08-12 11:19:45.192 1352 1363 E UsbDescriptorParser: at com.android.server.usb.descriptors.UsbDescriptor.(UsbDescriptor.java:137)
08-12 11:19:45.192 1352 1363 E UsbDescriptorParser: at com.android.server.usb.descriptors.UsbUnknown.(UsbUnknown.java:26)
08-12 11:19:45.192 1352 1363 E UsbDescriptorParser: at com.android.server.usb.descriptors.UsbDescriptorParser.allocDescriptor(UsbDescriptorParser.java:130)
08-12 11:19:45.192 1352 1363 E UsbDescriptorParser: at com.android.server.usb.descriptors.UsbDescriptorParser.parseDescriptors(UsbDescriptorParser.java:154)
08-12 11:19:45.192 1352 1363 E UsbDescriptorParser: at com.android.server.usb.descriptors.UsbDescriptorParser.parseDevice(UsbDescriptorParser.java:184)
08-12 11:19:45.192 1352 1363 E UsbDescriptorParser: at com.android.server.usb.UsbHostManager.dump(UsbHostManager.java:359)
08-12 11:19:45.192 1352 1363 E UsbDescriptorParser: at com.android.server.usb.UsbService.dump(UsbService.java:496)
08-12 11:19:45.192 1352 1363 E UsbDescriptorParser: at android.os.Binder.doDump(Binder.java:531)
08-12 11:19:45.192 1352 1363 E UsbDescriptorParser: at android.os.Binder.dump(Binder.java:521)
08-12 11:19:45.192 1352 1363 E UsbDescriptorParser: at android.os.Binder.onTransact(Binder.java:471)
08-12 11:19:45.192 1352 1363 E UsbDescriptorParser: at android.hardware.usb.IUsbManager$Stub.onTransact(IUsbManager.java:378)
08-12 11:19:45.192 1352 1363 E UsbDescriptorParser: at android.os.Binder.execTransact(Binder.java:697)
08-12 11:19:45.195 1352 1363 D UsbDeviceConnectionJNI: close
08-12 11:19:45.195 1352 1363 I UsbDescriptorParser: ---- isInputHeadset() prob:75.0%
08-12 11:19:45.195 1352 1363 I UsbDescriptorParser: ---- isOutputHeadset() prob:75.0%
08-12 11:19:45.200 1352 1363 D UsbDeviceConnectionJNI: close
08-12 11:19:45.200 1352 1363 I UsbDescriptorParser: ---- isInputHeadset() prob:0.0%
08-12 11:19:45.200 1352 1363 I UsbDescriptorParser: ---- isOutputHeadset() prob:0.0%
08-12 11:19:45.200 1352 1363 W UsbACInterface: Unknown Audio Streaming Interface subtype:0x0
08-12 11:19:45.200 1352 1363 I UsbDescriptorParser: Unknown Descriptor len: 5 type:0x24
08-12 11:19:45.200 1352 1363 W UsbACInterface: Unknown Audio Streaming Interface subtype:0x6
08-12 11:19:45.200 1352 1363 I UsbDescriptorParser: Unknown Descriptor len: 5 type:0x24
08-12 11:19:45.200 1352 1363 W UsbDescriptor: OVERRRUN t:0x24 r: 7 > l: 5
08-12 11:19:45.200 1352 1363 W UsbACInterface: Unknown Audio Streaming Interface subtype:0x0
08-12 11:19:45.200 1352 1363 I UsbDescriptorParser: Unknown Descriptor len: 5 type:0x24
08-12 11:19:45.200 1352 1363 W UsbACInterface: Unknown Audio Streaming Interface subtype:0x6
08-12 11:19:45.200 1352 1363 I UsbDescriptorParser: Unknown Descriptor len: 5 type:0x24
08-12 11:19:45.200 1352 1363 W UsbDescriptor: OVERRRUN t:0x24 r: 7 > l: 5
08-12 11:19:45.200 1352 1363 W UsbACInterface: Unknown Audio Streaming Interface subtype:0x0
08-12 11:19:45.200 1352 1363 I UsbDescriptorParser: Unknown Descriptor len: 5 type:0x24
08-12 11:19:45.200 1352 1363 W UsbACInterface: Unknown Audio Streaming Interface subtype:0x6
08-12 11:19:45.200 1352 1363 I UsbDescriptorParser: Unknown Descriptor len: 5 type:0x24
08-12 11:19:45.200 1352 1363 W UsbDescriptor: OVERRRUN t:0x24 r: 7 > l: 5
08-12 11:19:45.200 1352 1363 W UsbACInterface: Unknown Audio Streaming Interface subtype:0x0
08-12 11:19:45.200 1352 1363 I UsbDescriptorParser: Unknown Descriptor len: 5 type:0x24
08-12 11:19:45.200 1352 1363 W UsbACInterface: Unknown Audio Streaming Interface subtype:0x6
08-12 11:19:45.200 1352 1363 I UsbDescriptorParser: Unknown Descriptor len: 5 type:0x24
08-12 11:19:45.200 1352 1363 W UsbDescriptor: OVERRRUN t:0x24 r: 7 > l: 5
08-12 11:19:45.200 1352 1363 W UsbACInterface: Unknown Audio Streaming Interface subtype:0x0
08-12 11:19:45.200 1352 1363 I UsbDescriptorParser: Unknown Descriptor len: 5 type:0x24
08-12 11:19:45.200 1352 1363 W UsbACInterface: Unknown Audio Streaming Interface subtype:0x6
08-12 11:19:45.200 1352 1363 I UsbDescriptorParser: Unknown Descriptor len: 5 type:0x24
08-12 11:19:45.200 1352 1363 W UsbDescriptor: OVERRRUN t:0x24 r: 7 > l: 5
08-12 11:19:45.200 1352 1363 W UsbACInterface: Unknown Audio Streaming Interface subtype:0x0
08-12 11:19:45.200 1352 1363 I UsbDescriptorParser: Unknown Descriptor len: 5 type:0x24
08-12 11:19:45.200 1352 1363 W UsbACInterface: Unknown Audio Streaming Interface subtype:0x6
08-12 11:19:45.200 1352 1363 I UsbDescriptorParser: Unknown Descriptor len: 5 type:0x24
08-12 11:19:45.200 1352 1363 W UsbDescriptor: OVERRRUN t:0x24 r: 7 > l: 5
08-12 11:19:45.231 1352 1363 W WifiDiags: CaptureBugReport 7
08-12 11:19:45.312 1352 1363 W LastMileLogger: Failed to read event trace: /sys/kernel/debug/tracing/instances/wifi/trace: open failed: ENOENT (No such file or directory)
08-12 11:19:45.309 5353 5353 W dumpsys : type=1400 audit(0.0:35): avc: denied { write } for path="pipe:[78911]" dev="pipefs" ino=78911 scontext=u:r:wificond:s0 tcontext=u:r:system_server:s0 tclass=fifo_file permissive=0
08-12 11:19:45.369 1352 4865 I ActivityManager: Dropbox tag: data_app_crash, done appending dumpsys output to error (8866 ms, 3492363 bytes)
08-12 11:19:45.369 1352 4865 I ActivityManager: Dropbox tag: data_app_crash, appending dmesg output to error...
08-12 11:19:45.455 1352 4865 I ActivityManager: Dropbox tag: data_app_crash, done appending dmesg output to error (85 ms, 314599 bytes)
08-12 11:19:45.576 1352 1361 I zygote64: Background concurrent copying GC freed 142025(6MB) AllocSpace objects, 49(11MB) LOS objects, 32% free, 50MB/74MB, paused 197us total 144.934ms
08-12 11:19:46.148 2131 2151 I zygote64: Background concurrent copying GC freed 418(45KB) AllocSpace objects, 2(16MB) LOS objects, 37% free, 39MB/63MB, paused 5.426ms total 88.692ms
08-12 11:19:46.193 2131 5675 I CloverOkHttpClient: execute(CloverOkHttpClient.java:204)[IntentService[com.clover.engine.DropBoxReporterService]]: Starting method: POST, to URL: https://apisandbox.dev.clover.com/v2/internal/rom/reports
08-12 11:19:47.526 2131 5675 I CloverOkHttpClient: execute(CloverOkHttpClient.java:256)[IntentService[com.clover.engine.DropBoxReporterService]]: Completed method: POST, to URL: https://apisandbox.dev.clover.com/v2/internal/rom/reports, response: 200 (OK), elapsed time: 1333ms
08-12 11:19:47.526 2131 5675 I DropBoxReporter: processDropBox(DropBoxReporter.java:214)[IntentService[com.clover.engine.DropBoxReporterService]]: Send result: SUCCESS, for tag: data_app_crash
08-12 11:20:00.777 1352 1409 D ResetService: UEvent received
08-12 11:20:00.777 1352 1409 D ResetService: Hours = 16 Mins = 0 Secs = 0
08-12 11:20:00.777 1352 1409 D ResetService: mSecondsToGo = 57600 mMillisToGo = 57600000
08-12 11:20:00.778 1352 1352 D ResetService: TimeToLive: 160000
08-12 11:20:26.911 5525 5525 I ViewRootImpl[AppListingActivity]: playSoundEffect(): displayId=0, effectId=0, usage=0
08-12 11:20:26.912 5525 5525 W Heap : Initialization of Heap has not completed. Click event will not be captured.
08-12 11:20:26.913 5525 5525 I chatty : uid=10055(com.clover.apps) identical 1 line
08-12 11:20:26.913 5525 5525 W Heap : Initialization of Heap has not completed. Click event will not be captured.
08-12 11:20:26.928 1189 1658 I ExtendedNuUtils: printFileName fd(7) -> /system/media/audio/ui/CloverButton.wav
08-12 11:20:26.950 1187 1187 E MM_OSAL : IsWAVADPCMFile: Error unknown format tag 3
08-12 11:20:26.954 1187 1187 E MM_OSAL : IsWAVADPCMFile: Error unknown format tag 3
08-12 11:20:26.955 1187 1187 I ExtendedExtractor: QTIParser is prefered .. flags 2
08-12 11:20:26.955 1187 1187 E MM_OSAL : IsWAVADPCMFile: Error unknown format tag 3
08-12 11:20:26.955 1187 1187 I ExtendedExtractor: ExtendedExtractor::create 0x0
08-12 11:20:26.977 1182 5225 I hash_map_utils: key: 'is_hw_dec_session_available' value: 'audio/raw'
08-12 11:20:26.988 1189 5686 W ExtendedACodec: Failed to get extension for extradata parameter
08-12 11:20:27.004 1189 5685 I ExtendedNuUtils: Both src and dst missing for bit-width
08-12 11:20:27.004 1189 5685 I ExtendedNuUtils: Overriding durationUs: with 64 bit src value 687500
08-12 11:20:27.004 1189 5685 I ExtendedNuUtils: Both src and dst missing for channel-mask
08-12 11:20:27.006 1182 5225 W AudioFlinger: createTrack_l(): mismatch between requested flags (00000002) and output flags (00000004)
08-12 11:20:27.792 1352 1440 W MediaPlayer: mediaplayer went away with unhandled events
08-12 11:20:27.980 5525 5525 W Heap : Initialization of Heap has not completed. Click event will not be captured.
08-12 11:20:27.979 5525 5525 I ViewRootImpl[AppListingActivity]: playSoundEffect(): displayId=0, effectId=0, usage=0
08-12 11:20:27.986 1352 4639 I ActivityManager: START u0 {cmp=com.clover.apps/.merchantplan.MerchantPlanActivity} from uid 10055
08-12 11:20:27.989 811 828 E ANDR-PERF-MPCTL: Invalid profile no. 0, total profiles 0 only
08-12 11:20:27.995 1189 1189 I ExtendedNuUtils: printFileName fd(7) -> /system/media/audio/ui/CloverButton.wav
08-12 11:20:27.996 5525 5525 W Instrumentation: Check start activity result, res: 0
08-12 11:20:28.001 1187 1187 E MM_OSAL : IsWAVADPCMFile: Error unknown format tag 3
08-12 11:20:28.002 1187 1187 E MM_OSAL : IsWAVADPCMFile: Error unknown format tag 3
08-12 11:20:28.002 1187 1187 I ExtendedExtractor: QTIParser is prefered .. flags 2
08-12 11:20:28.003 1187 1187 E MM_OSAL : IsWAVADPCMFile: Error unknown format tag 3
08-12 11:20:28.003 1187 1187 I ExtendedExtractor: ExtendedExtractor::create 0x0
08-12 11:20:28.014 1182 3895 I hash_map_utils: key: 'is_hw_dec_session_available' value: 'audio/raw'
08-12 11:20:28.020 1189 5697 W ExtendedACodec: Failed to get extension for extradata parameter
08-12 11:20:28.022 5525 5525 D HeapActivityTransitionHandler: Received message: ACTIVITY_CREATED
08-12 11:20:28.023 5525 5525 I MerchantPlanActivity: onCreate(CommonAppCompatActivity.java:153)[main]: @6e36c14 +onCreate: null
08-12 11:20:28.034 1189 5696 I ExtendedNuUtils: Both src and dst missing for bit-width
08-12 11:20:28.034 1189 5696 I ExtendedNuUtils: Overriding durationUs: with 64 bit src value 687500
08-12 11:20:28.034 1189 5696 I ExtendedNuUtils: Both src and dst missing for channel-mask
08-12 11:20:28.036 5525 5525 I MerchantPlanActivity: onCreate(CommonAppCompatActivity.java:193)[main]: @6e36c14 -onCreate
08-12 11:20:28.036 1182 3895 W AudioFlinger: createTrack_l(): mismatch between requested flags (00000002) and output flags (00000004)
08-12 11:20:28.093 5525 5525 I MerchantPlanActivity: onStart(CommonAppCompatActivity.java:1000)[main]: @6e36c14 +onStart
08-12 11:20:28.094 5525 5525 D HeapActivityTransitionHandler: Received message: ACTIVITY_STARTED
08-12 11:20:28.096 5525 5525 I MerchantPlanActivity: onStart(CommonAppCompatActivity.java:1018)[main]: @6e36c14 -onStart
08-12 11:20:28.096 5525 5525 W Heap : Initialization of Heap has not completed. Ignoring call to Heap.clearEventProperties.
08-12 11:20:28.098 5525 5525 I MerchantPlanActivity: onResume(CommonAppCompatActivity.java:237)[main]: @6e36c14 +onResume
08-12 11:20:28.099 5525 5525 I MerchantPlanActivity: onForeground(CommonAppCompatActivity.java:261)[main]: @6e36c14 +onForeground
08-12 11:20:28.101 5525 5525 I MerchantPlanActivity: onForeground(CommonAppCompatActivity.java:276)[main]: @6e36c14 -onForeground
08-12 11:20:28.101 5525 5525 I MerchantPlanActivity: onResume(CommonAppCompatActivity.java:244)[main]: @6e36c14 -onResume
08-12 11:20:28.127 5525 5700 I ServiceConnector: waitForConnection result: true, retryCount: 0
08-12 11:20:28.130 5525 5702 I SetupAsyncTask: doInBackground(SetupAsyncTask.java:43)[AsyncTask #4]: MerchantPlanActivity @6e36c14
08-12 11:20:28.138 5525 5525 I zygote64: Deoptimizing boolean androidx.drawerlayout.widget.DrawerLayout.drawChild(android.graphics.Canvas, android.view.View, long) due to JIT inline cache
08-12 11:20:28.167 1352 1373 I ActivityManager: Displayed com.clover.apps/.merchantplan.MerchantPlanActivity: +160ms
08-12 11:20:28.168 622 622 W /system/bin/hwservicemanager: getTransport: Cannot find entry vendor.qti.hardware.iop@1.0::IIop/default in either framework or device manifest.
08-12 11:20:28.168 1352 1373 E ANDR-PERF-JNI: Iop tryGetService failed
08-12 11:20:28.176 5525 5702 I SetupAsyncTask: doInBackground(SetupAsyncTask.java:59)[AsyncTask #4]: MerchantPlanActivity @6e36c14 success: true isCancelled: false
08-12 11:20:28.181 5525 5525 D EmployeeConnector: on service success: ResultStatus{statusCode=OK, statusMessage=null}
08-12 11:20:28.192 5525 5525 I SetupAsyncTask: onPostExecute(SetupAsyncTask.java:67)[main]: result:true, commonActivity: true
08-12 11:20:28.192 5525 5525 I SetupAsyncTask: onPostExecute(SetupAsyncTask.java:73)[main]: MerchantPlanActivity @6e36c14 isFinishing: false, resumed: true
08-12 11:20:28.192 5525 5525 I MerchantPlanActivity: onSetupComplete(CommonAppCompatActivity.java:361)[main]: @6e36c14
08-12 11:20:28.196 5525 5525 I SetupAsyncTask: onPostExecute(SetupAsyncTask.java:115)[main]: MerchantPlanActivity @6e36c14 setup tasks took: 95ms
08-12 11:20:28.229 5525 5566 E cutils-trace: Error opening trace file: No such file or directory (2)
08-12 11:20:28.230 5525 5566 D OpenGLRenderer: endAllActiveAnimators on 0x7ead6e2400 (ListView) with handle 0x7e91fef860
08-12 11:20:28.282 5525 5525 D HeapActivityTransitionHandler: Received message: ACTIVITY_STOPPED
08-12 11:20:28.284 1352 1432 D ConnectivityService: releasing NetworkRequest [ TRACK_DEFAULT id=12, [ Capabilities: INTERNET&NOT_RESTRICTED&TRUSTED&NOT_VPN] ] (release request)
08-12 11:20:35.443 5525 5525 I zygote64: Deoptimizing void com.clover.sdk.GenericClient.populateCache(int, com.clover.sdk.ExtractableEnum) due to JIT inline cache
08-12 11:20:35.444 5525 5525 D AndroidRuntime: Shutting down VM
08-12 11:20:35.445 5525 5525 E AndroidRuntime: FATAL EXCEPTION: main
08-12 11:20:35.445 5525 5525 E AndroidRuntime: Process: com.clover.apps, PID: 5525
08-12 11:20:35.445 5525 5525 E AndroidRuntime: java.lang.NullPointerException: Attempt to invoke interface method 'java.util.Iterator java.lang.Iterable.iterator()' on a null object reference
08-12 11:20:35.445 5525 5525 E AndroidRuntime: at java.util.AbstractCollection.addAll(AbstractCollection.java:343)
08-12 11:20:35.445 5525 5525 E AndroidRuntime: at com.clover.apps.merchantplan.util.PlanSelectionUtil.getAllPlanFeatures(PlanSelectionUtil.java:376)
08-12 11:20:35.445 5525 5525 E AndroidRuntime: at com.clover.apps.merchantplan.util.PlanSelectionUtil.setPlanFeatures(PlanSelectionUtil.java:382)
08-12 11:20:35.445 5525 5525 E AndroidRuntime: at com.clover.apps.merchantplan.util.PlanSelectionUtil.updatePlanSelectionUI(PlanSelectionUtil.java:61)
08-12 11:20:35.445 5525 5525 E AndroidRuntime: at com.clover.apps.merchantplan.MerchantPlanActivity.updateUi(MerchantPlanActivity.java:104)
08-12 11:20:35.445 5525 5525 E AndroidRuntime: at com.clover.apps.merchantplan.MerchantPlanActivity.handleFlowUpdates(MerchantPlanActivity.java:57)
