08-12 11:20:35.445 5525 5525 E AndroidRuntime: at com.clover.apps.merchantplan.MerchantPlanActivity.lambda$0aH5FkjUmNDw7b17pdwrr_azkHY(Unknown Source:0)
08-12 11:20:35.445 5525 5525 E AndroidRuntime: at com.clover.apps.merchantplan.-$$Lambda$MerchantPlanActivity$0aH5FkjUmNDw7b17pdwrr_azkHY.onChanged(Unknown Source:4)
08-12 11:20:35.445 5525 5525 E AndroidRuntime: at com.clover.apps.appsdata.core.rx.SingleLiveEvent$1.onChanged(SingleLiveEvent.java:56)
08-12 11:20:35.445 5525 5525 E AndroidRuntime: at androidx.lifecycle.LiveData.considerNotify(LiveData.java:133)
08-12 11:20:35.445 5525 5525 E AndroidRuntime: at androidx.lifecycle.LiveData.dispatchingValue(LiveData.java:151)
08-12 11:20:35.445 5525 5525 E AndroidRuntime: at androidx.lifecycle.LiveData.setValue(LiveData.java:309)
08-12 11:20:35.445 5525 5525 E AndroidRuntime: at androidx.lifecycle.MutableLiveData.setValue(MutableLiveData.java:50)
08-12 11:20:35.445 5525 5525 E AndroidRuntime: at com.clover.apps.appsdata.core.rx.SingleLiveEvent.setValue(SingleLiveEvent.java:66)
08-12 11:20:35.445 5525 5525 E AndroidRuntime: at androidx.lifecycle.LiveData$1.run(LiveData.java:93)
08-12 11:20:35.445 5525 5525 E AndroidRuntime: at android.os.Handler.handleCallback(Handler.java:790)
08-12 11:20:35.445 5525 5525 E AndroidRuntime: at android.os.Handler.dispatchMessage(Handler.java:99)
08-12 11:20:35.445 5525 5525 E AndroidRuntime: at android.os.Looper.loop(Looper.java:164)
08-12 11:20:35.445 5525 5525 E AndroidRuntime: at android.app.ActivityThread.main(ActivityThread.java:6518)
08-12 11:20:35.445 5525 5525 E AndroidRuntime: at java.lang.reflect.Method.invoke(Native Method)
08-12 11:20:35.445 5525 5525 E AndroidRuntime: at com.android.internal.os.RuntimeInit$MethodAndArgsCaller.run(RuntimeInit.java:438)
08-12 11:20:35.445 5525 5525 E AndroidRuntime: at com.android.internal.os.ZygoteInit.main(ZygoteInit.java:807)
08-12 11:20:35.448 1352 4865 I ActivityManager: Appending logcat output to error...
08-12 11:20:35.448 1352 4631 W ActivityManager: Force finishing activity com.clover.apps/.merchantplan.MerchantPlanActivity
08-12 11:20:35.455 1352 1367 I ActivityManager: Showing crash dialog for package com.clover.apps u0
08-12 11:20:35.486 1352 3006 I OpenGLRenderer: Initialized EGL, version 1.4
08-12 11:20:35.487 1352 3006 D OpenGLRenderer: Swap behavior 2
08-12 11:20:35.622 1352 4865 I ActivityManager: Done appending logcat output to error (175 ms)
08-12 11:20:35.622 1352 4865 I ActivityManager: Dropbox tag: data_app_crash, appending dumpsys output to error...
08-12 11:20:35.709 800 994 I SDM : HWCDisplay::GetColorModeCount: Supported color mode count = 1
08-12 11:20:35.709 800 994 I SDM : HWCDisplay::GetColorModes: Supports color mode[0] = 0
08-12 11:20:35.819 5710 5710 W dumpsys : type=1400 audit(0.0:36): avc: denied { call } for scontext=u:r:system_server:s0 tcontext=u:r:update_engine:s0 tclass=binder permissive=0
08-12 11:20:35.863 1352 4639 W AutofillManagerService: Ignoring invalid dump arg: -a
08-12 11:20:35.869 1352 1369 I WifiService: requestActivityInfo uid=1000
08-12 11:20:35.870 1352 1369 I WifiService: reportActivityInfo uid=1000
08-12 11:20:35.870 1352 1369 I WifiService: getSupportedFeatures uid=1000
08-12 11:20:35.903 1352 1369 E BatteryExternalStatsWorker: no controller energy info supplied for bluetooth
08-12 11:20:35.912 1352 1369 E KernelCpuSpeedReader: Failed to read cpu-freq: /sys/devices/system/cpu/cpu0/cpufreq/stats/time_in_state (No such file or directory)
08-12 11:20:35.912 1352 1369 E KernelCpuSpeedReader: Failed to read cpu-freq: /sys/devices/system/cpu/cpu4/cpufreq/stats/time_in_state (No such file or directory)
08-12 11:20:35.951 1352 1366 W ActivityManager: Activity pause timeout for ActivityRecord{c110047 u0 com.clover.apps/.merchantplan.MerchantPlanActivity t89 f}
08-12 11:20:36.504 1352 4639 D CryptdConnector: SND -> {8 cryptfs getpwtype}
08-12 11:20:36.504 640 644 D VoldCryptCmdListener: cryptfs getpwtype
08-12 11:20:36.505 1352 1419 D CryptdConnector: RCV <- {213 8 pin}
08-12 11:20:36.747 1352 1361 I zygote64: Background concurrent copying GC freed 228066(12MB) AllocSpace objects, 58(47MB) LOS objects, 42% free, 14MB/25MB, paused 177us total 119.494ms
08-12 11:20:38.231 1352 1367 I ViewRootImpl[apps]: playSoundEffect(): displayId=0, effectId=0, usage=0
08-12 11:20:38.234 1352 4631 W ActivityManager: Force finishing activity com.clover.apps/.merchantplan.MerchantPlanActivity
08-12 11:20:38.247 1189 1189 I ExtendedNuUtils: printFileName fd(7) -> /system/media/audio/ui/CloverButton.wav
08-12 11:20:38.250 1352 4631 W ActivityManager: Force finishing activity com.clover.apps/.appslisting.AppListingActivity
08-12 11:20:38.258 1352 4631 I WindowManager: Failed to capture screenshot of Token{f3cf074 ActivityRecord{c110047 u0 com.clover.apps/.merchantplan.MerchantPlanActivity t-1 f}} appWin=Window{565682f u0 com.clover.apps/com.clover.apps.merchantplan.MerchantPlanActivity} drawState=4
08-12 11:20:38.276 1187 4188 E MM_OSAL : IsWAVADPCMFile: Error unknown format tag 3
08-12 11:20:38.278 1352 4631 E ActivityManager: Found activity ActivityRecord{d7728fe u0 com.clover.apps/.appslisting.AppListingActivity t-1 f} in proc activity list using null instead of expected ProcessRecord{70c1edc 5525:com.clover.apps/u0a55}
08-12 11:20:38.283 1187 4188 E MM_OSAL : IsWAVADPCMFile: Error unknown format tag 3
08-12 11:20:38.284 1187 4188 I ExtendedExtractor: QTIParser is prefered .. flags 2
08-12 11:20:38.285 1187 4188 E MM_OSAL : IsWAVADPCMFile: Error unknown format tag 3
08-12 11:20:38.285 1187 4188 I ExtendedExtractor: ExtendedExtractor::create 0x0
08-12 11:20:38.296 1352 4631 I ActivityManager: Killing 5525:com.clover.apps/u0a55 (adj 199): crash
08-12 11:20:38.297 1352 1368 W zygote64: kill(-5525, 9) failed: No such process
08-12 11:20:38.313 1182 1182 I hash_map_utils: key: 'is_hw_dec_session_available' value: 'audio/raw'
08-12 11:20:38.323 1189 5832 W ExtendedACodec: Failed to get extension for extradata parameter
08-12 11:20:38.337 1189 5831 I ExtendedNuUtils: Both src and dst missing for bit-width
08-12 11:20:38.337 1189 5831 I ExtendedNuUtils: Overriding durationUs: with 64 bit src value 687500
08-12 11:20:38.337 1189 5831 I ExtendedNuUtils: Both src and dst missing for channel-mask
08-12 11:20:38.340 1182 1182 W AudioFlinger: createTrack_l(): mismatch between requested flags (00000002) and output flags (00000004)
08-12 11:20:38.340 1352 1368 W zygote64: kill(-5525, 9) failed: No such process
08-12 11:20:38.348 1962 2244 I Adreno : QUALCOMM build : 04a4b71, Iaf0ce12d04
08-12 11:20:38.348 1962 2244 I Adreno : Build Date : 01/29/20
08-12 11:20:38.348 1962 2244 I Adreno : OpenGL ES Shader Compiler Version: EV031.22.00.01_06_07
08-12 11:20:38.348 1962 2244 I Adreno : Local Branch :
08-12 11:20:38.348 1962 2244 I Adreno : Remote Branch :
08-12 11:20:38.348 1962 2244 I Adreno : Remote Branch :
08-12 11:20:38.348 1962 2244 I Adreno : Reconstruct Branch :
08-12 11:20:38.349 1962 2242 I TamperStatus: getStringSystemProperty(TamperStatus.java:269)[TamperStatusView-pool-1-thread-1]: WARNING: Using system property to redefine tamper status: persist.test.tamper.s=
08-12 11:20:38.352 1962 2244 I Adreno : PFP: 0x005ff087, ME: 0x005ff063
08-12 11:20:38.355 1962 2244 I zygote64: android::hardware::configstore::V1_0::ISurfaceFlingerConfigs::hasWideColorDisplay retrieved: 0
08-12 11:20:38.356 1962 2244 I OpenGLRenderer: Initialized EGL, version 1.4
08-12 11:20:38.356 1962 2244 D OpenGLRenderer: Swap behavior 2
08-12 11:20:38.357 1352 1368 W zygote64: kill(-5525, 9) failed: No such process
08-12 11:20:38.359 5710 5710 W dumpsys : type=1400 audit(0.0:37): avc: denied { write } for path="pipe:[78493]" dev="pipefs" ino=78493 scontext=u:r:installd:s0 tcontext=u:r:system_server:s0 tclass=fifo_file permissive=0
08-12 11:20:38.368 1352 1373 W ActivityManager: setHasOverlayUi called on unknown pid: 5525
08-12 11:20:38.393 1352 1368 W zygote64: kill(-5525, 9) failed: No such process
08-12 11:20:38.394 1352 1368 I zygote64: Successfully killed process cgroup uid 10055 pid 5525 in 96ms
08-12 11:20:38.395 1962 1962 I SupportWidgetFragment: onPostExecute(ConnectorSafeAsyncTask.java:64)[main]: com.clover.launcher.widgets.SupportWidgetFragment$3 safely finished execution
08-12 11:20:38.450 1352 1399 W AppOps : Finishing op nesting under-run: uid 1000 pkg android code 24 time=0 duration=0 nesting=0
08-12 11:20:38.459 917 917 W Binder:917_1: type=1400 audit(0.0:38): avc: denied { write } for path="pipe:[74219]" dev="pipefs" ino=74219 scontext=u:r:hal_camera_default:s0 tcontext=u:r:system_server:s0 tclass=fifo_file permissive=0
08-12 11:20:38.469 917 917 W Binder:917_1: type=1400 audit(0.0:39): avc: denied { write } for path="pipe:[74219]" dev="pipefs" ino=74219 scontext=u:r:hal_camera_default:s0 tcontext=u:r:system_server:s0 tclass=fifo_file permissive=0
08-12 11:20:38.503 1189 1312 I NuPlayerDriver: NuPlayer
08-12 11:20:38.503 1189 1312 I NuPlayerDriver: state(5), atEOS(0), looping(0), autoLoop(0)
08-12 11:20:38.503 1189 1312 I NuPlayerDriver: mime(audio/raw)
08-12 11:20:38.503 1189 1312 I NuPlayerDriver: decoder(OMX.google.raw.decoder)
08-12 11:20:38.679 1962 3082 I zygote64: Explicit concurrent copying GC freed 7805(553KB) AllocSpace objects, 4(72KB) LOS objects, 50% free, 2MB/5MB, paused 76us total 38.678ms
08-12 11:20:38.904 2131 5004 I zygote64: Explicit concurrent copying GC freed 27062(1973KB) AllocSpace objects, 2(40KB) LOS objects, 49% free, 4MB/9MB, paused 90us total 62.015ms
08-12 11:20:39.112 1352 1440 W MediaPlayer: mediaplayer went away with unhandled events
08-12 11:20:39.144 4644 4655 I zygote64: Explicit concurrent copying GC freed 12221(607KB) AllocSpace objects, 3(60KB) LOS objects, 25% free, 4MB/5MB, paused 79us total 54.961ms
08-12 11:20:39.343 1468 1480 I zygote64: Explicit concurrent copying GC freed 11209(556KB) AllocSpace objects, 4(80KB) LOS objects, 24% free, 2MB/3MB, paused 107us total 55.825ms
08-12 11:20:39.554 2463 3080 I zygote64: Explicit concurrent copying GC freed 9183(398KB) AllocSpace objects, 3(60KB) LOS objects, 49% free, 4MB/8MB, paused 103us total 77.402ms
08-12 11:20:39.776 2433 2488 I zygote64: Explicit concurrent copying GC freed 8627(559KB) AllocSpace objects, 3(60KB) LOS objects, 49% free, 3MB/6MB, paused 117us total 40.099ms
08-12 11:20:39.937 2122 2146 I zygote64: Explicit concurrent copying GC freed 5650(223KB) AllocSpace objects, 3(60KB) LOS objects, 61% free, 951KB/2MB, paused 53us total 8.113ms
08-12 11:20:40.036 4644 5872 I DelayedMetrics: deviceHasMetrics(DelayedMetrics.java:110)[AsyncTask #9]: true
08-12 11:20:40.045 4644 5872 I DelayedMetrics: deviceHasCloverAccount(DelayedMetrics.java:100)[AsyncTask #9]: true
08-12 11:20:40.070 5098 5110 I zygote64: Explicit concurrent copying GC freed 150(39KB) AllocSpace objects, 2(40KB) LOS objects, 34% free, 956KB/1468KB, paused 300us total 12.221ms
08-12 11:20:40.098 4644 5872 I DelayedMetrics: deviceHasMetrics(DelayedMetrics.java:110)[AsyncTask #9]: true
08-12 11:20:40.104 4644 5872 I DelayedMetrics: deviceHasCloverAccount(DelayedMetrics.java:100)[AsyncTask #9]: true
08-12 11:20:40.210 2707 2719 I zygote64: Explicit concurrent copying GC freed 9265(443KB) AllocSpace objects, 3(60KB) LOS objects, 25% free, 1870KB/2MB, paused 63us total 21.735ms
08-12 11:20:40.211 2707 2717 I zygote64: WaitForGcToComplete blocked Background on HeapTrim for 22.632ms
08-12 11:20:40.334 2166 2902 I zygote64: Explicit concurrent copying GC freed 229(54KB) AllocSpace objects, 0(0B) LOS objects, 35% free, 947KB/1459KB, paused 43us total 6.787ms
08-12 11:20:40.460 4758 4770 I zygote : Explicit concurrent copying GC freed 5721(239KB) AllocSpace objects, 3(60KB) LOS objects, 34% free, 961KB/1473KB, paused 78us total 11.213ms