08-12 11:18:48.052 1352 1954 E UsbDescriptorParser: at com.android.server.usb.UsbHostManager.dump(UsbHostManager.java:359)
08-12 11:18:48.052 1352 1954 E UsbDescriptorParser: at com.android.server.usb.UsbService.dump(UsbService.java:496)
08-12 11:18:48.052 1352 1954 E UsbDescriptorParser: at android.os.Binder.doDump(Binder.java:531)
08-12 11:18:48.052 1352 1954 E UsbDescriptorParser: at android.os.Binder.dump(Binder.java:521)
08-12 11:18:48.052 1352 1954 E UsbDescriptorParser: at android.os.Binder.onTransact(Binder.java:471)
08-12 11:18:48.052 1352 1954 E UsbDescriptorParser: at android.hardware.usb.IUsbManager$Stub.onTransact(IUsbManager.java:378)
08-12 11:18:48.052 1352 1954 E UsbDescriptorParser: at android.os.Binder.execTransact(Binder.java:697)
08-12 11:18:48.052 1352 1954 I UsbDescriptorParser: Unknown Descriptor len: 1 type:0x0
08-12 11:18:48.052 1352 1954 E UsbDescriptorParser: Exception allocating USB descriptor.
08-12 11:18:48.052 1352 1954 E UsbDescriptorParser: java.lang.IllegalArgumentException
08-12 11:18:48.052 1352 1954 E UsbDescriptorParser: at com.android.server.usb.descriptors.UsbDescriptor.(UsbDescriptor.java:137)
08-12 11:18:48.052 1352 1954 E UsbDescriptorParser: at com.android.server.usb.descriptors.UsbUnknown.(UsbUnknown.java:26)
08-12 11:18:48.052 1352 1954 E UsbDescriptorParser: at com.android.server.usb.descriptors.UsbDescriptorParser.allocDescriptor(UsbDescriptorParser.java:130)
08-12 11:18:48.052 1352 1954 E UsbDescriptorParser: at com.android.server.usb.descriptors.UsbDescriptorParser.parseDescriptors(UsbDescriptorParser.java:154)
08-12 11:18:48.052 1352 1954 E UsbDescriptorParser: at com.android.server.usb.descriptors.UsbDescriptorParser.parseDevice(UsbDescriptorParser.java:184)
08-12 11:18:48.052 1352 1954 E UsbDescriptorParser: at com.android.server.usb.UsbHostManager.dump(UsbHostManager.java:359)
08-12 11:18:48.052 1352 1954 E UsbDescriptorParser: at com.android.server.usb.UsbService.dump(UsbService.java:496)
08-12 11:18:48.052 1352 1954 E UsbDescriptorParser: at android.os.Binder.doDump(Binder.java:531)
08-12 11:18:48.052 1352 1954 E UsbDescriptorParser: at android.os.Binder.dump(Binder.java:521)
08-12 11:18:48.052 1352 1954 E UsbDescriptorParser: at android.os.Binder.onTransact(Binder.java:471)
08-12 11:18:48.052 1352 1954 E UsbDescriptorParser: at android.hardware.usb.IUsbManager$Stub.onTransact(IUsbManager.java:378)
08-12 11:18:48.052 1352 1954 E UsbDescriptorParser: at android.os.Binder.execTransact(Binder.java:697)
08-12 11:18:48.052 1352 1954 I UsbDescriptorParser: Unknown Descriptor len: 0 type:0x0
08-12 11:18:48.052 1352 1954 E UsbDescriptorParser: Exception allocating USB descriptor.
08-12 11:18:48.052 1352 1954 E UsbDescriptorParser: java.lang.IllegalArgumentException
08-12 11:18:48.052 1352 1954 E UsbDescriptorParser: at com.android.server.usb.descriptors.UsbDescriptor.(UsbDescriptor.java:137)
08-12 11:18:48.052 1352 1954 E UsbDescriptorParser: at com.android.server.usb.descriptors.UsbUnknown.(UsbUnknown.java:26)
08-12 11:18:48.052 1352 1954 E UsbDescriptorParser: at com.android.server.usb.descriptors.UsbDescriptorParser.allocDescriptor(UsbDescriptorParser.java:130)
08-12 11:18:48.052 1352 1954 E UsbDescriptorParser: at com.android.server.usb.descriptors.UsbDescriptorParser.parseDescriptors(UsbDescriptorParser.java:154)
08-12 11:18:48.052 1352 1954 E UsbDescriptorParser: at com.android.server.usb.descriptors.UsbDescriptorParser.parseDevice(UsbDescriptorParser.java:184)
08-12 11:18:48.052 1352 1954 E UsbDescriptorParser: at com.android.server.usb.UsbHostManager.dump(UsbHostManager.java:359)
08-12 11:18:48.052 1352 1954 E UsbDescriptorParser: at com.android.server.usb.UsbService.dump(UsbService.java:496)
08-12 11:18:48.052 1352 1954 E UsbDescriptorParser: at android.os.Binder.doDump(Binder.java:531)
08-12 11:18:48.052 1352 1954 E UsbDescriptorParser: at android.os.Binder.dump(Binder.java:521)
08-12 11:18:48.052 1352 1954 E UsbDescriptorParser: at android.os.Binder.onTransact(Binder.java:471)
08-12 11:18:48.052 1352 1954 E UsbDescriptorParser: at android.hardware.usb.IUsbManager$Stub.onTransact(IUsbManager.java:378)
08-12 11:18:48.052 1352 1954 E UsbDescriptorParser: at android.os.Binder.execTransact(Binder.java:697)
08-12 11:18:48.055 1352 1954 D UsbDeviceConnectionJNI: close
08-12 11:18:48.056 1352 1954 I UsbDescriptorParser: ---- isInputHeadset() prob:75.0%
08-12 11:18:48.056 1352 1954 I UsbDescriptorParser: ---- isOutputHeadset() prob:75.0%
08-12 11:18:48.060 1352 1954 D UsbDeviceConnectionJNI: close
08-12 11:18:48.060 1352 1954 I UsbDescriptorParser: ---- isInputHeadset() prob:0.0%
08-12 11:18:48.060 1352 1954 I UsbDescriptorParser: ---- isOutputHeadset() prob:0.0%
08-12 11:18:48.061 1352 1954 W UsbACInterface: Unknown Audio Streaming Interface subtype:0x0
08-12 11:18:48.061 1352 1954 I UsbDescriptorParser: Unknown Descriptor len: 5 type:0x24
08-12 11:18:48.061 1352 1954 W UsbACInterface: Unknown Audio Streaming Interface subtype:0x6
08-12 11:18:48.061 1352 1954 I UsbDescriptorParser: Unknown Descriptor len: 5 type:0x24
08-12 11:18:48.061 1352 1954 W UsbDescriptor: OVERRRUN t:0x24 r: 7 > l: 5
08-12 11:18:48.061 1352 1954 W UsbACInterface: Unknown Audio Streaming Interface subtype:0x0
08-12 11:18:48.061 1352 1954 I UsbDescriptorParser: Unknown Descriptor len: 5 type:0x24
08-12 11:18:48.061 1352 1954 W UsbACInterface: Unknown Audio Streaming Interface subtype:0x6
08-12 11:18:48.061 1352 1954 I UsbDescriptorParser: Unknown Descriptor len: 5 type:0x24
08-12 11:18:48.061 1352 1954 W UsbDescriptor: OVERRRUN t:0x24 r: 7 > l: 5
08-12 11:18:48.061 1352 1954 W UsbACInterface: Unknown Audio Streaming Interface subtype:0x0
08-12 11:18:48.061 1352 1954 I UsbDescriptorParser: Unknown Descriptor len: 5 type:0x24
08-12 11:18:48.061 1352 1954 W UsbACInterface: Unknown Audio Streaming Interface subtype:0x6
08-12 11:18:48.061 1352 1954 I UsbDescriptorParser: Unknown Descriptor len: 5 type:0x24
08-12 11:18:48.061 1352 1954 W UsbDescriptor: OVERRRUN t:0x24 r: 7 > l: 5
08-12 11:18:48.061 1352 1954 W UsbACInterface: Unknown Audio Streaming Interface subtype:0x0
08-12 11:18:48.061 1352 1954 I UsbDescriptorParser: Unknown Descriptor len: 5 type:0x24
08-12 11:18:48.061 1352 1954 W UsbACInterface: Unknown Audio Streaming Interface subtype:0x6
08-12 11:18:48.061 1352 1954 I UsbDescriptorParser: Unknown Descriptor len: 5 type:0x24
08-12 11:18:48.061 1352 1954 W UsbDescriptor: OVERRRUN t:0x24 r: 7 > l: 5
08-12 11:18:48.061 1352 1954 W UsbACInterface: Unknown Audio Streaming Interface subtype:0x0
08-12 11:18:48.061 1352 1954 I UsbDescriptorParser: Unknown Descriptor len: 5 type:0x24
08-12 11:18:48.061 1352 1954 W UsbACInterface: Unknown Audio Streaming Interface subtype:0x6
08-12 11:18:48.061 1352 1954 I UsbDescriptorParser: Unknown Descriptor len: 5 type:0x24
08-12 11:18:48.061 1352 1954 W UsbDescriptor: OVERRRUN t:0x24 r: 7 > l: 5
08-12 11:18:48.061 1352 1954 W UsbACInterface: Unknown Audio Streaming Interface subtype:0x0
08-12 11:18:48.061 1352 1954 I UsbDescriptorParser: Unknown Descriptor len: 5 type:0x24
08-12 11:18:48.061 1352 1954 W UsbACInterface: Unknown Audio Streaming Interface subtype:0x6
08-12 11:18:48.061 1352 1954 I UsbDescriptorParser: Unknown Descriptor len: 5 type:0x24
08-12 11:18:48.061 1352 1954 W UsbDescriptor: OVERRRUN t:0x24 r: 7 > l: 5
08-12 11:18:48.103 1352 1954 W WifiDiags: CaptureBugReport 7
08-12 11:18:48.186 1352 1954 W LastMileLogger: Failed to read event trace: /sys/kernel/debug/tracing/instances/wifi/trace: open failed: ENOENT (No such file or directory)
08-12 11:18:48.189 4875 4875 W dumpsys : type=1400 audit(0.0:28): avc: denied { write } for path="pipe:[73225]" dev="pipefs" ino=73225 scontext=u:r:wificond:s0 tcontext=u:r:system_server:s0 tclass=fifo_file permissive=0
08-12 11:18:48.223 1352 1954 W ContentService: Ignoring content changes for content://settings/global from 1000: Failed to find PID 4875
08-12 11:18:48.245 1352 4865 I ActivityManager: Dropbox tag: data_app_crash, done appending dumpsys output to error (11814 ms, 3427330 bytes)
08-12 11:18:48.245 1352 4865 I ActivityManager: Dropbox tag: data_app_crash, appending dmesg output to error...
08-12 11:18:48.330 1352 4865 I ActivityManager: Dropbox tag: data_app_crash, done appending dmesg output to error (84 ms, 310884 bytes)
08-12 11:18:49.010 2131 2151 I zygote64: Background concurrent copying GC freed 5779(218KB) AllocSpace objects, 2(16MB) LOS objects, 37% free, 39MB/63MB, paused 17.133ms total 91.155ms
08-12 11:18:49.101 2131 5156 I CloverOkHttpClient: execute(CloverOkHttpClient.java:204)[IntentService[com.clover.engine.DropBoxReporterService]]: Starting method: POST, to URL: https://apisandbox.dev.clover.com/v2/internal/rom/reports
08-12 11:18:49.251 1189 1658 I ExtendedNuUtils: printFileName fd(7) -> /system/media/audio/ui/CloverButton.wav
08-12 11:18:49.267 1187 4188 E MM_OSAL : IsWAVADPCMFile: Error unknown format tag 3
08-12 11:18:49.270 1187 4188 E MM_OSAL : IsWAVADPCMFile: Error unknown format tag 3
08-12 11:18:49.272 1187 4188 I ExtendedExtractor: QTIParser is prefered .. flags 2
08-12 11:18:49.272 1187 4188 E MM_OSAL : IsWAVADPCMFile: Error unknown format tag 3
08-12 11:18:49.272 1187 4188 I ExtendedExtractor: ExtendedExtractor::create 0x0
08-12 11:18:49.293 1182 1328 I hash_map_utils: key: 'is_hw_dec_session_available' value: 'audio/raw'
08-12 11:18:49.303 1189 5163 W ExtendedACodec: Failed to get extension for extradata parameter
08-12 11:18:49.321 1189 5162 I ExtendedNuUtils: Both src and dst missing for bit-width
08-12 11:18:49.321 1189 5162 I ExtendedNuUtils: Overriding durationUs: with 64 bit src value 687500
08-12 11:18:49.321 1189 5162 I ExtendedNuUtils: Both src and dst missing for channel-mask
08-12 11:18:49.325 1182 2829 W AudioFlinger: createTrack_l(): mismatch between requested flags (00000002) and output flags (00000004)
08-12 11:18:50.591 2131 5156 I CloverOkHttpClient: execute(CloverOkHttpClient.java:256)[IntentService[com.clover.engine.DropBoxReporterService]]: Completed method: POST, to URL: https://apisandbox.dev.clover.com/v2/internal/rom/reports, response: 200 (OK), elapsed time: 1490ms
08-12 11:18:50.592 2131 5156 I DropBoxReporter: processDropBox(DropBoxReporter.java:214)[IntentService[com.clover.engine.DropBoxReporterService]]: Send result: SUCCESS, for tag: data_app_crash
08-12 11:18:53.027 4644 4644 I ViewRootImpl[SetupActivity]: playSoundEffect(): displayId=0, effectId=0, usage=0
08-12 11:18:53.038 1189 1658 I ExtendedNuUtils: printFileName fd(7) -> /system/media/audio/ui/CloverButton.wav
08-12 11:18:53.059 1187 1782 E MM_OSAL : IsWAVADPCMFile: Error unknown format tag 3
08-12 11:18:53.062 1187 1782 E MM_OSAL : IsWAVADPCMFile: Error unknown format tag 3
08-12 11:18:53.064 1187 1782 I ExtendedExtractor: QTIParser is prefered .. flags 2
08-12 11:18:53.064 1187 1782 E MM_OSAL : IsWAVADPCMFile: Error unknown format tag 3
08-12 11:18:53.064 1187 1782 I ExtendedExtractor: ExtendedExtractor::create 0x0
08-12 11:18:53.083 1182 2829 I hash_map_utils: key: 'is_hw_dec_session_available' value: 'audio/raw'
08-12 11:18:53.092 1189 5176 W ExtendedACodec: Failed to get extension for extradata parameter
08-12 11:18:53.106 1189 5175 I ExtendedNuUtils: Both src and dst missing for bit-width
08-12 11:18:53.107 1189 5175 I ExtendedNuUtils: Overriding durationUs: with 64 bit src value 687500
08-12 11:18:53.107 1189 5175 I ExtendedNuUtils: Both src and dst missing for channel-mask
08-12 11:18:53.108 1182 2829 W AudioFlinger: createTrack_l(): mismatch between requested flags (00000002) and output flags (00000004)
08-12 11:18:53.231 4644 4644 I BaseSetupFragment: onPostExecute(ConnectorSafeAsyncTask.java:64)[main]: com.clover.setup.fragments.BaseSetupFragment$1 safely finished execution
08-12 11:18:55.967 1189 1658 I ExtendedNuUtils: printFileName fd(7) -> /system/media/audio/ui/CloverButton.wav
08-12 11:18:55.997 1187 4188 E MM_OSAL : IsWAVADPCMFile: Error unknown format tag 3
08-12 11:18:56.001 1187 4188 E MM_OSAL : IsWAVADPCMFile: Error unknown format tag 3
08-12 11:18:56.002 1187 4188 I ExtendedExtractor: QTIParser is prefered .. flags 2
08-12 11:18:56.002 1187 4188 E MM_OSAL : IsWAVADPCMFile: Error unknown format tag 3
08-12 11:18:56.002 1187 4188 I ExtendedExtractor: ExtendedExtractor::create 0x0
08-12 11:18:56.021 1182 1328 I hash_map_utils: key: 'is_hw_dec_session_available' value: 'audio/raw'
08-12 11:18:56.033 1189 5184 W ExtendedACodec: Failed to get extension for extradata parameter
08-12 11:18:56.055 1189 5183 I ExtendedNuUtils: Both src and dst missing for bit-width
08-12 11:18:56.055 1189 5183 I ExtendedNuUtils: Overriding durationUs: with 64 bit src value 687500
08-12 11:18:56.055 1189 5183 I ExtendedNuUtils: Both src and dst missing for channel-mask
08-12 11:18:56.058 1182 1328 W AudioFlinger: createTrack_l(): mismatch between requested flags (00000002) and output flags (00000004)
08-12 11:18:56.080 4644 4644 I BaseSetupFragment: onPostExecute(ConnectorSafeAsyncTask.java:64)[main]: com.clover.setup.fragments.BaseSetupFragment$1 safely finished execution
08-12 11:18:56.113 4644 4644 I TipFragment: onPostExecute(ConnectorSafeAsyncTask.java:64)[main]: com.clover.setup.fragments.TipFragment$2 safely finished execution
08-12 11:18:58.763 1189 1312 I ExtendedNuUtils: printFileName fd(7) -> /system/media/audio/ui/CloverButton.wav
08-12 11:18:58.781 1187 4188 E MM_OSAL : IsWAVADPCMFile: Error unknown format tag 3
08-12 11:18:58.785 1187 4188 E MM_OSAL : IsWAVADPCMFile: Error unknown format tag 3
08-12 11:18:58.786 1187 4188 I ExtendedExtractor: QTIParser is prefered .. flags 2
08-12 11:18:58.786 1187 4188 E MM_OSAL : IsWAVADPCMFile: Error unknown format tag 3
08-12 11:18:58.786 1187 4188 I ExtendedExtractor: ExtendedExtractor::create 0x0
08-12 11:18:58.805 1182 2829 I hash_map_utils: key: 'is_hw_dec_session_available' value: 'audio/raw'
08-12 11:18:58.814 1189 5193 W ExtendedACodec: Failed to get extension for extradata parameter
08-12 11:18:58.826 1189 5192 I ExtendedNuUtils: Both src and dst missing for bit-width
08-12 11:18:58.827 1189 5192 I ExtendedNuUtils: Overriding durationUs: with 64 bit src value 687500
08-12 11:18:58.827 1189 5192 I ExtendedNuUtils: Both src and dst missing for channel-mask
08-12 11:18:58.833 1182 2829 W AudioFlinger: createTrack_l(): mismatch between requested flags (00000002) and output flags (00000004)
08-12 11:18:58.899 4644 4644 I BaseSetupFragment: onPostExecute(ConnectorSafeAsyncTask.java:64)[main]: com.clover.setup.fragments.BaseSetupFragment$1 safely finished execution
08-12 11:18:58.988 4644 4644 D PrinterConnector: on service success: ResultStatus{statusCode=OK, statusMessage=null}
08-12 11:19:00.754 1189 1312 I ExtendedNuUtils: printFileName fd(7) -> /system/media/audio/ui/CloverButton.wav
08-12 11:19:00.766 1187 1286 E MM_OSAL : IsWAVADPCMFile: Error unknown format tag 3
08-12 11:19:00.770 1187 1286 E MM_OSAL : IsWAVADPCMFile: Error unknown format tag 3
08-12 11:19:00.771 1187 1286 I ExtendedExtractor: QTIParser is prefered .. flags 2
08-12 11:19:00.771 1187 1286 E MM_OSAL : IsWAVADPCMFile: Error unknown format tag 3
08-12 11:19:00.771 1187 1286 I ExtendedExtractor: ExtendedExtractor::create 0x0
08-12 11:19:00.789 1182 1328 I hash_map_utils: key: 'is_hw_dec_session_available' value: 'audio/raw'
08-12 11:19:00.798 1189 5202 W ExtendedACodec: Failed to get extension for extradata parameter
08-12 11:19:00.810 1189 5201 I ExtendedNuUtils: Both src and dst missing for bit-width
08-12 11:19:00.810 1189 5201 I ExtendedNuUtils: Overriding durationUs: with 64 bit src value 687500
08-12 11:19:00.810 1189 5201 I ExtendedNuUtils: Both src and dst missing for channel-mask
08-12 11:19:00.813 1182 1328 W AudioFlinger: createTrack_l(): mismatch between requested flags (00000002) and output flags (00000004)
08-12 11:19:00.865 4644 4649 I zygote64: Do full code cache collection, code=126KB, data=93KB
08-12 11:19:00.866 4644 4649 I zygote64: After code cache collection, code=108KB, data=64KB
08-12 11:19:00.981 4644 4889 I TamperStatus: getStringSystemProperty(TamperStatus.java:269)[AsyncTask #5]: WARNING: Using system property to redefine tamper status: persist.test.tamper.s=
08-12 11:19:00.984 4644 4644 I BaseSetupFragment: onPostExecute(ConnectorSafeAsyncTask.java:64)[main]: com.clover.setup.fragments.BaseSetupFragment$1 safely finished execution
08-12 11:19:00.989 4644 4644 I PaymentFragment: onPostExecute(ConnectorSafeAsyncTask.java:64)[main]: com.clover.setup.fragments.PaymentFragment$20 safely finished execution
08-12 11:19:01.007 4644 4644 I PaymentFragment: onPostExecute(ConnectorSafeAsyncTask.java:64)[main]: com.clover.setup.fragments.PaymentFragment$24 safely finished execution
08-12 11:19:01.029 2131 2252 E SettingsDefaults: getFallbackDefaultValue(SettingsDefaults.java:28)[Binder:2131_9]: For setting name: NO_SIGNATURE_PROGRAM_ELIGIBLE, using default value: 0
08-12 11:19:01.045 4644 4644 I PaymentFragment: onPostExecute(ConnectorSafeAsyncTask.java:64)[main]: com.clover.setup.fragments.PaymentFragment$25 safely finished execution
08-12 11:19:01.142 4644 4889 I zygote64: Deoptimizing java.lang.Object com.fasterxml.jackson.databind.deser.BeanDeserializer.vanillaDeserialize(com.fasterxml.jackson.core.JsonParser, com.fasterxml.jackson.databind.DeserializationContext, com.fasterxml.jackson.core.JsonToken) due to JIT inline cache
08-12 11:19:01.166 4644 4644 I PaymentFragment: onPostExecute(PaymentFragment.java:938)[main]: pin entry state: PinEntryState{paramsAllowDisable=false, devicePinDisabled=false, provisioned=true}
08-12 11:19:01.185 4644 4889 I TamperStatus: getStringSystemProperty(TamperStatus.java:269)[AsyncTask #5]: WARNING: Using system property to redefine tamper status: persist.test.tamper.s=
08-12 11:19:01.204 884 884 E lowmemorykiller: Error writing /proc/4777/oom_score_adj; errno=22
08-12 11:18:58.744 4644 4644 I chatty : uid=10054(com.clover.setup) identical 2 lines
08-12 11:19:00.736 4644 4644 I ViewRootImpl[SetupActivity]: playSoundEffect(): displayId=0, effectId=0, usage=0
08-12 11:19:01.219 1352 4637 I ActivityManager: Process com.android.webview:sandboxed_process0 (pid 4777) has died: cch CACC
08-12 11:19:01.219 1352 1368 W zygote64: Failed to open process cgroup uid 99000 pid 4777: No such file or directory
08-12 11:19:01.219 1352 1368 E zygote64: Error encountered killing process cgroup uid 99000 pid 4777: No such file or directory
08-12 11:19:01.219 1352 4637 W ActivityManager: Scheduling restart of crashed service com.clover.setup/org.chromium.content.app.SandboxedProcessService0 in 1000ms
08-12 11:19:01.221 4644 4757 W cr_ChildProcessConn: onServiceDisconnected (crash or killed by oom): pid=4777
08-12 11:19:01.225 1352 1369 E KernelCpuSpeedReader: Failed to read cpu-freq: /sys/devices/system/cpu/cpu0/cpufreq/stats/time_in_state (No such file or directory)
08-12 11:19:01.226 1352 1369 E KernelCpuSpeedReader: Failed to read cpu-freq: /sys/devices/system/cpu/cpu4/cpufreq/stats/time_in_state (No such file or directory)
08-12 11:19:01.231 1352 1369 D KernelUidCpuTimeReader: Removing uids 99000-99000
08-12 11:19:01.331 1481 1481 I CloverPINView: Clover PIN length: 4
08-12 11:19:01.333 1481 1481 I chatty : uid=10018(com.android.systemui) identical 2 lines
08-12 11:19:01.333 1481 1481 I CloverPINView: Clover PIN length: 4
08-12 11:19:01.579 1352 1440 W MediaPlayer: mediaplayer went away with unhandled events
08-12 11:19:03.911 4644 4644 I ViewRootImpl[SetupActivity]: playSoundEffect(): displayId=0, effectId=0, usage=0
08-12 11:19:03.929 1189 1312 I ExtendedNuUtils: printFileName fd(7) -> /system/media/audio/ui/CloverButton.wav
08-12 11:19:03.947 1187 3881 E MM_OSAL : IsWAVADPCMFile: Error unknown format tag 3
08-12 11:19:03.951 1187 3881 E MM_OSAL : IsWAVADPCMFile: Error unknown format tag 3
08-12 11:19:03.952 1187 3881 I ExtendedExtractor: QTIParser is prefered .. flags 2
08-12 11:19:03.952 1187 3881 E MM_OSAL : IsWAVADPCMFile: Error unknown format tag 3
08-12 11:19:03.952 1187 3881 I ExtendedExtractor: ExtendedExtractor::create 0x0
08-12 11:19:03.966 1182 3895 I hash_map_utils: key: 'is_hw_dec_session_available' value: 'audio/raw'
08-12 11:19:03.976 1189 5210 W ExtendedACodec: Failed to get extension for extradata parameter
08-12 11:19:03.988 1189 5209 I ExtendedNuUtils: Both src and dst missing for bit-width
08-12 11:19:03.988 1189 5209 I ExtendedNuUtils: Overriding durationUs: with 64 bit src value 687500
08-12 11:19:03.988 1189 5209 I ExtendedNuUtils: Both src and dst missing for channel-mask
08-12 11:19:03.993 1182 3895 W AudioFlinger: createTrack_l(): mismatch between requested flags (00000002) and output flags (00000004)
08-12 11:19:04.121 4644 4649 I zygote64: Do partial code cache collection, code=124KB, data=82KB
08-12 11:19:04.123 4644 4649 I zygote64: After code cache collection, code=123KB, data=82KB
08-12 11:19:04.123 4644 4649 I zygote64: Increasing code cache capacity to 512KB
08-12 11:19:04.205 4644 4644 W Settings: Setting airplane_mode_on has moved from android.provider.Settings.System to android.provider.Settings.Global, returning read-only value.
08-12 11:19:04.652 4644 5216 D skia : --- SkAndroidCodec::NewFromStream returned null
08-12 11:19:04.828 4644 4649 I zygote64: Do full code cache collection, code=247KB, data=148KB
08-12 11:19:04.829 4644 4649 I zygote64: After code cache collection, code=195KB, data=105KB
08-12 11:19:05.209 4644 5217 D skia : --- SkAndroidCodec::NewFromStream returned null
08-12 11:19:05.725 4644 5220 D skia : --- SkAndroidCodec::NewFromStream returned null
08-12 11:19:05.981 1189 1312 I ExtendedNuUtils: printFileName fd(7) -> /system/media/audio/ui/CloverButton.wav
08-12 11:19:05.995 1187 3015 E MM_OSAL : IsWAVADPCMFile: Error unknown format tag 3
08-12 11:19:05.999 1187 3015 E MM_OSAL : IsWAVADPCMFile: Error unknown format tag 3
08-12 11:19:06.000 1187 3015 I ExtendedExtractor: QTIParser is prefered .. flags 2
08-12 11:19:06.001 1187 3015 E MM_OSAL : IsWAVADPCMFile: Error unknown format tag 3
08-12 11:19:06.001 1187 3015 I ExtendedExtractor: ExtendedExtractor::create 0x0
08-12 11:19:06.027 1182 2829 I hash_map_utils: key: 'is_hw_dec_session_available' value: 'audio/raw'
08-12 11:19:06.037 1189 5232 W ExtendedACodec: Failed to get extension for extradata parameter
08-12 11:19:06.055 1189 5231 I ExtendedNuUtils: Both src and dst missing for bit-width
08-12 11:19:06.055 1189 5231 I ExtendedNuUtils: Overriding durationUs: with 64 bit src value 687500
08-12 11:19:06.055 1189 5231 I ExtendedNuUtils: Both src and dst missing for channel-mask
08-12 11:19:06.060 1182 2829 W AudioFlinger: createTrack_l(): mismatch between requested flags (00000002) and output flags (00000004)
08-12 11:19:06.073 4644 4644 I BaseSetupFragment: onPostExecute(ConnectorSafeAsyncTask.java:64)[main]: com.clover.setup.fragments.BaseSetupFragment$1 safely finished execution
08-12 11:19:06.082 4644 4923 I CloverRequester: Executing GET on https://apisandbox.dev.clover.com/v3/merchants/Z1FHGK08SWPG1/opening_hours
08-12 11:19:06.912 1189 1658 I ExtendedNuUtils: printFileName fd(7) -> /system/media/audio/ui/CloverButton.wav
08-12 11:19:06.926 1187 1797 E MM_OSAL : IsWAVADPCMFile: Error unknown format tag 3
08-12 11:19:06.930 1187 1797 E MM_OSAL : IsWAVADPCMFile: Error unknown format tag 3
08-12 11:19:06.932 1187 1797 I ExtendedExtractor: QTIParser is prefered .. flags 2
08-12 11:19:06.932 1187 1797 E MM_OSAL : IsWAVADPCMFile: Error unknown format tag 3
08-12 11:19:06.932 1187 1797 I ExtendedExtractor: ExtendedExtractor::create 0x0
08-12 11:19:06.951 1182 2863 I hash_map_utils: key: 'is_hw_dec_session_available' value: 'audio/raw'
08-12 11:19:06.963 1189 5240 W ExtendedACodec: Failed to get extension for extradata parameter
08-12 11:19:06.985 1189 5239 I ExtendedNuUtils: Both src and dst missing for bit-width
08-12 11:19:06.985 1189 5239 I ExtendedNuUtils: Overriding durationUs: with 64 bit src value 687500
08-12 11:19:06.986 1189 5239 I ExtendedNuUtils: Both src and dst missing for channel-mask
08-12 11:19:06.988 1182 2863 W AudioFlinger: createTrack_l(): mismatch between requested flags (00000002) and output flags (00000004)
08-12 11:19:09.827 1481 1481 W TelecomManager: Telecom Service not found.
08-12 11:19:09.843 1189 1658 I ExtendedNuUtils: printFileName fd(7) -> /system/media/audio/ui/CloverButton.wav
08-12 11:19:09.860 1187 1797 E MM_OSAL : IsWAVADPCMFile: Error unknown format tag 3
08-12 11:19:09.864 1187 1797 E MM_OSAL : IsWAVADPCMFile: Error unknown format tag 3
08-12 11:19:09.866 1187 1797 I ExtendedExtractor: QTIParser is prefered .. flags 2
08-12 11:19:09.866 1187 1797 E MM_OSAL : IsWAVADPCMFile: Error unknown format tag 3
08-12 11:19:09.866 1187 1797 I ExtendedExtractor: ExtendedExtractor::create 0x0
08-12 11:19:09.884 1182 2829 I hash_map_utils: key: 'is_hw_dec_session_available' value: 'audio/raw'
08-12 11:19:09.894 1189 5248 W ExtendedACodec: Failed to get extension for extradata parameter
08-12 11:19:05.961 4644 4644 I chatty : uid=10054(com.clover.setup) identical 1 line
08-12 11:19:06.897 4644 4644 I ViewRootImpl[SetupActivity]: playSoundEffect(): displayId=0, effectId=0, usage=0
08-12 11:19:09.911 1352 1412 I ActivityManager: Stop app switches, calling UID: 1000, calling PID: 1352, clover? false, granted? true
08-12 11:19:09.916 1352 1412 I ActivityManager: START u0 {act=android.intent.action.MAIN cat=[android.intent.category.HOME] flg=0x10200000 cmp=com.clover.launcher/.LauncherActivity (has extras)} from uid 1000
08-12 11:19:09.917 1352 1412 I ActivityManager: App switches allowed, source PID: 1352, source UID: 1000, calling PID: 1352, calling UID: 1000, name: Activity start, requesting UID: 0
08-12 11:19:09.925 1189 5247 I ExtendedNuUtils: Both src and dst missing for bit-width
08-12 11:19:09.925 1189 5247 I ExtendedNuUtils: Overriding durationUs: with 64 bit src value 687500
08-12 11:19:09.925 1189 5247 I ExtendedNuUtils: Both src and dst missing for channel-mask
08-12 11:19:09.933 4644 4644 I SetupActivity: onPause(CommonActivity.java:448)[main]: @6249377 +onPause
08-12 11:19:09.934 1182 2829 W AudioFlinger: createTrack_l(): mismatch between requested flags (00000002) and output flags (00000004)
08-12 11:19:09.935 4644 4644 I SetupActivity: onBackground(CommonActivity.java:482)[main]: @6249377 +onBackground
08-12 11:19:09.945 4644 4644 I SetupActivity: onBackground(CommonActivity.java:498)[main]: @6249377 -onBackground
08-12 11:19:09.947 4644 4644 I SetupActivity: onPause(CommonActivity.java:455)[main]: @6249377 -onPause
08-12 11:19:09.999 1962 2244 I Adreno : QUALCOMM build : 04a4b71, Iaf0ce12d04
08-12 11:19:09.999 1962 2244 I Adreno : Build Date : 01/29/20
08-12 11:19:09.999 1962 2244 I Adreno : OpenGL ES Shader Compiler Version: EV031.22.00.01_06_07
08-12 11:19:09.999 1962 2244 I Adreno : Local Branch :
08-12 11:19:09.999 1962 2244 I Adreno : Remote Branch :
08-12 11:19:09.999 1962 2244 I Adreno : Remote Branch :
08-12 11:19:09.999 1962 2244 I Adreno : Reconstruct Branch :
08-12 11:19:10.021 1962 2242 I TamperStatus: getStringSystemProperty(TamperStatus.java:269)[TamperStatusView-pool-1-thread-1]: WARNING: Using system property to redefine tamper status: persist.test.tamper.s=
08-12 11:19:10.055 1962 2244 I Adreno : PFP: 0x005ff087, ME: 0x005ff063
08-12 11:19:10.057 1962 2244 I zygote64: android::hardware::configstore::V1_0::ISurfaceFlingerConfigs::hasWideColorDisplay retrieved: 0
08-12 11:19:10.059 1962 2244 I OpenGLRenderer: Initialized EGL, version 1.4
08-12 11:19:10.059 1962 2244 D OpenGLRenderer: Swap behavior 2
08-12 11:19:10.136 1962 1962 I SupportWidgetFragment: onPostExecute(ConnectorSafeAsyncTask.java:64)[main]: com.clover.launcher.widgets.SupportWidgetFragment$3 safely finished execution
08-12 11:19:10.158 1352 3006 I OpenGLRenderer: Initialized EGL, version 1.4
08-12 11:19:10.167 1352 3006 D OpenGLRenderer: Swap behavior 2
08-12 11:19:10.168 4644 4644 I SetupActivity: onStop(CommonActivity.java:1183)[main]: @6249377 +onStop
08-12 11:19:10.172 4644 4644 I SetupActivity: onStop(CommonActivity.java:1195)[main]: @6249377 -onStop
08-12 11:19:10.314 1352 1407 I SettingsState: [PERSIST START]
08-12 11:19:10.315 1352 1407 I SettingsState: [PERSISTED]lock_screen_show_notifications=1
08-12 11:19:10.315 1352 1407 I SettingsState: [PERSISTED]unknown_sources_default_reversed=1
08-12 11:19:10.315 1352 1407 I SettingsState: [PERSISTED]immersive_mode_confirmations=
08-12 11:19:10.315 1352 1407 I SettingsState: [PERSISTED]default_input_method=com.android.inputmethod.latin/.LatinIME
08-12 11:19:10.315 1352 1407 I SettingsState: [PERSISTED]sleep_timeout=-1
08-12 11:19:10.315 1352 1407 I SettingsState: [PERSISTED]location_providers_allowed=gps
08-12 11:19:10.315 1352 1407 I SettingsState: [PERSISTED]lock_screen_allow_private_notifications=1
08-12 11:19:10.315 1352 1407 I SettingsState: [PERSISTED]double_tap_to_wake=1
08-12 11:19:10.315 1352 1407 I SettingsState: [PERSISTED]speak_password=1
08-12 11:19:10.315 1352 1407 I SettingsState: [PERSISTED]wake_gesture_enabled=1
08-12 11:19:10.315 1352 1407 I SettingsState: [PERSISTED]screensaver_activate_on_sleep=1
08-12 11:19:10.315 1352 1407 I SettingsState: [PERSISTED]backup_enabled=0
08-12 11:19:10.315 1352 1407 I SettingsState: [PERSISTED]user_setup_complete=1
08-12 11:19:10.315 1352 1407 I SettingsState: [PERSISTED]overview_last_stack_active_time=1628781549930
08-12 11:19:10.315 1352 1407 I SettingsState: [PERSISTED]trust_agents_initialized=1
08-12 11:19:10.315 1352 1407 I SettingsState: [PERSISTED]lockscreen.disabled=0
08-12 11:19:10.315 1352 1407 I SettingsState: [PERSISTED]lock_screen_owner_info_enabled=0
08-12 11:19:10.315 1352 1407 I SettingsState: [PERSISTED]long_press_timeout=400
08-12 11:19:10.315 1352 1407 I SettingsState: [PERSISTED]sysui_tuner_version=1
08-12 11:19:10.315 1352 1407 I SettingsState: [PERSISTED]ethernet_on=1
08-12 11:19:10.315 1352 1407 I SettingsState: [PERSISTED]screensaver_components=com.android.deskclock/com.android.deskclock.Screensaver
08-12 11:19:10.315 1352 1407 I SettingsState: [PERSISTED]accessibility_display_magnification_scale=2.0
08-12 11:19:10.315 1352 1407 I SettingsState: [PERSISTED]screensaver_activate_on_dock=1
08-12 11:19:10.315 1352 1407 I SettingsState: [PERSISTED]backup_transport=android/com.android.internal.backup.LocalTransport
08-12 11:19:10.315 1352 1407 I SettingsState: [PERSISTED]input_methods_subtype_history=com.android.inputmethod.latin/.LatinIME;-921088104
08-12 11:19:10.315 1352 1407 I SettingsState: [PERSISTED]mock_location=0
08-12 11:19:10.315 1352 1407 I SettingsState: [PERSISTED]bluetooth_name=Clover-Mini
08-12 11:19:10.315 1352 1407 I SettingsState: [PERSISTED]autofill_service=
08-12 11:19:10.315 1352 1407 I SettingsState: [PERSISTED]sync_parent_sounds=0
08-12 11:19:10.315 1352 1407 I SettingsState: [PERSISTED]screensaver_enabled=1
08-12 11:19:10.316 1352 1407 I SettingsState: [PERSISTED]snoozed_schedule_condition_provider=
08-12 11:19:10.316 1352 1407 I SettingsState: [PERSISTED]mount_play_not_snd=1
08-12 11:19:10.316 1352 1407 I SettingsState: [PERSISTED]mount_ums_notify_enabled=1
08-12 11:19:10.316 1352 1407 I SettingsState: [PERSISTED]android_id=78e5ce0769d79ce4
08-12 11:19:10.316 1352 1407 I SettingsState: [PERSISTED]touch_exploration_enabled=0
08-12 11:19:10.316 1352 1407 I SettingsState: [PERSISTED]enabled_notification_policy_access_packages=com.android.camera2
08-12 11:19:10.316 1352 1407 I SettingsState: [PERSISTED]selected_input_method_subtype=-921088104
08-12 11:19:10.316 1352 1407 I SettingsState: [PERSISTED]mount_ums_prompt=1
08-12 11:19:10.316 1352 1407 I SettingsState: [PERSISTED]selected_spell_checker=com.android.inputmethod.latin/.spellcheck.AndroidSpellCheckerService
08-12 11:19:10.316 1352 1407 I SettingsState: [PERSISTED]screensaver_default_component=com.android.deskclock/com.android.deskclock.Screensaver
08-12 11:19:10.316 1352 1407 I SettingsState: [PERSISTED]mount_ums_autostart=0
08-12 11:19:10.316 1352 1407 I SettingsState: [PERSISTED]show_note_about_notification_hiding=0
08-12 11:19:10.316 1352 1407 I SettingsState: [PERSISTED]install_non_market_apps=1
08-12 11:19:10.316 1352 1407 I SettingsState: [PERSISTED]show_ime_with_hard_keyboard=1
08-12 11:19:10.316 1352 1407 I SettingsState: [PERSISTED]accessibility_enabled=0
08-12 11:19:10.316 1352 1407 I SettingsState: [PERSISTED]multi_press_timeout=300
08-12 11:19:10.316 1352 1407 I SettingsState: [PERSISTED]accessibility_display_magnification_enabled=0
08-12 11:19:10.316 1352 1407 I SettingsState: [PERSISTED]enabled_input_methods=com.android.inputmethod.latin/.LatinIME
08-12 11:19:10.322 1352 1407 I SettingsState: [PERSIST END]
08-12 11:19:12.420 1962 1962 I ViewRootImpl[LauncherActivity]: playSoundEffect(): displayId=0, effectId=0, usage=0
08-12 11:19:12.425 1352 5005 I ActivityManager: START u0 {act=android.intent.action.MAIN cat=[android.intent.category.LAUNCHER] flg=0x10210000 cmp=com.clover.apps/.appslisting.AppListingActivity} from uid 10043
08-12 11:19:12.430 811 828 E ANDR-PERF-MPCTL: Invalid profile no. 0, total profiles 0 only
08-12 11:19:12.433 622 622 W /system/bin/hwservicemanager: getTransport: Cannot find entry vendor.qti.hardware.iop@1.0::IIop/default in either framework or device manifest.
08-12 11:19:12.434 1352 5005 E ANDR-PERF-JNI: Iop tryGetService failed
08-12 11:19:12.435 1352 5005 D ActivityManager: setLockTaskAuth: task=TaskRecord{92e8196 #88 A=com.clover.apps U=0 StackId=-1 sz=0} mLockTaskAuth=LOCK_TASK_AUTH_PINNABLE
08-12 11:19:12.435 1189 1658 I ExtendedNuUtils: printFileName fd(7) -> /system/media/audio/ui/CloverButton.wav
08-12 11:19:12.441 1962 1962 W Instrumentation: Check start activity result, res: 0
08-12 11:19:12.441 1187 1777 E MM_OSAL : IsWAVADPCMFile: Error unknown format tag 3
08-12 11:19:12.445 1187 1777 E MM_OSAL : IsWAVADPCMFile: Error unknown format tag 3
08-12 11:19:12.446 1187 1777 I ExtendedExtractor: QTIParser is prefered .. flags 2
08-12 11:19:12.446 1187 1777 E MM_OSAL : IsWAVADPCMFile: Error unknown format tag 3
08-12 11:19:12.446 1187 1777 I ExtendedExtractor: ExtendedExtractor::create 0x0
08-12 11:19:12.453 1182 2829 I hash_map_utils: key: 'is_hw_dec_session_available' value: 'audio/raw'
08-12 11:19:12.456 1352 1591 I ActivityManager: Start proc 5265:com.clover.apps/u0a55 for activity com.clover.apps/.appslisting.AppListingActivity
08-12 11:19:12.459 1189 5264 W ExtendedACodec: Failed to get extension for extradata parameter
08-12 11:19:12.469 1189 5263 I ExtendedNuUtils: Both src and dst missing for bit-width
08-12 11:19:12.469 1189 5263 I ExtendedNuUtils: Overriding durationUs: with 64 bit src value 687500
08-12 11:19:12.469 1189 5263 I ExtendedNuUtils: Both src and dst missing for channel-mask
08-12 11:19:12.473 1182 2829 W AudioFlinger: createTrack_l(): mismatch between requested flags (00000002) and output flags (00000004)
08-12 11:19:12.501 5265 5265 I MultiDex: VM with version 2.1.0 has multidex support
08-12 11:19:12.501 5265 5265 I MultiDex: Installing application
08-12 11:19:12.501 5265 5265 I MultiDex: VM has multidex support, MultiDex support library is disabled.
08-12 11:19:12.532 5265 5265 D HeapActivityTransitionHandler: Received message: ACTIVITY_CREATED
08-12 11:19:12.538 5265 5265 D CloverConfig: clover_target: using secure setting: dev
08-12 11:19:12.539 5265 5265 D CloverConfig: clover_cloud_url: using secure setting: https://sandbox.dev.clover.com
08-12 11:19:12.559 1925 2220 I CloverServicesProvider: +call method: getApiVersion, arg: null
08-12 11:19:12.576 5265 5265 D clover : DeviceClient is using CloverKeyStore
08-12 11:19:12.595 5265 5265 W nAnnotationIntrospector: Unable to load JDK7 annotation types; will have to skip
08-12 11:19:12.706 5265 5265 I AppMarketApplication: isAnalytics(LoggingApplication.java:74)[main]: analytics? true, for package: com.clover.apps
08-12 11:19:12.713 5265 5265 I AppListingActivity: onCreate(BaseAppMarketActivity.java:95)[main]: com.clover.apps.appslisting.AppListingActivity@764e175 -onCreate
08-12 11:19:12.764 5265 5265 D HeapActivityTransitionHandler: Received message: ACTIVITY_STARTED
08-12 11:19:12.765 5265 5265 W Heap : Initialization of Heap has not completed. Ignoring call to Heap.clearEventProperties.
08-12 11:19:12.766 1352 5005 D ConnectivityService: requestNetwork for uid/pid:10055/5265 NetworkRequest [ TRACK_DEFAULT id=11, [ Capabilities: INTERNET&NOT_RESTRICTED&TRUSTED&NOT_VPN] ]
08-12 11:19:12.767 1352 1426 D WIFI : got request NetworkRequest [ TRACK_DEFAULT id=11, [ Capabilities: INTERNET&NOT_RESTRICTED&TRUSTED&NOT_VPN] ] with score 60
08-12 11:19:12.767 1352 1426 D WIFI_UT : got request NetworkRequest [ TRACK_DEFAULT id=11, [ Capabilities: INTERNET&NOT_RESTRICTED&TRUSTED&NOT_VPN] ] with score 60
08-12 11:19:12.767 1352 1447 D Ethernet: got request NetworkRequest [ TRACK_DEFAULT id=11, [ Capabilities: INTERNET&NOT_RESTRICTED&TRUSTED&NOT_VPN] ] with score 60
08-12 11:19:12.768 1578 1578 D PhoneSwitcherNetworkRequstListener: got request NetworkRequest [ TRACK_DEFAULT id=11, [ Capabilities: INTERNET&NOT_RESTRICTED&TRUSTED&NOT_VPN] ] with score 60
08-12 11:19:12.776 5265 5302 D OpenGLRenderer: HWUI GL Pipeline
08-12 11:19:12.807 5265 5302 I Adreno : QUALCOMM build : 04a4b71, Iaf0ce12d04
08-12 11:19:12.807 5265 5302 I Adreno : Build Date : 01/29/20
08-12 11:19:12.807 5265 5302 I Adreno : OpenGL ES Shader Compiler Version: EV031.22.00.01_06_07
08-12 11:19:12.807 5265 5302 I Adreno : Local Branch :
08-12 11:19:12.807 5265 5302 I Adreno : Remote Branch :
08-12 11:19:12.807 5265 5302 I Adreno : Remote Branch :
08-12 11:19:12.807 5265 5302 I Adreno : Reconstruct Branch :
08-12 11:19:12.812 5265 5302 I Adreno : PFP: 0x005ff087, ME: 0x005ff063
08-12 11:19:12.815 5265 5302 I zygote64: android::hardware::configstore::V1_0::ISurfaceFlingerConfigs::hasWideColorDisplay retrieved: 0
08-12 11:19:12.815 5265 5302 I OpenGLRenderer: Initialized EGL, version 1.4
08-12 11:19:12.815 5265 5302 D OpenGLRenderer: Swap behavior 2
08-12 11:19:12.843 5265 5265 W Heap : Initialization of Heap has not completed. TextView will not be instrumented.
08-12 11:19:12.844 5265 5265 W Heap : Initialization of Heap has not completed. TextView will not be instrumented.
08-12 11:19:12.911 1352 1373 I ActivityManager: Displayed com.clover.apps/.appslisting.AppListingActivity: +460ms
08-12 11:19:12.911 622 622 W /system/bin/hwservicemanager: getTransport: Cannot find entry vendor.qti.hardware.iop@1.0::IIop/default in either framework or device manifest.
08-12 11:19:12.911 1352 1373 E ANDR-PERF-JNI: Iop tryGetService failed
08-12 11:19:12.923 1962 1962 D CancelableManager: Cancel: ON_STOP
08-12 11:19:13.217 5265 5296 W Heap : Initialization of Heap has not completed. Ignoring call to Heap.identify.
08-12 11:19:13.218 5265 5296 W Heap : Initialization of Heap has not completed. Ignoring call to Heap.addUserProperties.
08-12 11:19:13.227 1352 1440 W MediaPlayer: mediaplayer went away with unhandled events
08-12 11:19:13.534 5265 5273 I zygote64: Do partial code cache collection, code=26KB, data=30KB
08-12 11:19:13.534 5265 5273 I zygote64: After code cache collection, code=26KB, data=30KB
08-12 11:19:13.535 5265 5273 I zygote64: Increasing code cache capacity to 128KB
08-12 11:19:13.550 1352 1423 D RecurrenceRule: Resolving using anchor 2021-08-12T11:19:13.550-04:00[America/New_York]
08-12 11:19:13.552 1352 1423 D RecurrenceRule: Resolving using anchor 2021-08-12T11:19:13.551-04:00[America/New_York]
08-12 11:19:13.554 1352 1423 D RecurrenceRule: Cycle 19 from 2021-08-11T00:00-04:00[America/New_York] to 2021-09-11T00:00-04:00[America/New_York]
08-12 11:19:13.554 1352 1423 D NetworkStats: Resolving plan for NetworkTemplate: matchRule=MOBILE_ALL, subscriberId=310170..., matchSubscriberIds=[310170...]
08-12 11:19:13.555 1352 1423 D NetworkStats: Found active matching subId 1
08-12 11:19:13.561 1352 1423 D NetworkStats: Resolved to plan null
08-12 11:19:13.658 5265 5273 I zygote64: Do partial code cache collection, code=62KB, data=49KB
08-12 11:19:13.658 5265 5273 I zygote64: After code cache collection, code=62KB, data=49KB
08-12 11:19:13.658 5265 5273 I zygote64: Increasing code cache capacity to 256KB
08-12 11:19:13.670 5265 5265 W Glide : Failed to find GeneratedAppGlideModule. You should include an annotationProcessor compile dependency on com.github.bumptech.glide:compiler in your application and a @GlideModule annotated AppGlideModule implementation or LibraryGlideModules will be silently ignored
08-12 11:19:13.706 5265 5311 I zygote64: Deoptimizing int androidx.collection.SimpleArrayMap.indexOf(java.lang.Object, int) due to JIT inline cache
08-12 11:19:13.743 5265 5265 I zygote64: Deoptimizing int androidx.collection.SimpleArrayMap.indexOfKey(java.lang.Object) due to JIT inline cache
08-12 11:19:13.948 811 828 E ANDR-PERF-OPTSHANDLER: perf_lock_rel: updated /sys/class/mmc_host/mmc0/clk_scaling/enable with 1
08-12 11:19:13.948 811 828 E ANDR-PERF-OPTSHANDLER: return value 2
08-12 11:19:14.151 5265 5265 W System.err: SLF4J: Failed to load class "org.slf4j.impl.StaticLoggerBinder".
08-12 11:19:14.151 5265 5265 W System.err: SLF4J: Defaulting to no-operation (NOP) logger implementation
08-12 11:19:14.151 5265 5265 W System.err: SLF4J: See http://www.slf4j.org/codes.html#StaticLoggerBinder for further details.
08-12 11:19:14.162 5265 5313 D NetworkSecurityConfig: No Network Security Config specified, using platform default
08-12 11:19:14.517 5265 5265 I zygote64: Deoptimizing com.fasterxml.jackson.databind.JavaType com.fasterxml.jackson.databind.type.TypeFactory._fromClass(com.fasterxml.jackson.databind.type.ClassStack, java.lang.Class, com.fasterxml.jackson.databind.type.TypeBindings) due to JIT inline cache
08-12 11:19:14.517 5265 5265 I zygote64: Deoptimizing com.fasterxml.jackson.databind.JavaType com.fasterxml.jackson.databind.type.TypeFactory._fromClass(com.fasterxml.jackson.databind.type.ClassStack, java.lang.Class, com.fasterxml.jackson.databind.type.TypeBindings) due to JIT inline cache
08-12 11:19:14.553 5265 5273 I zygote64: Do full code cache collection, code=125KB, data=91KB
08-12 11:19:14.553 5265 5273 I zygote64: After code cache collection, code=92KB, data=50KB
08-12 11:19:14.554 1898 2030 D taskqueue: TaskQueueProcessor: queue: ext-sb-registrar, finished waiting
08-12 11:19:14.554 1898 2030 D taskqueue: TaskQueueProcessor: queue: ext-sb-registrar, running ...
08-12 11:19:14.555 1898 2030 D taskqueue: ProcessTask: queue: ext-sb-registrar, unprocessed task count: 0
08-12 11:19:14.556 1898 2030 D taskqueue: TaskQueueProcessor: queue: ext-sb-registrar, process task success? true
08-12 11:19:14.557 1898 2030 D taskqueue: TaskQueueProcessor: queue: ext-sb-registrar, unprocessed count: 0
08-12 11:19:14.557 1898 2030 D taskqueue: TaskQueueProcessor: queue: ext-sb-registrar, waiting for interval: 240000
08-12 11:19:16.985 1925 2161 D taskqueue: TaskQueueProcessor: queue: analytics, finished waiting
08-12 11:19:16.985 1925 2161 D taskqueue: TaskQueueProcessor: queue: analytics, running ...
08-12 11:19:16.987 1925 2161 D taskqueue: ProcessTask: queue: analytics, unprocessed task count: 0
08-12 11:19:16.988 1925 2161 D taskqueue: TaskQueueProcessor: queue: analytics, process task success? true
08-12 11:19:16.989 1925 2161 D taskqueue: TaskQueueProcessor: queue: analytics, unprocessed count: 0
08-12 11:19:16.989 1925 2161 D taskqueue: TaskQueueProcessor: queue: analytics, waiting for interval: 240000
08-12 11:19:18.188 2131 5323 I DelayedMetrics: deviceHasMetrics(DelayedMetrics.java:110)[AsyncTask #19]: true
08-12 11:19:18.192 2131 5323 I DelayedMetrics: deviceHasCloverAccount(DelayedMetrics.java:100)[AsyncTask #19]: true
08-12 11:19:18.236 2131 5323 I DelayedMetrics: deviceHasMetrics(DelayedMetrics.java:110)[AsyncTask #19]: true
08-12 11:19:18.239 2131 5323 I DelayedMetrics: deviceHasCloverAccount(DelayedMetrics.java:100)[AsyncTask #19]: true
08-12 11:19:21.023 2386 2386 I PaymentsApplication: onQueueUnprocessedCount(PaymentsApplication.java:222)[main]: queue unprocessed count for queue: void-tasks, count: 0
08-12 11:19:21.068 2386 2386 I PaymentsApplication: onQueueUnprocessedCount(PaymentsApplication.java:222)[main]: queue unprocessed count for queue: reporting-tasks, count: 0
08-12 11:19:21.107 2386 2386 I PaymentsApplication: onQueueUnprocessedCount(PaymentsApplication.java:222)[main]: queue unprocessed count for queue: update-device-transaction-config-tasks, count: 0
08-12 11:19:21.108 2386 2386 I PaymentsApplication: onQueueUnprocessedCount(PaymentsApplication.java:222)[main]: queue unprocessed count for queue: confirmation-tasks, count: 0
08-12 11:19:21.219 2386 2386 I PaymentsApplication: onQueueUnprocessedCount(PaymentsApplication.java:222)[main]: queue unprocessed count for queue: signature-tasks, count: 0
08-12 11:19:24.061 5265 5265 I ViewRootImpl[AppListingActivity]: playSoundEffect(): displayId=0, effectId=0, usage=0
08-12 11:19:24.068 5265 5265 W Heap : Initialization of Heap has not completed. Click event will not be captured.
08-12 11:19:24.069 5265 5265 I chatty : uid=10055(com.clover.apps) identical 1 line
08-12 11:19:24.070 5265 5265 W Heap : Initialization of Heap has not completed. Click event will not be captured.
08-12 11:19:24.085 1189 1658 I ExtendedNuUtils: printFileName fd(7) -> /system/media/audio/ui/CloverButton.wav
08-12 11:19:24.101 1187 2977 E MM_OSAL : IsWAVADPCMFile: Error unknown format tag 3
08-12 11:19:24.106 1187 2977 E MM_OSAL : IsWAVADPCMFile: Error unknown format tag 3
08-12 11:19:24.107 1187 2977 I ExtendedExtractor: QTIParser is prefered .. flags 2
08-12 11:19:24.108 1187 2977 E MM_OSAL : IsWAVADPCMFile: Error unknown format tag 3
08-12 11:19:24.108 1187 2977 I ExtendedExtractor: ExtendedExtractor::create 0x0
08-12 11:19:24.132 1182 1329 I hash_map_utils: key: 'is_hw_dec_session_available' value: 'audio/raw'
08-12 11:19:24.139 1189 5330 W ExtendedACodec: Failed to get extension for extradata parameter
08-12 11:19:24.155 1189 5329 I ExtendedNuUtils: Both src and dst missing for bit-width
08-12 11:19:24.155 1189 5329 I ExtendedNuUtils: Overriding durationUs: with 64 bit src value 687500
08-12 11:19:24.155 1189 5329 I ExtendedNuUtils: Both src and dst missing for channel-mask
08-12 11:19:24.157 1182 1329 W AudioFlinger: createTrack_l(): mismatch between requested flags (00000002) and output flags (00000004)
08-12 11:19:25.253 1925 2160 D taskqueue: TaskQueueProcessor: queue: update-audit-logger, finished waiting
08-12 11:19:25.254 1925 2160 D taskqueue: TaskQueueProcessor: queue: update-audit-logger, running ...
08-12 11:19:25.258 1925 2160 D taskqueue: ProcessTask: queue: update-audit-logger, unprocessed task count: 0
08-12 11:19:25.260 1925 2160 D taskqueue: TaskQueueProcessor: queue: update-audit-logger, process task success? true
08-12 11:19:25.262 1925 2160 D taskqueue: TaskQueueProcessor: queue: update-audit-logger, unprocessed count: 0
08-12 11:19:25.262 1925 1925 V UpdateAuditLogger: queue unprocessed count for queue: update-audit-logger, unprocessed count: 0
08-12 11:19:25.262 1925 2160 D taskqueue: TaskQueueProcessor: queue: update-audit-logger, waiting for interval: 240000
08-12 11:19:26.830 5265 5265 W Heap : Initialization of Heap has not completed. Click event will not be captured.
08-12 11:19:26.829 5265 5265 I ViewRootImpl[AppListingActivity]: playSoundEffect(): displayId=0, effectId=0, usage=0
08-12 11:19:26.838 1352 5005 I ActivityManager: START u0 {cmp=com.clover.apps/.merchantplan.MerchantPlanActivity} from uid 10055
08-12 11:19:26.841 811 828 E ANDR-PERF-MPCTL: Invalid profile no. 0, total profiles 0 only
08-12 11:19:26.846 1189 1658 I ExtendedNuUtils: printFileName fd(7) -> /system/media/audio/ui/CloverButton.wav
08-12 11:19:26.848 5265 5265 W Instrumentation: Check start activity result, res: 0
08-12 11:19:26.852 1187 1782 E MM_OSAL : IsWAVADPCMFile: Error unknown format tag 3
08-12 11:19:26.854 1187 1782 E MM_OSAL : IsWAVADPCMFile: Error unknown format tag 3
08-12 11:19:26.854 1187 1782 I ExtendedExtractor: QTIParser is prefered .. flags 2
08-12 11:19:26.854 1187 1782 E MM_OSAL : IsWAVADPCMFile: Error unknown format tag 3
08-12 11:19:26.854 1187 1782 I ExtendedExtractor: ExtendedExtractor::create 0x0
08-12 11:19:26.865 1182 2863 I hash_map_utils: key: 'is_hw_dec_session_available' value: 'audio/raw'
08-12 11:19:26.871 1189 5340 W ExtendedACodec: Failed to get extension for extradata parameter
08-12 11:19:26.874 5265 5265 D HeapActivityTransitionHandler: Received message: ACTIVITY_CREATED
08-12 11:19:26.875 5265 5265 I MerchantPlanActivity: onCreate(CommonAppCompatActivity.java:153)[main]: @12de205 +onCreate: null
08-12 11:19:26.881 1189 5339 I ExtendedNuUtils: Both src and dst missing for bit-width
08-12 11:19:26.881 1189 5339 I ExtendedNuUtils: Overriding durationUs: with 64 bit src value 687500
08-12 11:19:26.881 1189 5339 I ExtendedNuUtils: Both src and dst missing for channel-mask
08-12 11:19:26.884 1182 2863 W AudioFlinger: createTrack_l(): mismatch between requested flags (00000002) and output flags (00000004)
08-12 11:19:26.890 5265 5265 I MerchantPlanActivity: onCreate(CommonAppCompatActivity.java:193)[main]: @12de205 -onCreate
08-12 11:19:26.903 5265 5265 I zygote64: Deoptimizing boolean androidx.appcompat.widget.TintContextWrapper.shouldWrap(android.content.Context) due to JIT inline cache
08-12 11:19:26.905 5265 5265 I zygote64: Deoptimizing android.graphics.Typeface androidx.core.content.res.ResourcesCompat.loadFont(android.content.Context, int, android.util.TypedValue, int, androidx.core.content.res.ResourcesCompat$FontCallback, android.os.Handler, boolean) due to JIT inline cache
08-12 11:19:26.942 5265 5265 I MerchantPlanActivity: onStart(CommonAppCompatActivity.java:1000)[main]: @12de205 +onStart
08-12 11:19:26.943 5265 5265 D HeapActivityTransitionHandler: Received message: ACTIVITY_STARTED
08-12 11:19:26.945 5265 5265 I MerchantPlanActivity: onStart(CommonAppCompatActivity.java:1018)[main]: @12de205 -onStart
08-12 11:19:26.945 5265 5265 W Heap : Initialization of Heap has not completed. Ignoring call to Heap.clearEventProperties.
