08-12 11:18:16.952 4644 4644 I ViewRootImpl[SetupActivity]: playSoundEffect(): displayId=0, effectId=0, usage=0
08-12 11:18:16.974 1189 1312 I ExtendedNuUtils: printFileName fd(7) -> /system/media/audio/ui/CloverButton.wav
08-12 11:18:16.986 1187 1187 E MM_OSAL : IsWAVADPCMFile: Error unknown format tag 3
08-12 11:18:16.990 1187 1187 E MM_OSAL : IsWAVADPCMFile: Error unknown format tag 3
08-12 11:18:16.992 1187 1187 I ExtendedExtractor: QTIParser is prefered .. flags 2
08-12 11:18:16.992 1187 1187 E MM_OSAL : IsWAVADPCMFile: Error unknown format tag 3
08-12 11:18:16.992 1187 1187 I ExtendedExtractor: ExtendedExtractor::create 0x0
08-12 11:18:17.007 1182 1329 I hash_map_utils: key: 'is_hw_dec_session_available' value: 'audio/raw'
08-12 11:18:17.016 1189 4750 W ExtendedACodec: Failed to get extension for extradata parameter
08-12 11:18:17.032 4644 4644 I WebViewFactory: Loading com.android.webview version 71.0.3551.0 (code 1)
08-12 11:18:17.036 1189 4749 I ExtendedNuUtils: Both src and dst missing for bit-width
08-12 11:18:17.036 1189 4749 I ExtendedNuUtils: Overriding durationUs: with 64 bit src value 687500
08-12 11:18:17.036 1189 4749 I ExtendedNuUtils: Both src and dst missing for channel-mask
08-12 11:18:17.039 1182 1329 W AudioFlinger: createTrack_l(): mismatch between requested flags (00000002) and output flags (00000004)
08-12 11:18:17.332 4644 4644 I cr_LibraryLoader: Time to load native libraries: 7 ms (timestamps 2331-2338)
08-12 11:18:17.452 4644 4644 I chromium: [INFO:library_loader_hooks.cc(36)] Chromium logging enabled: level = 0, default verbosity = 0
08-12 11:18:17.454 4644 4644 I cr_LibraryLoader: Expected native library version number "71.0.3551.0", actual native library version number "71.0.3551.0"
08-12 11:18:17.525 4644 4757 W cr_ChildProcLH: Create a new ChildConnectionAllocator with package name = com.android.webview, sandboxed = true
08-12 11:18:17.672 1352 3928 W ActivityManager: Slow operation: 295ms so far, now at startProcess: returned from zygote!
08-12 11:18:17.673 1352 3928 W ActivityManager: Slow operation: 295ms so far, now at startProcess: done updating battery stats
08-12 11:18:17.673 1352 3928 W ActivityManager: Slow operation: 295ms so far, now at startProcess: building log message
08-12 11:18:17.673 1352 3928 I ActivityManager: Start proc 4758:com.android.webview:webview_service/u0a40 for service com.android.webview/org.chromium.android_webview.services.VariationsSeedServer
08-12 11:18:17.674 1352 3928 W ActivityManager: Slow operation: 297ms so far, now at startProcess: starting to update pids map
08-12 11:18:17.674 1352 3928 W ActivityManager: Slow operation: 297ms so far, now at startProcess: done updating pids map
08-12 11:18:17.676 1352 3928 W ActivityManager: Slow operation: 299ms so far, now at startProcess: done starting proc!
08-12 11:18:17.680 4644 4644 I cr_BrowserStartup: Initializing chromium process, singleProcess=false
08-12 11:18:17.837 1352 1440 W MediaPlayer: mediaplayer went away with unhandled events
08-12 11:18:17.842 1352 4482 I Zygote : Process: zygote socket webview_zygote opened, supported ABIS: arm64-v8a,armeabi-v7a,armeabi
08-12 11:18:17.842 1352 4482 D WebViewZygote: Preloading package /system/app/webview/webview.apk /system/app/webview/lib/arm:/system/app/webview/webview.apk!/lib/armeabi-v7a
08-12 11:18:17.853 1352 4482 I Zygote : Process: zygote socket webview_zygote opened, supported ABIS: arm64-v8a,armeabi-v7a,armeabi
08-12 11:18:17.858 1529 1529 I WebViewZygoteInit: Beginning package preload
08-12 11:18:17.959 4644 4644 W om.clover.setup: type=1400 audit(0.0:21): avc: denied { read } for name="vmstat" dev="proc" ino=4026532073 scontext=u:r:untrusted_app_25:s0:c512,c768 tcontext=u:object_r:proc:s0 tclass=file permissive=0
08-12 11:18:18.116 1529 1529 I WebViewZygoteInit: Package preload done
08-12 11:18:18.161 1352 4482 W ActivityManager: Slow operation: 479ms so far, now at startProcess: returned from zygote!
08-12 11:18:18.161 1352 4482 W ActivityManager: Slow operation: 479ms so far, now at startProcess: done updating battery stats
08-12 11:18:18.161 4777 4777 E /system/bin/webview_zygote32: Failed to make and chown /acct/uid_99000: Permission denied
08-12 11:18:18.161 4777 4777 E Zygote : createProcessGroup(99000, 0) failed: Permission denied
08-12 11:18:18.161 1352 4482 W ActivityManager: Slow operation: 479ms so far, now at startProcess: building log message
08-12 11:18:18.161 1352 4482 I ActivityManager: Start proc 4777:com.android.webview:sandboxed_process0/u0i0 for webview_service com.clover.setup/org.chromium.content.app.SandboxedProcessService0
08-12 11:18:18.161 1352 4482 W ActivityManager: Slow operation: 480ms so far, now at startProcess: starting to update pids map
08-12 11:18:18.161 1352 4482 W ActivityManager: Slow operation: 480ms so far, now at startProcess: done updating pids map
08-12 11:18:18.161 1352 4482 W ActivityManager: Slow operation: 481ms so far, now at startProcess: done starting proc!
08-12 11:18:18.202 4644 4792 W cr_CrashFileManager: /data/user/0/com.clover.setup/cache/WebView/Crash Reports does not exist or is not a directory
08-12 11:18:18.253 4758 4758 I LoadedApk: No resource references to update in package com.android.webview
08-12 11:18:18.304 4801 4801 E asset : setgid: Operation not permitted
08-12 11:18:18.312 4644 4771 E cr_ApiBridge: Failed to init handler: Attempt to invoke virtual method 'java.lang.reflect.Constructor java.lang.Class.getDeclaredConstructor(java.lang.Class[])' on a null object reference
08-12 11:18:18.315 4644 4776 W cr_media: Requires BLUETOOTH permission
08-12 11:18:18.356 4644 4644 I Choreographer: Skipped 82 frames! The application may be doing too much work on its main thread.
08-12 11:18:18.418 4644 4800 W VideoCapabilities: Unrecognized profile 2130706433 for video/avc
08-12 11:18:18.418 4644 4800 W VideoCapabilities: Unrecognized profile 2130706434 for video/avc
08-12 11:18:18.418 4777 4777 I LoadedApk: No resource references to update in package com.android.webview
08-12 11:18:18.421 4644 4800 W VideoCapabilities: Unrecognized profile 2130706433 for video/avc
08-12 11:18:18.421 4644 4800 W VideoCapabilities: Unrecognized profile 2130706434 for video/avc
08-12 11:18:18.425 4777 4777 I cr_ChildProcessService: Creating new ChildProcessService pid=4777
08-12 11:18:18.426 4644 4800 W VideoCapabilities: Unsupported mime video/divx
08-12 11:18:18.429 4644 4800 W VideoCapabilities: Unsupported mime video/divx311
08-12 11:18:18.431 4644 4800 W VideoCapabilities: Unsupported mime video/divx4
08-12 11:18:18.436 4777 4809 I cr_LibraryLoader: Time to load native libraries: 1 ms (timestamps 3442-3443)
08-12 11:18:18.437 4644 4774 D NetworkSecurityConfig: No Network Security Config specified, using platform default
08-12 11:18:18.442 4644 4800 W VideoCapabilities: Unrecognized profile/level 0/3 for video/mpeg2
08-12 11:18:18.444 4644 4800 W VideoCapabilities: Unrecognized profile/level 0/3 for video/mpeg2
08-12 11:18:18.449 4644 4800 W VideoCapabilities: Unsupported mime video/x-ms-wmv
08-12 11:18:18.450 4644 4800 W VideoCapabilities: Unsupported mime video/x-ms-wmv
08-12 11:18:18.459 4644 4800 W VideoCapabilities: Unrecognized profile 2130706433 for video/avc
08-12 11:18:18.459 4644 4800 W VideoCapabilities: Unrecognized profile 2130706434 for video/avc
08-12 11:18:18.467 4644 4800 I VideoCapabilities: Unsupported profile 4 for video/mp4v-es
08-12 11:18:18.468 4644 4800 W Utils : could not parse long range '175-174'
08-12 11:18:18.485 4777 4809 I chromium: [INFO:library_loader_hooks.cc(36)] Chromium logging enabled: level = 0, default verbosity = 0
08-12 11:18:18.486 4777 4809 I cr_LibraryLoader: Expected native library version number "71.0.3551.0", actual native library version number "71.0.3551.0"
08-12 11:18:25.835 1352 1783 I ActivityManager: START u0 {act=clover.intent.action.LAUNCH_PAYMENT_PLAN cmp=com.clover.apps/.merchantplan.MerchantPlanActivity (has extras)} from uid 10054
08-12 11:18:25.846 811 828 E ANDR-PERF-MPCTL: Invalid profile no. 0, total profiles 0 only
08-12 11:18:25.852 4644 4644 W Instrumentation: Check start activity result, res: 0
08-12 11:18:25.855 4644 4644 I SetupActivity: onPause(CommonActivity.java:448)[main]: @6249377 +onPause
08-12 11:18:25.856 4644 4644 I SetupActivity: onBackground(CommonActivity.java:482)[main]: @6249377 +onBackground
08-12 11:18:25.857 4644 4644 I SetupActivity: onBackground(CommonActivity.java:498)[main]: @6249377 -onBackground
08-12 11:18:25.858 4644 4644 I SetupActivity: onPause(CommonActivity.java:455)[main]: @6249377 -onPause
08-12 11:18:25.874 1352 3928 I ActivityManager: Start proc 4822:com.clover.apps/u0a55 for activity com.clover.apps/.merchantplan.MerchantPlanActivity
08-12 11:18:25.895 4644 4730 E cutils-trace: Error opening trace file: No such file or directory (2)
08-12 11:18:25.971 4822 4822 I MultiDex: VM with version 2.1.0 has multidex support
08-12 11:18:25.971 4822 4822 I MultiDex: Installing application
08-12 11:18:25.971 4822 4822 I MultiDex: VM has multidex support, MultiDex support library is disabled.
08-12 11:18:26.082 4822 4822 D HeapActivityTransitionHandler: Received message: ACTIVITY_CREATED
08-12 11:18:26.085 4822 4822 I MerchantPlanActivity: onCreate(CommonAppCompatActivity.java:153)[main]: @823d50a +onCreate: null
08-12 11:18:26.108 4822 4822 I MerchantPlanActivity: onCreate(CommonAppCompatActivity.java:193)[main]: @823d50a -onCreate
08-12 11:18:26.179 4822 4822 D CloverConfig: clover_target: using secure setting: dev
08-12 11:18:26.180 4822 4822 D CloverConfig: clover_cloud_url: using secure setting: https://sandbox.dev.clover.com
08-12 11:18:26.203 1925 2223 I CloverServicesProvider: +call method: getApiVersion, arg: null
08-12 11:18:26.213 1352 1407 I SettingsState: [PERSIST START]
08-12 11:18:26.214 1352 1407 I SettingsState: [PERSISTED]lock_screen_show_notifications=1
08-12 11:18:26.214 1352 1407 I SettingsState: [PERSISTED]unknown_sources_default_reversed=1
08-12 11:18:26.214 1352 1407 I SettingsState: [PERSISTED]immersive_mode_confirmations=
08-12 11:18:26.214 1352 1407 I SettingsState: [PERSISTED]default_input_method=com.android.inputmethod.latin/.LatinIME
08-12 11:18:26.214 1352 1407 I SettingsState: [PERSISTED]sleep_timeout=-1
08-12 11:18:26.214 1352 1407 I SettingsState: [PERSISTED]location_providers_allowed=gps
08-12 11:18:26.214 1352 1407 I SettingsState: [PERSISTED]lock_screen_allow_private_notifications=1
08-12 11:18:26.214 1352 1407 I SettingsState: [PERSISTED]double_tap_to_wake=1
08-12 11:18:26.214 1352 1407 I SettingsState: [PERSISTED]speak_password=1
08-12 11:18:26.214 1352 1407 I SettingsState: [PERSISTED]wake_gesture_enabled=1
08-12 11:18:26.214 1352 1407 I SettingsState: [PERSISTED]screensaver_activate_on_sleep=1
08-12 11:18:26.214 1352 1407 I SettingsState: [PERSISTED]backup_enabled=0
08-12 11:18:26.214 1352 1407 I SettingsState: [PERSISTED]user_setup_complete=1
08-12 11:18:26.214 1352 1407 I SettingsState: [PERSISTED]overview_last_stack_active_time=1628781505889
08-12 11:18:26.214 1352 1407 I SettingsState: [PERSISTED]trust_agents_initialized=1
08-12 11:18:26.214 1352 1407 I SettingsState: [PERSISTED]lockscreen.disabled=0
08-12 11:18:26.214 1352 1407 I SettingsState: [PERSISTED]lock_screen_owner_info_enabled=0
08-12 11:18:26.214 1352 1407 I SettingsState: [PERSISTED]long_press_timeout=400
08-12 11:18:26.214 1352 1407 I SettingsState: [PERSISTED]sysui_tuner_version=1
08-12 11:18:26.214 1352 1407 I SettingsState: [PERSISTED]ethernet_on=1
08-12 11:18:26.214 1352 1407 I SettingsState: [PERSISTED]screensaver_components=com.android.deskclock/com.android.deskclock.Screensaver
08-12 11:18:26.214 1352 1407 I SettingsState: [PERSISTED]accessibility_display_magnification_scale=2.0
08-12 11:18:26.214 1352 1407 I SettingsState: [PERSISTED]screensaver_activate_on_dock=1
08-12 11:18:26.214 1352 1407 I SettingsState: [PERSISTED]backup_transport=android/com.android.internal.backup.LocalTransport
08-12 11:18:26.214 1352 1407 I SettingsState: [PERSISTED]input_methods_subtype_history=com.android.inputmethod.latin/.LatinIME;-921088104
08-12 11:18:26.214 1352 1407 I SettingsState: [PERSISTED]mock_location=0
08-12 11:18:26.214 1352 1407 I SettingsState: [PERSISTED]bluetooth_name=Clover-Mini
08-12 11:18:26.214 1352 1407 I SettingsState: [PERSISTED]autofill_service=
08-12 11:18:26.214 1352 1407 I SettingsState: [PERSISTED]sync_parent_sounds=0
08-12 11:18:26.214 1352 1407 I SettingsState: [PERSISTED]screensaver_enabled=1
08-12 11:18:26.214 1352 1407 I SettingsState: [PERSISTED]snoozed_schedule_condition_provider=
08-12 11:18:26.214 1352 1407 I SettingsState: [PERSISTED]mount_play_not_snd=1
08-12 11:18:26.214 1352 1407 I SettingsState: [PERSISTED]mount_ums_notify_enabled=1
08-12 11:18:26.214 1352 1407 I SettingsState: [PERSISTED]android_id=78e5ce0769d79ce4
08-12 11:18:26.214 1352 1407 I SettingsState: [PERSISTED]touch_exploration_enabled=0
08-12 11:18:26.214 1352 1407 I SettingsState: [PERSISTED]enabled_notification_policy_access_packages=com.android.camera2
08-12 11:18:26.214 1352 1407 I SettingsState: [PERSISTED]selected_input_method_subtype=-921088104
08-12 11:18:26.214 1352 1407 I SettingsState: [PERSISTED]mount_ums_prompt=1
08-12 11:18:26.214 1352 1407 I SettingsState: [PERSISTED]selected_spell_checker=com.android.inputmethod.latin/.spellcheck.AndroidSpellCheckerService
08-12 11:18:26.214 1352 1407 I SettingsState: [PERSISTED]screensaver_default_component=com.android.deskclock/com.android.deskclock.Screensaver
08-12 11:18:26.214 1352 1407 I SettingsState: [PERSISTED]mount_ums_autostart=0
08-12 11:18:26.214 1352 1407 I SettingsState: [PERSISTED]show_note_about_notification_hiding=0
08-12 11:18:26.214 1352 1407 I SettingsState: [PERSISTED]install_non_market_apps=1
08-12 11:18:26.214 1352 1407 I SettingsState: [PERSISTED]show_ime_with_hard_keyboard=1
08-12 11:18:26.214 1352 1407 I SettingsState: [PERSISTED]accessibility_enabled=0
08-12 11:18:26.214 1352 1407 I SettingsState: [PERSISTED]multi_press_timeout=300
08-12 11:18:26.214 1352 1407 I SettingsState: [PERSISTED]accessibility_display_magnification_enabled=0
08-12 11:18:26.214 1352 1407 I SettingsState: [PERSISTED]enabled_input_methods=com.android.inputmethod.latin/.LatinIME
08-12 11:18:26.217 1352 1407 I SettingsState: [PERSIST END]
08-12 11:18:26.223 4822 4822 D clover : DeviceClient is using CloverKeyStore
08-12 11:18:26.244 4822 4822 W nAnnotationIntrospector: Unable to load JDK7 annotation types; will have to skip
08-12 11:18:26.256 4822 4822 I AppMarketApplication: isAnalytics(LoggingApplication.java:74)[main]: analytics? true, for package: com.clover.apps
08-12 11:18:26.314 4822 4822 I MerchantPlanActivity: onStart(CommonAppCompatActivity.java:1000)[main]: @823d50a +onStart
08-12 11:18:26.315 4822 4822 D HeapActivityTransitionHandler: Received message: ACTIVITY_STARTED
08-12 11:18:26.318 4822 4822 I MerchantPlanActivity: onStart(CommonAppCompatActivity.java:1018)[main]: @823d50a -onStart
08-12 11:18:26.319 4822 4822 W Heap : Initialization of Heap has not completed. Ignoring call to Heap.clearEventProperties.
08-12 11:18:26.321 4822 4822 I MerchantPlanActivity: onResume(CommonAppCompatActivity.java:237)[main]: @823d50a +onResume
08-12 11:18:26.322 4822 4822 I MerchantPlanActivity: onForeground(CommonAppCompatActivity.java:261)[main]: @823d50a +onForeground
08-12 11:18:26.324 4822 4822 I MerchantPlanActivity: onForeground(CommonAppCompatActivity.java:276)[main]: @823d50a -onForeground
08-12 11:18:26.325 4822 4822 I MerchantPlanActivity: onResume(CommonAppCompatActivity.java:244)[main]: @823d50a -onResume
08-12 11:18:26.331 4822 4854 D OpenGLRenderer: HWUI GL Pipeline
08-12 11:18:26.337 4822 4839 I ServiceConnector: waitForConnection result: true, retryCount: 0
08-12 11:18:26.339 4822 4858 I SetupAsyncTask: doInBackground(SetupAsyncTask.java:43)[AsyncTask #3]: MerchantPlanActivity @823d50a
08-12 11:18:26.363 4822 4854 I Adreno : QUALCOMM build : 04a4b71, Iaf0ce12d04
08-12 11:18:26.363 4822 4854 I Adreno : Build Date : 01/29/20
08-12 11:18:26.363 4822 4854 I Adreno : OpenGL ES Shader Compiler Version: EV031.22.00.01_06_07
08-12 11:18:26.363 4822 4854 I Adreno : Local Branch :
08-12 11:18:26.363 4822 4854 I Adreno : Remote Branch :
08-12 11:18:26.363 4822 4854 I Adreno : Remote Branch :
08-12 11:18:26.363 4822 4854 I Adreno : Reconstruct Branch :
08-12 11:18:26.366 4822 4858 I SetupAsyncTask: doInBackground(SetupAsyncTask.java:59)[AsyncTask #3]: MerchantPlanActivity @823d50a success: true isCancelled: false
08-12 11:18:26.372 4822 4854 I Adreno : PFP: 0x005ff087, ME: 0x005ff063
08-12 11:18:26.378 4822 4854 I zygote64: android::hardware::configstore::V1_0::ISurfaceFlingerConfigs::hasWideColorDisplay retrieved: 0
08-12 11:18:26.378 4822 4854 I OpenGLRenderer: Initialized EGL, version 1.4
08-12 11:18:26.378 4822 4854 D OpenGLRenderer: Swap behavior 2
08-12 11:18:26.404 4822 4822 D EmployeeConnector: on service success: ResultStatus{statusCode=OK, statusMessage=null}
08-12 11:18:26.434 1352 1373 I ActivityManager: Displayed com.clover.apps/.merchantplan.MerchantPlanActivity: +570ms
08-12 11:18:26.434 622 622 W /system/bin/hwservicemanager: getTransport: Cannot find entry vendor.qti.hardware.iop@1.0::IIop/default in either framework or device manifest.
08-12 11:18:26.434 1352 1373 E ANDR-PERF-JNI: Iop tryGetService failed
08-12 11:18:26.435 4822 4822 I SetupAsyncTask: onPostExecute(SetupAsyncTask.java:67)[main]: result:true, commonActivity: true
08-12 11:18:26.436 4822 4822 I SetupAsyncTask: onPostExecute(SetupAsyncTask.java:73)[main]: MerchantPlanActivity @823d50a isFinishing: false, resumed: true
08-12 11:18:26.436 4822 4822 I MerchantPlanActivity: onSetupComplete(CommonAppCompatActivity.java:361)[main]: @823d50a
08-12 11:18:26.438 4822 4822 I SetupAsyncTask: onPostExecute(SetupAsyncTask.java:115)[main]: MerchantPlanActivity @823d50a setup tasks took: 115ms
08-12 11:18:26.455 4644 4644 I SetupActivity: onStop(CommonActivity.java:1183)[main]: @6249377 +onStop
08-12 11:18:26.467 4644 4644 I SetupActivity: onStop(CommonActivity.java:1195)[main]: @6249377 -onStop
08-12 11:18:36.162 4822 4822 D AndroidRuntime: Shutting down VM --------- beginning of crash
08-12 11:18:36.163 4822 4822 E AndroidRuntime: FATAL EXCEPTION: main
08-12 11:18:36.163 4822 4822 E AndroidRuntime: Process: com.clover.apps, PID: 4822
08-12 11:18:36.163 4822 4822 E AndroidRuntime: java.lang.NullPointerException: Attempt to invoke interface method 'java.util.Iterator java.lang.Iterable.iterator()' on a null object reference
08-12 11:18:36.163 4822 4822 E AndroidRuntime: at java.util.AbstractCollection.addAll(AbstractCollection.java:343)
08-12 11:18:36.163 4822 4822 E AndroidRuntime: at com.clover.apps.merchantplan.util.PlanSelectionUtil.getAllPlanFeatures(PlanSelectionUtil.java:376)
08-12 11:18:36.163 4822 4822 E AndroidRuntime: at com.clover.apps.merchantplan.util.PlanSelectionUtil.setPlanFeatures(PlanSelectionUtil.java:382)
08-12 11:18:36.163 4822 4822 E AndroidRuntime: at com.clover.apps.merchantplan.util.PlanSelectionUtil.updatePlanSelectionUI(PlanSelectionUtil.java:61)
08-12 11:18:36.163 4822 4822 E AndroidRuntime: at com.clover.apps.merchantplan.MerchantPlanActivity.updateUi(MerchantPlanActivity.java:104)
08-12 11:18:36.163 4822 4822 E AndroidRuntime: at com.clover.apps.merchantplan.MerchantPlanActivity.handleFlowUpdates(MerchantPlanActivity.java:57)
08-12 11:18:36.163 4822 4822 E AndroidRuntime: at com.clover.apps.merchantplan.MerchantPlanActivity.lambda$0aH5FkjUmNDw7b17pdwrr_azkHY(Unknown Source:0)
08-12 11:18:36.163 4822 4822 E AndroidRuntime: at com.clover.apps.merchantplan.-$$Lambda$MerchantPlanActivity$0aH5FkjUmNDw7b17pdwrr_azkHY.onChanged(Unknown Source:4)
08-12 11:18:36.163 4822 4822 E AndroidRuntime: at com.clover.apps.appsdata.core.rx.SingleLiveEvent$1.onChanged(SingleLiveEvent.java:56)
08-12 11:18:36.163 4822 4822 E AndroidRuntime: at androidx.lifecycle.LiveData.considerNotify(LiveData.java:133)
08-12 11:18:36.163 4822 4822 E AndroidRuntime: at androidx.lifecycle.LiveData.dispatchingValue(LiveData.java:151)
08-12 11:18:36.163 4822 4822 E AndroidRuntime: at androidx.lifecycle.LiveData.setValue(LiveData.java:309)
08-12 11:18:36.163 4822 4822 E AndroidRuntime: at androidx.lifecycle.MutableLiveData.setValue(MutableLiveData.java:50)
08-12 11:18:36.163 4822 4822 E AndroidRuntime: at com.clover.apps.appsdata.core.rx.SingleLiveEvent.setValue(SingleLiveEvent.java:66)
08-12 11:18:36.163 4822 4822 E AndroidRuntime: at androidx.lifecycle.LiveData$1.run(LiveData.java:93)
08-12 11:18:36.163 4822 4822 E AndroidRuntime: at android.os.Handler.handleCallback(Handler.java:790)
08-12 11:18:36.163 4822 4822 E AndroidRuntime: at android.os.Handler.dispatchMessage(Handler.java:99)
08-12 11:18:36.163 4822 4822 E AndroidRuntime: at android.os.Looper.loop(Looper.java:164)
08-12 11:18:36.163 4822 4822 E AndroidRuntime: at android.app.ActivityThread.main(ActivityThread.java:6518)
08-12 11:18:36.163 4822 4822 E AndroidRuntime: at java.lang.reflect.Method.invoke(Native Method)
08-12 11:18:36.163 4822 4822 E AndroidRuntime: at com.android.internal.os.RuntimeInit$MethodAndArgsCaller.run(RuntimeInit.java:438)
08-12 11:18:36.163 4822 4822 E AndroidRuntime: at com.android.internal.os.ZygoteInit.main(ZygoteInit.java:807)
08-12 11:18:36.185 1352 4865 I ActivityManager: Appending logcat output to error...
08-12 11:18:36.185 1352 4482 W ActivityManager: Force finishing activity com.clover.apps/.merchantplan.MerchantPlanActivity
08-12 11:18:36.219 1352 1367 I ActivityManager: Showing crash dialog for package com.clover.apps u0
08-12 11:18:36.295 1352 3006 I OpenGLRenderer: Initialized EGL, version 1.4
08-12 11:18:36.299 1352 3006 D OpenGLRenderer: Swap behavior 2
08-12 11:18:36.430 1352 4865 I ActivityManager: Done appending logcat output to error (245 ms)
08-12 11:18:36.431 1352 4865 I ActivityManager: Dropbox tag: data_app_crash, appending dumpsys output to error...
08-12 11:18:36.457 1352 1367 W Looper : Dispatch took 159ms on android.ui, h=Handler (android.view.Choreographer$FrameHandler) {1bed409} cb=android.view.Choreographer$FrameDisplayEventReceiver@ad1360e msg=0
08-12 11:18:36.544 1352 1407 I SettingsState: [PERSIST START]
08-12 11:18:36.545 1352 1407 I SettingsState: [PERSISTED]lock_screen_show_notifications=1
08-12 11:18:36.545 1352 1407 I SettingsState: [PERSISTED]unknown_sources_default_reversed=1
08-12 11:18:36.545 1352 1407 I SettingsState: [PERSISTED]immersive_mode_confirmations=
08-12 11:18:36.545 1352 1407 I SettingsState: [PERSISTED]default_input_method=com.android.inputmethod.latin/.LatinIME
08-12 11:18:36.545 1352 1407 I SettingsState: [PERSISTED]sleep_timeout=-1
08-12 11:18:36.545 1352 1407 I SettingsState: [PERSISTED]location_providers_allowed=gps
08-12 11:18:36.545 1352 1407 I SettingsState: [PERSISTED]lock_screen_allow_private_notifications=1
08-12 11:18:36.545 1352 1407 I SettingsState: [PERSISTED]double_tap_to_wake=1
08-12 11:18:36.545 1352 1407 I SettingsState: [PERSISTED]speak_password=1
08-12 11:18:36.545 1352 1407 I SettingsState: [PERSISTED]wake_gesture_enabled=1
08-12 11:18:36.545 1352 1407 I SettingsState: [PERSISTED]screensaver_activate_on_sleep=1
08-12 11:18:36.545 1352 1407 I SettingsState: [PERSISTED]backup_enabled=0
08-12 11:18:36.545 1352 1407 I SettingsState: [PERSISTED]user_setup_complete=1
08-12 11:18:36.545 1352 1407 I SettingsState: [PERSISTED]overview_last_stack_active_time=1628781516188
08-12 11:18:36.545 1352 1407 I SettingsState: [PERSISTED]trust_agents_initialized=1
08-12 11:18:36.545 1352 1407 I SettingsState: [PERSISTED]lockscreen.disabled=0
08-12 11:18:36.545 1352 1407 I SettingsState: [PERSISTED]lock_screen_owner_info_enabled=0
08-12 11:18:36.545 1352 1407 I SettingsState: [PERSISTED]long_press_timeout=400
08-12 11:18:36.545 1352 1407 I SettingsState: [PERSISTED]sysui_tuner_version=1
08-12 11:18:36.545 1352 1407 I SettingsState: [PERSISTED]ethernet_on=1
08-12 11:18:36.546 1352 1407 I SettingsState: [PERSISTED]screensaver_components=com.android.deskclock/com.android.deskclock.Screensaver
08-12 11:18:36.546 1352 1407 I SettingsState: [PERSISTED]accessibility_display_magnification_scale=2.0
08-12 11:18:36.546 1352 1407 I SettingsState: [PERSISTED]screensaver_activate_on_dock=1
08-12 11:18:36.546 1352 1407 I SettingsState: [PERSISTED]backup_transport=android/com.android.internal.backup.LocalTransport
08-12 11:18:36.546 1352 1407 I SettingsState: [PERSISTED]input_methods_subtype_history=com.android.inputmethod.latin/.LatinIME;-921088104
08-12 11:18:36.546 1352 1407 I SettingsState: [PERSISTED]mock_location=0
08-12 11:18:36.546 1352 1407 I SettingsState: [PERSISTED]bluetooth_name=Clover-Mini
08-12 11:18:36.546 1352 1407 I SettingsState: [PERSISTED]autofill_service=
08-12 11:18:36.546 1352 1407 I SettingsState: [PERSISTED]sync_parent_sounds=0
08-12 11:18:36.546 1352 1407 I SettingsState: [PERSISTED]screensaver_enabled=1
08-12 11:18:36.546 1352 1407 I SettingsState: [PERSISTED]snoozed_schedule_condition_provider=
08-12 11:18:36.546 1352 1407 I SettingsState: [PERSISTED]mount_play_not_snd=1
08-12 11:18:36.546 1352 1407 I SettingsState: [PERSISTED]mount_ums_notify_enabled=1
08-12 11:18:36.546 1352 1407 I SettingsState: [PERSISTED]android_id=78e5ce0769d79ce4
08-12 11:18:36.546 1352 1407 I SettingsState: [PERSISTED]touch_exploration_enabled=0
08-12 11:18:36.546 1352 1407 I SettingsState: [PERSISTED]enabled_notification_policy_access_packages=com.android.camera2
08-12 11:18:36.546 1352 1407 I SettingsState: [PERSISTED]selected_input_method_subtype=-921088104
08-12 11:18:36.546 1352 1407 I SettingsState: [PERSISTED]mount_ums_prompt=1
08-12 11:18:36.546 1352 1407 I SettingsState: [PERSISTED]selected_spell_checker=com.android.inputmethod.latin/.spellcheck.AndroidSpellCheckerService
08-12 11:18:36.546 1352 1407 I SettingsState: [PERSISTED]screensaver_default_component=com.android.deskclock/com.android.deskclock.Screensaver
08-12 11:18:36.546 1352 1407 I SettingsState: [PERSISTED]mount_ums_autostart=0
08-12 11:18:36.546 1352 1407 I SettingsState: [PERSISTED]show_note_about_notification_hiding=0
08-12 11:18:36.546 1352 1407 I SettingsState: [PERSISTED]install_non_market_apps=1
08-12 11:18:36.546 1352 1407 I SettingsState: [PERSISTED]show_ime_with_hard_keyboard=1
08-12 11:18:36.546 1352 1407 I SettingsState: [PERSISTED]accessibility_enabled=0
08-12 11:18:36.546 1352 1407 I SettingsState: [PERSISTED]multi_press_timeout=300
08-12 11:18:36.546 1352 1407 I SettingsState: [PERSISTED]accessibility_display_magnification_enabled=0
08-12 11:18:36.546 1352 1407 I SettingsState: [PERSISTED]enabled_input_methods=com.android.inputmethod.latin/.LatinIME
08-12 11:18:36.554 1352 1407 I SettingsState: [PERSIST END]
08-12 11:18:36.556 885 911 D PermissionCache: checking android.permission.DUMP for uid=1000 => granted (336 us)
08-12 11:18:36.576 800 4480 I SDM : HWCDisplay::GetColorModeCount: Supported color mode count = 1
08-12 11:18:36.576 800 4480 I SDM : HWCDisplay::GetColorModes: Supports color mode[0] = 0
08-12 11:18:36.689 1352 1366 W ActivityManager: Activity pause timeout for ActivityRecord{5850487 u0 com.clover.apps/.merchantplan.MerchantPlanActivity t87 f}
08-12 11:18:36.739 4875 4875 W dumpsys : type=1400 audit(0.0:22): avc: denied { call } for scontext=u:r:system_server:s0 tcontext=u:r:update_engine:s0 tclass=binder permissive=0
08-12 11:18:36.756 1201 1201 D PermissionCache: checking android.permission.DUMP for uid=1000 => granted (320 us)
08-12 11:18:36.774 4644 4644 I SetupActivity: onStart(CommonActivity.java:1160)[main]: @6249377 +onStart
08-12 11:18:36.777 4644 4644 I SetupActivity: onStart(CommonActivity.java:1178)[main]: @6249377 -onStart
08-12 11:18:36.777 4644 4644 I SetupActivity: onResume(CommonActivity.java:315)[main]: @6249377 +onResume
08-12 11:18:36.778 4644 4644 I SetupActivity: onForeground(CommonActivity.java:339)[main]: @6249377 +onForeground
08-12 11:18:36.781 4644 4644 I SetupActivity: onForeground(CommonActivity.java:354)[main]: @6249377 -onForeground
08-12 11:18:36.782 4644 4644 I SetupActivity: onResume(CommonActivity.java:322)[main]: @6249377 -onResume
08-12 11:18:36.781 4644 4889 I SetupAsyncTask: doInBackground(SetupAsyncTask.java:43)[AsyncTask #5]: SetupActivity @6249377
08-12 11:18:36.833 1352 2251 W AutofillManagerService: Ignoring invalid dump arg: -a
08-12 11:18:36.851 816 816 D PermissionCache: checking android.permission.DUMP for uid=1000 => granted (1738 us)
08-12 11:18:36.856 1352 1369 I WifiService: requestActivityInfo uid=1000
08-12 11:18:36.856 1352 1361 I zygote64: Background concurrent copying GC freed 77228(5MB) AllocSpace objects, 10(3MB) LOS objects, 42% free, 13MB/23MB, paused 122us total 107.324ms
08-12 11:18:36.856 1352 1369 I WifiService: reportActivityInfo uid=1000
08-12 11:18:36.857 1352 1369 I WifiService: getSupportedFeatures uid=1000
08-12 11:18:36.887 1352 1369 E BatteryExternalStatsWorker: no controller energy info supplied for bluetooth
08-12 11:18:36.892 1352 1369 E KernelCpuSpeedReader: Failed to read cpu-freq: /sys/devices/system/cpu/cpu0/cpufreq/stats/time_in_state (No such file or directory)
08-12 11:18:36.892 1352 1369 E KernelCpuSpeedReader: Failed to read cpu-freq: /sys/devices/system/cpu/cpu4/cpufreq/stats/time_in_state (No such file or directory)
08-12 11:18:36.902 1925 2223 I CloverServicesProvider: +call method: getSbDetails, arg: null
08-12 11:18:37.108 1352 1407 I SettingsState: [PERSIST START]
08-12 11:18:37.110 1352 1407 I SettingsState: [PERSISTED]lock_screen_show_notifications=1
08-12 11:18:37.110 1352 1407 I SettingsState: [PERSISTED]unknown_sources_default_reversed=1
08-12 11:18:37.110 1352 1407 I SettingsState: [PERSISTED]immersive_mode_confirmations=
08-12 11:18:37.110 1352 1407 I SettingsState: [PERSISTED]default_input_method=com.android.inputmethod.latin/.LatinIME
08-12 11:18:37.110 1352 1407 I SettingsState: [PERSISTED]sleep_timeout=-1
08-12 11:18:37.110 1352 1407 I SettingsState: [PERSISTED]location_providers_allowed=gps
08-12 11:18:37.110 1352 1407 I SettingsState: [PERSISTED]lock_screen_allow_private_notifications=1
08-12 11:18:37.110 1352 1407 I SettingsState: [PERSISTED]double_tap_to_wake=1
08-12 11:18:37.110 1352 1407 I SettingsState: [PERSISTED]speak_password=1
08-12 11:18:37.110 1352 1407 I SettingsState: [PERSISTED]wake_gesture_enabled=1
08-12 11:18:37.110 1352 1407 I SettingsState: [PERSISTED]screensaver_activate_on_sleep=1
08-12 11:18:37.110 1352 1407 I SettingsState: [PERSISTED]backup_enabled=0
08-12 11:18:37.110 1352 1407 I SettingsState: [PERSISTED]user_setup_complete=1
08-12 11:18:37.110 1352 1407 I SettingsState: [PERSISTED]overview_last_stack_active_time=1628781516745
08-12 11:18:37.110 1352 1407 I SettingsState: [PERSISTED]trust_agents_initialized=1
08-12 11:18:37.110 1352 1407 I SettingsState: [PERSISTED]lockscreen.disabled=0
08-12 11:18:37.110 1352 1407 I SettingsState: [PERSISTED]lock_screen_owner_info_enabled=0
08-12 11:18:37.110 1352 1407 I SettingsState: [PERSISTED]long_press_timeout=400
08-12 11:18:37.110 1352 1407 I SettingsState: [PERSISTED]sysui_tuner_version=1
08-12 11:18:37.110 1352 1407 I SettingsState: [PERSISTED]ethernet_on=1
08-12 11:18:37.111 1352 1407 I SettingsState: [PERSISTED]screensaver_components=com.android.deskclock/com.android.deskclock.Screensaver
08-12 11:18:37.111 1352 1407 I SettingsState: [PERSISTED]accessibility_display_magnification_scale=2.0
08-12 11:18:37.111 1352 1407 I SettingsState: [PERSISTED]screensaver_activate_on_dock=1
08-12 11:18:37.111 1352 1407 I SettingsState: [PERSISTED]backup_transport=android/com.android.internal.backup.LocalTransport
08-12 11:18:37.111 1352 1407 I SettingsState: [PERSISTED]input_methods_subtype_history=com.android.inputmethod.latin/.LatinIME;-921088104
08-12 11:18:37.111 1352 1407 I SettingsState: [PERSISTED]mock_location=0
08-12 11:18:37.111 1352 1407 I SettingsState: [PERSISTED]bluetooth_name=Clover-Mini
08-12 11:18:37.111 1352 1407 I SettingsState: [PERSISTED]autofill_service=
08-12 11:18:37.111 1352 1407 I SettingsState: [PERSISTED]sync_parent_sounds=0
08-12 11:18:37.111 1352 1407 I SettingsState: [PERSISTED]screensaver_enabled=1
08-12 11:18:37.111 1352 1407 I SettingsState: [PERSISTED]snoozed_schedule_condition_provider=
08-12 11:18:37.111 1352 1407 I SettingsState: [PERSISTED]mount_play_not_snd=1
08-12 11:18:37.111 1352 1407 I SettingsState: [PERSISTED]mount_ums_notify_enabled=1
08-12 11:18:37.111 1352 1407 I SettingsState: [PERSISTED]android_id=78e5ce0769d79ce4
08-12 11:18:37.111 1352 1407 I SettingsState: [PERSISTED]touch_exploration_enabled=0
08-12 11:18:37.111 1352 1407 I SettingsState: [PERSISTED]enabled_notification_policy_access_packages=com.android.camera2
08-12 11:18:37.111 1352 1407 I SettingsState: [PERSISTED]selected_input_method_subtype=-921088104
08-12 11:18:37.111 1352 1407 I SettingsState: [PERSISTED]mount_ums_prompt=1
08-12 11:18:37.111 1352 1407 I SettingsState: [PERSISTED]selected_spell_checker=com.android.inputmethod.latin/.spellcheck.AndroidSpellCheckerService
08-12 11:18:37.111 1352 1407 I SettingsState: [PERSISTED]screensaver_default_component=com.android.deskclock/com.android.deskclock.Screensaver
08-12 11:18:37.111 1352 1407 I SettingsState: [PERSISTED]mount_ums_autostart=0
08-12 11:18:37.111 1352 1407 I SettingsState: [PERSISTED]show_note_about_notification_hiding=0
08-12 11:18:37.111 1352 1407 I SettingsState: [PERSISTED]install_non_market_apps=1
08-12 11:18:37.111 1352 1407 I SettingsState: [PERSISTED]show_ime_with_hard_keyboard=1
08-12 11:18:37.111 1352 1407 I SettingsState: [PERSISTED]accessibility_enabled=0
08-12 11:18:37.111 1352 1407 I SettingsState: [PERSISTED]multi_press_timeout=300
08-12 11:18:37.111 1352 1407 I SettingsState: [PERSISTED]accessibility_display_magnification_enabled=0
08-12 11:18:37.111 1352 1407 I SettingsState: [PERSISTED]enabled_input_methods=com.android.inputmethod.latin/.LatinIME
08-12 11:18:37.117 1352 1407 I SettingsState: [PERSIST END]
08-12 11:18:37.346 4644 4889 I SetupAsyncTask: doInBackground(SetupAsyncTask.java:59)[AsyncTask #5]: SetupActivity @6249377 success: true isCancelled: false
08-12 11:18:37.347 4644 4644 I SetupAsyncTask: onPostExecute(SetupAsyncTask.java:67)[main]: result:true, commonActivity: true
08-12 11:18:37.348 4644 4644 I SetupAsyncTask: onPostExecute(SetupAsyncTask.java:73)[main]: SetupActivity @6249377 isFinishing: false, resumed: true
08-12 11:18:37.348 4644 4644 I SetupActivity: onSetupComplete(CommonActivity.java:439)[main]: @6249377
08-12 11:18:37.360 4644 4644 I SetupAsyncTask: onPostExecute(SetupAsyncTask.java:115)[main]: SetupActivity @6249377 setup tasks took: 581ms
08-12 11:18:37.547 4644 4644 I SetupActivity: onPostExecute(ConnectorSafeAsyncTask.java:64)[main]: com.clover.setup.activity.SetupActivity$6 safely finished execution
08-12 11:18:37.571 4644 4649 I zygote64: Do partial code cache collection, code=61KB, data=53KB
08-12 11:18:37.572 4644 4649 I zygote64: After code cache collection, code=61KB, data=53KB
08-12 11:18:37.572 4644 4649 I zygote64: Increasing code cache capacity to 256KB
08-12 11:18:37.618 1352 4639 D CryptdConnector: SND -> {6 cryptfs getpwtype}
08-12 11:18:37.625 640 644 D VoldCryptCmdListener: cryptfs getpwtype
08-12 11:18:37.640 1352 1419 D CryptdConnector: RCV <- {213 6 pin}
08-12 11:18:39.982 1352 1367 I ViewRootImpl[apps]: playSoundEffect(): displayId=0, effectId=0, usage=0
08-12 11:18:39.986 1352 4482 I ActivityManager: Killing 4822:com.clover.apps/u0a55 (adj 900): crash
08-12 11:18:39.989 1352 1368 W zygote64: kill(-4822, 9) failed: No such process
08-12 11:18:40.006 1189 1189 I ExtendedNuUtils: printFileName fd(7) -> /system/media/audio/ui/CloverButton.wav
08-12 11:18:40.006 1352 4482 I ActivityManager: App switches allowed, source PID: 1352, source UID: 1000, calling PID: -1, calling UID: -1, name: Task to front, requesting UID: 0
08-12 11:18:40.024 1352 1368 W zygote64: kill(-4822, 9) failed: No such process
08-12 11:18:40.028 1187 3015 E MM_OSAL : IsWAVADPCMFile: Error unknown format tag 3
08-12 11:18:40.033 1187 3015 E MM_OSAL : IsWAVADPCMFile: Error unknown format tag 3
08-12 11:18:40.034 1187 3015 I ExtendedExtractor: QTIParser is prefered .. flags 2
08-12 11:18:40.034 1187 3015 E MM_OSAL : IsWAVADPCMFile: Error unknown format tag 3
08-12 11:18:40.034 1187 3015 I ExtendedExtractor: ExtendedExtractor::create 0x0
08-12 11:18:40.050 1182 1328 I hash_map_utils: key: 'is_hw_dec_session_available' value: 'audio/raw'
08-12 11:18:40.056 1189 5000 W ExtendedACodec: Failed to get extension for extradata parameter
08-12 11:18:40.057 1352 1368 W zygote64: kill(-4822, 9) failed: No such process
08-12 11:18:40.068 1189 4999 I ExtendedNuUtils: Both src and dst missing for bit-width
08-12 11:18:40.068 1189 4999 I ExtendedNuUtils: Overriding durationUs: with 64 bit src value 687500
08-12 11:18:40.068 1189 4999 I ExtendedNuUtils: Both src and dst missing for channel-mask
08-12 11:18:40.071 1182 1328 W AudioFlinger: createTrack_l(): mismatch between requested flags (00000002) and output flags (00000004)
08-12 11:18:40.078 1352 1373 W ActivityManager: setHasOverlayUi called on unknown pid: 4822
08-12 11:18:40.079 4875 4875 W dumpsys : type=1400 audit(0.0:23): avc: denied { write } for path="pipe:[73013]" dev="pipefs" ino=73013 scontext=u:r:installd:s0 tcontext=u:r:system_server:s0 tclass=fifo_file permissive=0
08-12 11:18:40.093 1352 1368 W zygote64: kill(-4822, 9) failed: No such process
08-12 11:18:40.093 1352 1368 I zygote64: Successfully killed process cgroup uid 10055 pid 4822 in 105ms
08-12 11:18:40.158 1182 1328 D PermissionCache: checking android.permission.DUMP for uid=1000 => granted (244 us)
08-12 11:18:40.182 1352 1399 W AppOps : Finishing op nesting under-run: uid 1000 pkg android code 24 time=0 duration=0 nesting=0
08-12 11:18:40.231 1352 1361 I zygote64: Background concurrent copying GC freed 165666(7MB) AllocSpace objects, 42(4MB) LOS objects, 42% free, 17MB/29MB, paused 185us total 106.742ms
08-12 11:18:40.238 1352 1359 W MediaPlayer-JNI: MediaPlayer finalized without being released
08-12 11:18:40.239 917 917 W Binder:917_1: type=1400 audit(0.0:24): avc: denied { write } for path="pipe:[69349]" dev="pipefs" ino=69349 scontext=u:r:hal_camera_default:s0 tcontext=u:r:system_server:s0 tclass=fifo_file permissive=0
08-12 11:18:40.249 917 917 W Binder:917_1: type=1400 audit(0.0:25): avc: denied { write } for path="pipe:[69349]" dev="pipefs" ino=69349 scontext=u:r:hal_camera_default:s0 tcontext=u:r:system_server:s0 tclass=fifo_file permissive=0
08-12 11:18:40.287 1187 2977 D PermissionCache: checking android.permission.DUMP for uid=1000 => granted (11501 us)
08-12 11:18:40.522 4644 4655 I zygote64: Explicit concurrent copying GC freed 7295(352KB) AllocSpace objects, 1(20KB) LOS objects, 50% free, 3MB/7MB, paused 131us total 74.943ms
08-12 11:18:40.783 2131 2252 I zygote64: Explicit concurrent copying GC freed 90010(5MB) AllocSpace objects, 2(40KB) LOS objects, 50% free, 5MB/10MB, paused 156us total 90.494ms
08-12 11:18:40.935 4777 4808 I /system/bin/webview_zygote32: Explicit concurrent copying GC freed 160(41KB) AllocSpace objects, 2(40KB) LOS objects, 90% free, 159KB/1695KB, paused 201us total 22.039ms
08-12 11:18:41.134 1962 3082 I zygote64: Explicit concurrent copying GC freed 7438(415KB) AllocSpace objects, 2(40KB) LOS objects, 24% free, 2MB/3MB, paused 105us total 57.168ms
08-12 11:18:41.337 1468 1480 I zygote64: Explicit concurrent copying GC freed 4014(339KB) AllocSpace objects, 3(60KB) LOS objects, 24% free, 2MB/3MB, paused 103us total 58.447ms
08-12 11:18:41.565 2463 3080 I zygote64: Explicit concurrent copying GC freed 43287(1504KB) AllocSpace objects, 2(40KB) LOS objects, 49% free, 4MB/8MB, paused 109us total 74.706ms
08-12 11:18:41.625 4644 4644 I ViewRootImpl[SetupActivity]: playSoundEffect(): displayId=0, effectId=0, usage=0
08-12 11:18:41.638 1189 1189 I ExtendedNuUtils: printFileName fd(7) -> /system/media/audio/ui/CloverButton.wav
08-12 11:18:41.659 1187 2977 E MM_OSAL : IsWAVADPCMFile: Error unknown format tag 3
08-12 11:18:41.662 1187 2977 E MM_OSAL : IsWAVADPCMFile: Error unknown format tag 3
08-12 11:18:41.663 1187 2977 I ExtendedExtractor: QTIParser is prefered .. flags 2
08-12 11:18:41.664 1187 2977 E MM_OSAL : IsWAVADPCMFile: Error unknown format tag 3
08-12 11:18:41.664 1187 2977 I ExtendedExtractor: ExtendedExtractor::create 0x0
08-12 11:18:41.683 1182 1182 I hash_map_utils: key: 'is_hw_dec_session_available' value: 'audio/raw'
08-12 11:18:41.695 1189 5041 W ExtendedACodec: Failed to get extension for extradata parameter
08-12 11:18:41.720 1189 5040 I ExtendedNuUtils: Both src and dst missing for bit-width
08-12 11:18:41.720 1189 5040 I ExtendedNuUtils: Overriding durationUs: with 64 bit src value 687500
08-12 11:18:41.720 1189 5040 I ExtendedNuUtils: Both src and dst missing for channel-mask
08-12 11:18:41.724 1182 1328 W AudioFlinger: createTrack_l(): mismatch between requested flags (00000002) and output flags (00000004)
08-12 11:18:41.760 2433 2488 I zygote64: Explicit concurrent copying GC freed 22087(2MB) AllocSpace objects, 2(40KB) LOS objects, 49% free, 3MB/6MB, paused 175us total 51.150ms
08-12 11:18:41.894 2122 2146 I zygote64: Explicit concurrent copying GC freed 236(56KB) AllocSpace objects, 2(40KB) LOS objects, 61% free, 941KB/2MB, paused 176us total 18.697ms
08-12 11:18:42.043 4758 4770 I zygote : Explicit concurrent copying GC freed 131(36KB) AllocSpace objects, 2(40KB) LOS objects, 35% free, 940KB/1452KB, paused 115us total 12.480ms
08-12 11:18:42.194 2850 4877 I zygote64: Explicit concurrent copying GC freed 3303(238KB) AllocSpace objects, 2(40KB) LOS objects, 24% free, 1638KB/2MB, paused 63us total 20.625ms
08-12 11:18:42.374 2319 4525 I zygote64: Explicit concurrent copying GC freed 12767(861KB) AllocSpace objects, 2(40KB) LOS objects, 25% free, 2MB/3MB, paused 213us total 61.844ms
08-12 11:18:42.524 2015 4876 I zygote64: Explicit concurrent copying GC freed 3028(248KB) AllocSpace objects, 2(40KB) LOS objects, 31% free, 1103KB/1615KB, paused 133us total 18.924ms
08-12 11:18:42.688 3580 3593 I zygote64: Explicit concurrent copying GC freed 6239(339KB) AllocSpace objects, 4(144KB) LOS objects, 49% free, 2MB/4MB, paused 122us total 26.396ms
08-12 11:18:42.775 917 1404 I Camera2ClientBase: Closed Camera 0. Client was: com.clover.android.barcode (PID 3580, UID 1000)
08-12 11:18:42.866 4532 4544 I zygote64: Explicit concurrent copying GC freed 256(69KB) AllocSpace objects, 2(40KB) LOS objects, 34% free, 977KB/1489KB, paused 101us total 11.720ms
08-12 11:18:43.011 2668 4856 I zygote64: Explicit concurrent copying GC freed 3020(195KB) AllocSpace objects, 2(40KB) LOS objects, 24% free, 2MB/2MB, paused 48us total 24.200ms
08-12 11:18:43.135 1189 1658 I ExtendedNuUtils: printFileName fd(7) -> /system/media/audio/ui/CloverButton.wav
08-12 11:18:43.165 1187 3881 E MM_OSAL : IsWAVADPCMFile: Error unknown format tag 3
08-12 11:18:43.168 1187 3881 E MM_OSAL : IsWAVADPCMFile: Error unknown format tag 3
08-12 11:18:43.170 1187 3881 I ExtendedExtractor: QTIParser is prefered .. flags 2
08-12 11:18:43.170 1187 3881 E MM_OSAL : IsWAVADPCMFile: Error unknown format tag 3
08-12 11:18:43.170 1187 3881 I ExtendedExtractor: ExtendedExtractor::create 0x0
08-12 11:18:43.171 2707 2719 I zygote64: Explicit concurrent copying GC freed 1850(137KB) AllocSpace objects, 2(40KB) LOS objects, 25% free, 1857KB/2MB, paused 67us total 32.740ms
08-12 11:18:43.191 1182 2829 I hash_map_utils: key: 'is_hw_dec_session_available' value: 'audio/raw'
08-12 11:18:43.199 1189 5061 W ExtendedACodec: Failed to get extension for extradata parameter
08-12 11:18:43.212 1189 5060 I ExtendedNuUtils: Both src and dst missing for bit-width
08-12 11:18:43.212 1189 5060 I ExtendedNuUtils: Overriding durationUs: with 64 bit src value 687500
08-12 11:18:43.212 1189 5060 I ExtendedNuUtils: Both src and dst missing for channel-mask
08-12 11:18:43.214 1182 2829 W AudioFlinger: createTrack_l(): mismatch between requested flags (00000002) and output flags (00000004)
08-12 11:18:43.325 2166 2902 I zygote64: Explicit concurrent copying GC freed 1758(141KB) AllocSpace objects, 2(40KB) LOS objects, 35% free, 938KB/1450KB, paused 70us total 15.529ms
08-12 11:18:43.455 4445 4457 I zygote64: Explicit concurrent copying GC freed 146(52KB) AllocSpace objects, 2(40KB) LOS objects, 35% free, 942KB/1454KB, paused 125us total 9.461ms
08-12 11:18:43.590 2290 2302 I zygote64: Explicit concurrent copying GC freed 1330(86KB) AllocSpace objects, 2(40KB) LOS objects, 29% free, 1251KB/1763KB, paused 48us total 15.276ms
08-12 11:18:43.743 2552 2564 I zygote64: Explicit concurrent copying GC freed 2265(200KB) AllocSpace objects, 2(40KB) LOS objects, 25% free, 1774KB/2MB, paused 208us total 40.801ms
08-12 11:18:43.970 1352 1440 W MediaPlayer: mediaplayer went away with unhandled events
08-12 11:18:43.984 2386 2489 I zygote64: Explicit concurrent copying GC freed 18893(1122KB) AllocSpace objects, 2(40KB) LOS objects, 24% free, 4MB/5MB, paused 78us total 79.137ms
08-12 11:18:44.160 2943 2955 I zygote64: Explicit concurrent copying GC freed 207(55KB) AllocSpace objects, 2(40KB) LOS objects, 35% free, 933KB/1445KB, paused 249us total 23.977ms
08-12 11:18:44.303 2653 2664 I zygote64: Explicit concurrent copying GC freed 122(52KB) AllocSpace objects, 2(40KB) LOS objects, 34% free, 959KB/1471KB, paused 70us total 9.762ms
08-12 11:18:44.443 2618 2633 I zygote64: Explicit concurrent copying GC freed 121(52KB) AllocSpace objects, 2(40KB) LOS objects, 35% free, 925KB/1437KB, paused 215us total 24.510ms
08-12 11:18:44.604 1925 2223 I zygote64: Explicit concurrent copying GC freed 51411(2MB) AllocSpace objects, 6(184KB) LOS objects, 49% free, 1725KB/3MB, paused 56us total 22.131ms
08-12 11:18:44.773 1910 1924 I zygote64: Explicit concurrent copying GC freed 1645(709KB) AllocSpace objects, 2(40KB) LOS objects, 62% free, 930KB/2MB, paused 276us total 17.082ms
08-12 11:18:44.958 1898 1909 I zygote64: Explicit concurrent copying GC freed 19643(935KB) AllocSpace objects, 2(40KB) LOS objects, 50% free, 2MB/4MB, paused 210us total 51.039ms
08-12 11:18:45.112 1883 1896 I zygote64: Explicit concurrent copying GC freed 1588(647KB) AllocSpace objects, 2(40KB) LOS objects, 62% free, 927KB/2MB, paused 277us total 28.070ms
08-12 11:18:45.276 1869 1888 I zygote64: Explicit concurrent copying GC freed 3415(842KB) AllocSpace objects, 8(288KB) LOS objects, 60% free, 998KB/2MB, paused 214us total 31.551ms
08-12 11:18:45.413 1855 1868 I zygote64: Explicit concurrent copying GC freed 15622(930KB) AllocSpace objects, 10(200KB) LOS objects, 60% free, 997KB/2MB, paused 47us total 8.661ms
08-12 11:18:45.591 1578 2348 I zygote64: Explicit concurrent copying GC freed 16238(761KB) AllocSpace objects, 6(120KB) LOS objects, 50% free, 1922KB/3MB, paused 124us total 48.768ms
08-12 11:18:45.847 1481 2963 I zygote64: Explicit concurrent copying GC freed 36022(1659KB) AllocSpace objects, 2(40KB) LOS objects, 49% free, 4MB/9MB, paused 175us total 103.562ms
08-12 11:18:46.041 1352 1954 I zygote64: Explicit concurrent copying GC freed 18700(1641KB) AllocSpace objects, 9(244KB) LOS objects, 42% free, 16MB/28MB, paused 70us total 51.937ms
08-12 11:18:46.539 4875 4875 W dumpsys : type=1400 audit(0.0:26): avc: denied { write } for path="pipe:[70198]" dev="pipefs" ino=70198 scontext=u:r:netd:s0 tcontext=u:r:system_server:s0 tclass=fifo_file permissive=0
08-12 11:18:47.495 1578 2348 W TelecomManager: Telecom Service not found.
08-12 11:18:43.129 4644 4644 I ViewRootImpl[SetupActivity]: playSoundEffect(): displayId=0, effectId=0, usage=0
08-12 11:18:47.526 1352 5005 I ActivityManager: Start proc 5098:com.android.printspooler/u0a38 for service com.android.printspooler/.model.PrintSpoolerService
08-12 11:18:47.706 1352 5005 I ProcessStatsService: Added stats: 2021-08-12-09-22-27, over +11m57s828ms
08-12 11:18:47.709 1352 5005 I ProcessStatsService: Added stats: 2021-08-12-06-22-00, over +3h0m27s52ms
08-12 11:18:47.714 1352 5005 I ProcessStatsService: Added stats: 2021-08-12-03-21-13, over +3h0m48s288ms
08-12 11:18:47.718 1352 5005 I ProcessStatsService: Added stats: 2021-08-12-02-17-00, over +1h3m31s149ms
08-12 11:18:47.721 1352 5005 I ProcessStatsService: Added stats: 2021-08-11-23-16-52, over +3h0m7s645ms
08-12 11:18:47.729 1352 5005 I ProcessStatsService: Added stats: 2021-08-11-20-16-52, over +3h0m0s47ms
08-12 11:18:47.733 1352 5005 I ProcessStatsService: Added stats: 2021-08-11-17-16-00, over +3h0m52s297ms
08-12 11:18:47.742 1352 5005 I ProcessStatsService: Added stats: 2021-08-11-10-43-21, over +3h0m39s20ms
08-12 11:18:47.888 1352 5005 D PermissionCache: checking android.permission.DUMP for uid=1000 => granted (977 us)
08-12 11:18:47.916 1352 1361 I zygote64: Background concurrent copying GC freed 209105(7MB) AllocSpace objects, 107(4MB) LOS objects, 42% free, 17MB/30MB, paused 119us total 110.471ms
08-12 11:18:47.919 4875 4875 W dumpsys : type=1400 audit(0.0:27): avc: denied { call } for scontext=u:r:system_server:s0 tcontext=u:r:storaged:s0 tclass=binder permissive=0
08-12 11:18:48.051 1352 1954 D UsbDeviceConnectionJNI: close
08-12 11:18:48.051 1352 1954 I UsbDescriptorParser: ---- isInputHeadset() prob:0.0%
08-12 11:18:48.051 1352 1954 I UsbDescriptorParser: ---- isOutputHeadset() prob:0.0%
08-12 11:18:48.052 1352 1954 E UsbDescriptorParser: Exception parsing USB descriptors.
08-12 11:18:48.052 1352 1954 E UsbDescriptorParser: java.lang.IndexOutOfBoundsException
08-12 11:18:48.052 1352 1954 E UsbDescriptorParser: at com.android.server.usb.descriptors.ByteStream.advance(ByteStream.java:194)
08-12 11:18:48.052 1352 1954 E UsbDescriptorParser: at com.android.server.usb.descriptors.UsbACAudioStreamEndpoint.parseRawDescriptors(UsbACAudioStreamEndpoint.java:36)
08-12 11:18:48.052 1352 1954 E UsbDescriptorParser: at com.android.server.usb.descriptors.UsbDescriptorParser.parseDescriptors(UsbDescriptorParser.java:162)
08-12 11:18:48.052 1352 1954 E UsbDescriptorParser: at com.android.server.usb.descriptors.UsbDescriptorParser.parseDevice(UsbDescriptorParser.java:184)
