2021-07-28 10:17:52.350 2177-2765/? I/DownloadRepositoryImpl: lambda$requestDownload$3$DownloadRepositoryImpl(DownloadRepositoryImpl.java:299)[updater-pool-3-thread-1]: Enqueuing download for application Customers
2021-07-28 10:17:52.416 1285-2159/? W/TelecomManager: Telecom Service not found.
2021-07-28 10:17:52.429 2010-3424/? D/DownloadManager: [476] Starting
2021-07-28 10:17:52.474 2010-3424/? D/NetworkSecurityConfig: No Network Security Config specified, using platform default
2021-07-28 10:17:53.061 2010-3424/? W/StorageManager: fallocate() not supported; falling back to ftruncate()
2021-07-28 10:17:53.188 1285-1364/? D/RecurrenceRule: Resolving using anchor
2021-07-28T10:17:53.187-04:00[America/New_York]
2021-07-28 10:17:53.194 1285-1364/? D/RecurrenceRule: Resolving using anchor
2021-07-28T10:17:53.194-04:00[America/New_York]
2021-07-28 10:17:53.200 1285-1364/? D/RecurrenceRule: Cycle 18 from 2021-07-26T00:00-04:00[America/New_York] to 2021-08-26T00:00-04:00[America/New_York]
2021-07-28 10:17:53.200 1285-1364/? D/NetworkStats: Resolving plan for NetworkTemplate: matchRule=MOBILE_ALL, subscriberId=310170..., matchSubscriberIds=[310170...]
2021-07-28 10:17:53.203 1285-1364/? D/NetworkStats: Found active matching subId 1
2021-07-28 10:17:53.209 1285-1364/? D/NetworkStats: Resolved to plan null
2021-07-28 10:17:55.781 1285-1364/? D/RecurrenceRule: Resolving using anchor
2021-07-28T10:17:55.781-04:00[America/New_York]
2021-07-28 10:17:55.792 1285-1364/? D/RecurrenceRule: Resolving using anchor
2021-07-28T10:17:55.792-04:00[America/New_York]
2021-07-28 10:17:55.801 1285-1364/? D/RecurrenceRule: Cycle 18 from 2021-07-26T00:00-04:00[America/New_York] to 2021-08-26T00:00-04:00[America/New_York]
2021-07-28 10:17:55.801 1285-1364/? D/NetworkStats: Resolving plan for NetworkTemplate: matchRule=MOBILE_ALL, subscriberId=310170..., matchSubscriberIds=[310170...]
2021-07-28 10:17:55.804 1285-1364/? D/NetworkStats: Found active matching subId 1
2021-07-28 10:17:55.810 1285-1364/? D/NetworkStats: Resolved to plan null
2021-07-28 10:17:58.578 1285-1364/? D/RecurrenceRule: Resolving using anchor
2021-07-28T10:17:58.578-04:00[America/New_York]
2021-07-28 10:17:58.585 1285-1364/? D/RecurrenceRule: Resolving using anchor
2021-07-28T10:17:58.585-04:00[America/New_York]
2021-07-28 10:17:58.594 1285-1364/? D/RecurrenceRule: Cycle 18 from 2021-07-26T00:00-04:00[America/New_York] to 2021-08-26T00:00-04:00[America/New_York]
2021-07-28 10:17:58.594 1285-1364/? D/NetworkStats: Resolving plan for NetworkTemplate: matchRule=MOBILE_ALL, subscriberId=310170..., matchSubscriberIds=[310170...]
2021-07-28 10:17:58.598 1285-1364/? D/NetworkStats: Found active matching subId 1
2021-07-28 10:17:58.610 1285-1364/? D/NetworkStats: Resolved to plan null
2021-07-28 10:18:00.108 1702-1702/? I/wpa_supplicant: RRM: Ignoring radio measurement request: Not RRM network
2021-07-28 10:18:00.209 2010-3424/? D/DownloadManager: [476] Finished with status SUCCESS
2021-07-28 10:18:00.263 2177-2177/? W/DownloadReceiver: onReceive(DownloadReceiver.java:45)[main]: Received download complete with status as 8
2021-07-28 10:18:00.266 2177-2765/? I/DownloadRepositoryImpl: lambda$observeDownload$4$DownloadRepositoryImpl(DownloadRepositoryImpl.java:331)[updater-pool-3-thread-1]: Successfully Downloaded app Customers
2021-07-28 10:18:00.283 1285-1563/? W/TelecomManager: Telecom Service not found.
2021-07-28 10:18:00.348 2177-2765/? I/DownloadRepositoryImpl: lambda$requestDownload$3$DownloadRepositoryImpl(DownloadRepositoryImpl.java:299)[updater-pool-3-thread-1]: Enqueuing download for application Notes
2021-07-28 10:18:00.383 1285-1563/? W/TelecomManager: Telecom Service not found.
2021-07-28 10:18:00.392 2010-3428/? D/DownloadManager: [477] Starting
2021-07-28 10:18:00.415 2010-3428/? D/NetworkSecurityConfig: No Network Security Config specified, using platform default
2021-07-28 10:18:00.969 2010-3428/? W/StorageManager: fallocate() not supported; falling back to ftruncate()
2021-07-28 10:18:01.615 1285-1364/? D/RecurrenceRule: Resolving using anchor
2021-07-28T10:18:01.614-04:00[America/New_York]
2021-07-28 10:18:01.621 1285-1364/? D/RecurrenceRule: Resolving using anchor
2021-07-28T10:18:01.620-04:00[America/New_York]
2021-07-28 10:18:01.626 1285-1364/? D/RecurrenceRule: Cycle 18 from 2021-07-26T00:00-04:00[America/New_York] to 2021-08-26T00:00-04:00[America/New_York]
2021-07-28 10:18:01.626 1285-1364/? D/NetworkStats: Resolving plan for NetworkTemplate: matchRule=MOBILE_ALL, subscriberId=310170..., matchSubscriberIds=[310170...]
2021-07-28 10:18:01.629 1285-1364/? D/NetworkStats: Found active matching subId 1
2021-07-28 10:18:01.634 1285-1364/? D/NetworkStats: Resolved to plan null
2021-07-28 10:18:04.400 1285-1364/? D/RecurrenceRule: Resolving using anchor
2021-07-28T10:18:04.400-04:00[America/New_York]
2021-07-28 10:18:04.404 1285-1364/? D/RecurrenceRule: Resolving using anchor
2021-07-28T10:18:04.404-04:00[America/New_York]
2021-07-28 10:18:04.408 1285-1364/? D/RecurrenceRule: Cycle 18 from 2021-07-26T00:00-04:00[America/New_York] to 2021-08-26T00:00-04:00[America/New_York]
2021-07-28 10:18:04.408 1285-1364/? D/NetworkStats: Resolving plan for NetworkTemplate: matchRule=MOBILE_ALL, subscriberId=310170..., matchSubscriberIds=[310170...]
2021-07-28 10:18:04.411 1285-1364/? D/NetworkStats: Found active matching subId 1
2021-07-28 10:18:04.416 1285-1364/? D/NetworkStats: Resolved to plan null
2021-07-28 10:18:06.718 2010-3428/? D/DownloadManager: [477] Finished with status SUCCESS
2021-07-28 10:18:06.765 2177-2177/? W/DownloadReceiver: onReceive(DownloadReceiver.java:45)[main]: Received download complete with status as 8
2021-07-28 10:18:06.769 2177-2765/? I/DownloadRepositoryImpl: lambda$observeDownload$4$DownloadRepositoryImpl(DownloadRepositoryImpl.java:331)[updater-pool-3-thread-1]: Successfully Downloaded app Notes
2021-07-28 10:18:06.788 1285-2159/? W/TelecomManager: Telecom Service not found.
2021-07-28 10:18:06.847 2010-3422/? V/DownloadManager: Deleting /storage/emulated/0/Android/data/com.clover.appupdater/files/Notes.apk via provider delete
2021-07-28 10:18:06.853 2010-3422/? D/MediaProvider: object removed 581
2021-07-28 10:18:06.902 2177-2765/? I/DownloadRepositoryImpl: lambda$requestDownload$3$DownloadRepositoryImpl(DownloadRepositoryImpl.java:299)[updater-pool-3-thread-1]: Enqueuing download for application Notes
2021-07-28 10:18:06.940 1285-1562/? W/TelecomManager: Telecom Service not found.
2021-07-28 10:18:06.942 2010-3432/? D/DownloadManager: [478] Starting
2021-07-28 10:18:06.970 2010-3432/? D/NetworkSecurityConfig: No Network Security Config specified, using platform default
2021-07-28 10:18:07.471 2010-3432/? W/StorageManager: fallocate() not supported; falling back to ftruncate()
2021-07-28 10:18:07.713 1285-1364/? D/RecurrenceRule: Resolving using anchor
2021-07-28T10:18:07.712-04:00[America/New_York]
2021-07-28 10:18:07.721 1285-1364/? D/RecurrenceRule: Resolving using anchor
2021-07-28T10:18:07.721-04:00[America/New_York]
2021-07-28 10:18:07.726 1285-1364/? D/RecurrenceRule: Cycle 18 from 2021-07-26T00:00-04:00[America/New_York] to 2021-08-26T00:00-04:00[America/New_York]
2021-07-28 10:18:07.726 1285-1364/? D/NetworkStats: Resolving plan for NetworkTemplate: matchRule=MOBILE_ALL, subscriberId=310170..., matchSubscriberIds=[310170...]
2021-07-28 10:18:07.729 1285-1364/? D/NetworkStats: Found active matching subId 1
2021-07-28 10:18:07.734 1285-1364/? D/NetworkStats: Resolved to plan null
2021-07-28 10:18:10.220 1285-1364/? D/RecurrenceRule: Resolving using anchor
2021-07-28T10:18:10.220-04:00[America/New_York]
2021-07-28 10:18:10.228 1285-1364/? D/RecurrenceRule: Resolving using anchor
2021-07-28T10:18:10.227-04:00[America/New_York]
2021-07-28 10:18:10.235 1285-1364/? D/RecurrenceRule: Cycle 18 from 2021-07-26T00:00-04:00[America/New_York] to 2021-08-26T00:00-04:00[America/New_York]
2021-07-28 10:18:10.235 1285-1364/? D/NetworkStats: Resolving plan for NetworkTemplate: matchRule=MOBILE_ALL, subscriberId=310170..., matchSubscriberIds=[310170...]
2021-07-28 10:18:10.239 1285-1364/? D/NetworkStats: Found active matching subId 1
2021-07-28 10:18:10.244 1285-1364/? D/NetworkStats: Resolved to plan null
2021-07-28 10:18:12.976 1285-1364/? D/RecurrenceRule: Resolving using anchor
2021-07-28T10:18:12.976-04:00[America/New_York]
2021-07-28 10:18:12.982 1285-1364/? D/RecurrenceRule: Resolving using anchor
2021-07-28T10:18:12.982-04:00[America/New_York]
2021-07-28 10:18:12.987 1285-1364/? D/RecurrenceRule: Cycle 18 from 2021-07-26T00:00-04:00[America/New_York] to 2021-08-26T00:00-04:00[America/New_York]
2021-07-28 10:18:12.987 1285-1364/? D/NetworkStats: Resolving plan for NetworkTemplate: matchRule=MOBILE_ALL, subscriberId=310170..., matchSubscriberIds=[310170...]
2021-07-28 10:18:12.990 1285-1364/? D/NetworkStats: Found active matching subId 1
2021-07-28 10:18:12.995 1285-1364/? D/NetworkStats: Resolved to plan null
2021-07-28 10:18:13.279 2010-3432/? D/DownloadManager: [478] Finished with status SUCCESS
2021-07-28 10:18:13.328 2177-2177/? W/DownloadReceiver: onReceive(DownloadReceiver.java:45)[main]: Received download complete with status as 8
2021-07-28 10:18:13.331 2177-2765/? I/DownloadRepositoryImpl: lambda$observeDownload$4$DownloadRepositoryImpl(DownloadRepositoryImpl.java:331)[updater-pool-3-thread-1]: Successfully Downloaded app Notes
2021-07-28 10:18:13.347 1285-1881/? W/TelecomManager: Telecom Service not found.
2021-07-28 10:18:13.419 2010-2966/? V/DownloadManager: Deleting /storage/emulated/0/Android/data/com.clover.appupdater/files/Notes.apk via provider delete
2021-07-28 10:18:13.426 2010-2966/? D/MediaProvider: object removed 582
2021-07-28 10:18:13.452 2073-3436/? I/CloverOkHttpClient: execute(CloverOkHttpClient.java:204)[IntentService[com.clover.engine.analytics.AnalyticsService]]: Starting method: POST, to URL: https://apisandbox.dev.clover.com/v2/internal/analytics
2021-07-28 10:18:13.478 2177-2765/? I/DownloadRepositoryImpl: lambda$requestDownload$3$DownloadRepositoryImpl(DownloadRepositoryImpl.java:299)[updater-pool-3-thread-1]: Enqueuing download for application Notes
2021-07-28 10:18:13.518 1285-1296/? W/TelecomManager: Telecom Service not found.
2021-07-28 10:18:13.524 2010-3437/? D/DownloadManager: [479] Starting
2021-07-28 10:18:13.544 2010-3437/? D/NetworkSecurityConfig: No Network Security Config specified, using platform default
2021-07-28 10:18:13.757 2073-3436/? I/CloverOkHttpClient: execute(CloverOkHttpClient.java:256)[IntentService[com.clover.engine.analytics.AnalyticsService]]: Completed method: POST, to URL: https://apisandbox.dev.clover.com/v2/internal/analytics, response: 200 (OK), elapsed time: 304ms
2021-07-28 10:18:14.066 2010-3437/? W/StorageManager: fallocate() not supported; falling back to ftruncate()
2021-07-28 10:18:16.109 1285-1364/? D/RecurrenceRule: Resolving using anchor
2021-07-28T10:18:16.109-04:00[America/New_York]
2021-07-28 10:18:16.120 1285-1364/? D/RecurrenceRule: Resolving using anchor
2021-07-28T10:18:16.119-04:00[America/New_York]
2021-07-28 10:18:16.125 1285-1364/? D/RecurrenceRule: Cycle 18 from 2021-07-26T00:00-04:00[America/New_York] to 2021-08-26T00:00-04:00[America/New_York]
2021-07-28 10:18:16.125 1285-1364/? D/NetworkStats: Resolving plan for NetworkTemplate: matchRule=MOBILE_ALL, subscriberId=310170..., matchSubscriberIds=[310170...]
2021-07-28 10:18:16.129 1285-1364/? D/NetworkStats: Found active matching subId 1
2021-07-28 10:18:16.134 1285-1364/? D/NetworkStats: Resolved to plan null
2021-07-28 10:18:18.958 1285-1364/? D/RecurrenceRule: Resolving using anchor
2021-07-28T10:18:18.957-04:00[America/New_York]
2021-07-28 10:18:18.969 1285-1364/? D/RecurrenceRule: Resolving using anchor
2021-07-28T10:18:18.968-04:00[America/New_York]
2021-07-28 10:18:18.978 1285-1364/? D/RecurrenceRule: Cycle 18 from 2021-07-26T00:00-04:00[America/New_York] to 2021-08-26T00:00-04:00[America/New_York]
2021-07-28 10:18:18.979 1285-1364/? D/NetworkStats: Resolving plan for NetworkTemplate: matchRule=MOBILE_ALL, subscriberId=310170..., matchSubscriberIds=[310170...]
2021-07-28 10:18:18.982 1285-1364/? D/NetworkStats: Found active matching subId 1
2021-07-28 10:18:18.988 1285-1364/? D/NetworkStats: Resolved to plan null
2021-07-28 10:18:19.878 2010-3437/? D/DownloadManager: [479] Finished with status SUCCESS
2021-07-28 10:18:19.921 2177-2177/? W/DownloadReceiver: onReceive(DownloadReceiver.java:45)[main]: Received download complete with status as 8
2021-07-28 10:18:19.925 2177-2765/? I/DownloadRepositoryImpl: lambda$observeDownload$4$DownloadRepositoryImpl(DownloadRepositoryImpl.java:331)[updater-pool-3-thread-1]: Successfully Downloaded app Notes
2021-07-28 10:18:19.941 1285-1562/? W/TelecomManager: Telecom Service not found.
2021-07-28 10:18:20.016 2010-2966/? V/DownloadManager: Deleting /storage/emulated/0/Android/data/com.clover.appupdater/files/Notes.apk via provider delete
2021-07-28 10:18:20.022 2010-2966/? D/MediaProvider: object removed 583
2021-07-28 10:18:20.025 1419-1449/? W/zygote64: Checksum mismatch for dex SystemUI.apk
2021-07-28 10:18:20.025 1419-1449/? W/zygote64: Checksum mismatch for dex SystemUI.apk
2021-07-28 10:18:20.046 1285-1296/? W/TelecomManager: Telecom Service not found.
2021-07-28 10:18:20.048 2177-2765/? I/AppInstallerService: cleanupAndStop(AppInstallerService.java:244)[updater-pool-3-thread-1]: Cleanup and stop on state UPDATE_ERROR
2021-07-28 10:18:20.091 2177-2182/? I/zygote64: Do partial code cache collection, code=28KB, data=23KB
2021-07-28 10:18:20.091 2177-2765/? I/AppsPoster: post(AppsPoster.java:61)[updater-pool-3-thread-1]: equal, NOT posting
2021-07-28 10:18:20.091 2177-2182/? I/zygote64: After code cache collection, code=27KB, data=23KB
2021-07-28 10:18:20.091 2177-2182/? I/zygote64: Increasing code cache capacity to 128KB
2021-07-28 10:18:20.102 1285-1285/? W/TelecomManager: Telecom Service not found.
2021-07-28 10:18:20.104 1285-1285/? W/TelecomManager: Telecom Service not found.
2021-07-28 10:18:20.107 1419-1419/? I/zygote64: Deoptimizing void com.android.systemui.statusbar.stack.NotificationStackScrollLayout.updateContentHeight() due to JIT inline cache
2021-07-28 10:18:20.117 1419-1419/? I/zygote64: Deoptimizing void com.android.systemui.statusbar.NotificationContentView.selectLayout(boolean, boolean) due to JIT inline cache
2021-07-28 10:18:20.119 1419-1419/? I/zygote64: Deoptimizing float com.android.systemui.statusbar.stack.StackScrollAlgorithm.updateChildZValue(int, float, com.android.systemui.statusbar.stack.StackScrollState, com.android.systemui.statusbar.stack.StackScrollAlgorithm$StackScrollAlgorithmState, com.android.systemui.statusbar.stack.AmbientState) due to JIT inline cache
2021-07-28 10:18:20.119 1419-1419/? I/zygote64: Deoptimizing void com.android.systemui.statusbar.stack.StackScrollAlgorithm.updateClipping(com.android.systemui.statusbar.stack.StackScrollState, com.android.systemui.statusbar.stack.StackScrollAlgorithm$StackScrollAlgorithmState, com.android.systemui.statusbar.stack.AmbientState) due to JIT inline cache
2021-07-28 10:18:20.124 1419-1419/? I/zygote64: Deoptimizing void com.android.systemui.statusbar.stack.ExpandableViewState.applyToView(android.view.View) due to JIT same target
2021-07-28 10:18:20.125 1419-1419/? I/zygote64: Deoptimizing int com.android.systemui.statusbar.stack.NotificationStackScrollLayout$6.compare(com.android.systemui.statusbar.ExpandableView, com.android.systemui.statusbar.ExpandableView) due to JIT inline cache
2021-07-28 10:18:20.125 1419-1419/? I/zygote64: Deoptimizing void com.android.systemui.statusbar.stack.NotificationStackScrollLayout.updateViewShadows() due to JIT inline cache
2021-07-28 10:18:23.968 1702-1702/? I/wpa_supplicant: RRM: Ignoring radio measurement request: Not RRM network
2021-07-28 10:18:42.604 1702-1702/? I/chatty: uid=1010(wifi) /vendor/bin/hw/wpa_supplicant identical 2 lines
2021-07-28 10:18:42.607 1702-1702/? I/wpa_supplicant: RRM: Ignoring radio measurement request: Not RRM network
2021-07-28 10:19:00.051 1419-1449/? W/zygote64: Checksum mismatch for dex SystemUI.apk
2021-07-28 10:19:00.051 1419-1449/? W/zygote64: Checksum mismatch for dex SystemUI.apk
2021-07-28 10:19:03.802 1702-1702/? I/wpa_supplicant: RRM: Ignoring radio measurement request: Not RRM network
2021-07-28 10:19:26.023 1702-1702/? I/chatty: uid=1010(wifi) /vendor/bin/hw/wpa_supplicant identical 1 line
2021-07-28 10:19:26.025 1702-1702/? I/wpa_supplicant: RRM: Ignoring radio measurement request: Not RRM network
2021-07-28 10:19:31.821 1285-1302/? I/WifiService: requestActivityInfo uid=1000
2021-07-28 10:19:31.822 1285-1302/? I/WifiService: reportActivityInfo uid=1000
2021-07-28 10:19:31.822 1285-1302/? I/WifiService: getSupportedFeatures uid=1000
2021-07-28 10:19:34.702 1285-1294/? I/zygote64: Background concurrent copying GC freed 124930(6MB) AllocSpace objects, 0(0B) LOS objects, 42% free, 8MB/15MB, paused 397us total 118.222ms
2021-07-28 10:19:36.683 1285-1370/? I/WifiService: isScanAlwaysAvailable uid=1000
2021-07-28 10:19:36.683 1285-1370/? I/WifiService: getWifiEnabledState uid=1000